[Wed Jun 19 13:17:09.745502 2024] [cgi:error] [pid 5196:tid 1128] [client 185.191.127.212:54028] AH02811: script not found or unable to stat: C:/Apache24/cgi-bin/luci
[Wed Jun 19 14:34:35.844404 2024] [cgi:error] [pid 5196:tid 1128] [client 185.191.127.212:43516] AH02811: script not found or unable to stat: C:/Apache24/cgi-bin/luci
[Wed Jun 19 14:47:38.290591 2024] [cgi:error] [pid 5196:tid 1140] [client 45.148.10.174:34648] AH02811: script not found or unable to stat: C:/Apache24/cgi-bin/luci
[Wed Jun 19 14:47:38.426571 2024] [cgi:error] [pid 5196:tid 1128] [client 45.148.10.174:34658] AH02811: script not found or unable to stat: C:/Apache24/cgi-bin/luci
[Wed Jun 19 16:37:34.866354 2024] [mpm_winnt:notice] [pid 3448:tid 728] AH00422: Parent: Received shutdown signal -- Shutting down the server.
[Wed Jun 19 16:37:36.897228 2024] [mpm_winnt:notice] [pid 5196:tid 524] AH00364: Child: All worker threads have exited.
[Wed Jun 19 16:38:32.246089 2024] [core:warn] [pid 3384:tid 676] AH00098: pid file C:/Apache24/logs/httpd.pid overwritten -- Unclean shutdown of previous Apache run?
[Wed Jun 19 16:38:32.266037 2024] [mpm_winnt:notice] [pid 3384:tid 676] AH00455: Apache/2.4.46 (Win64) configured -- resuming normal operations
[Wed Jun 19 16:38:32.266037 2024] [mpm_winnt:notice] [pid 3384:tid 676] AH00456: Apache Lounge VS16 Server built: Dec 9 2020 13:42:35
[Wed Jun 19 16:38:32.266037 2024] [core:notice] [pid 3384:tid 676] AH00094: Command line: 'C:\\Apache24\\bin\\httpd.exe -d C:/Apache24'
[Wed Jun 19 16:38:32.267033 2024] [mpm_winnt:notice] [pid 3384:tid 676] AH00418: Parent: Created child process 5968
[Wed Jun 19 16:38:32.555870 2024] [mpm_winnt:notice] [pid 5968:tid 688] AH00354: Child: Starting 64 worker threads.
[Wed Jun 19 16:40:08.762930 2024] [mpm_winnt:notice] [pid 3384:tid 676] AH00422: Parent: Received shutdown signal -- Shutting down the server.
[Wed Jun 19 16:40:10.793803 2024] [mpm_winnt:notice] [pid 5968:tid 688] AH00364: Child: All worker threads have exited.
[Wed Jun 19 16:40:10.809423 2024] [mpm_winnt:notice] [pid 3384:tid 676] AH00430: Parent: Child process 5968 exited successfully.
[Thu Jun 20 08:07:11.150996 2024] [mpm_winnt:notice] [pid 3508:tid 520] AH00455: Apache/2.4.46 (Win64) configured -- resuming normal operations
[Thu Jun 20 08:07:11.156980 2024] [mpm_winnt:notice] [pid 3508:tid 520] AH00456: Apache Lounge VS16 Server built: Dec 9 2020 13:42:35
[Thu Jun 20 08:07:11.156980 2024] [core:notice] [pid 3508:tid 520] AH00094: Command line: 'C:\\Apache24\\bin\\httpd.exe -d C:/Apache24'
[Thu Jun 20 08:07:11.157977 2024] [mpm_winnt:notice] [pid 3508:tid 520] AH00418: Parent: Created child process 3776
[Thu Jun 20 08:07:12.212424 2024] [mpm_winnt:notice] [pid 3776:tid 696] AH00354: Child: Starting 64 worker threads.
[Thu Jun 20 08:09:04.711969 2024] [mpm_winnt:notice] [pid 3508:tid 520] AH00422: Parent: Received shutdown signal -- Shutting down the server.
[Thu Jun 20 08:09:06.742778 2024] [mpm_winnt:notice] [pid 3776:tid 696] AH00364: Child: All worker threads have exited.
[Thu Jun 20 08:09:06.758440 2024] [mpm_winnt:notice] [pid 3508:tid 520] AH00430: Parent: Child process 3776 exited successfully.
[Thu Jun 20 08:10:00.685693 2024] [mpm_winnt:notice] [pid 3500:tid 812] AH00455: Apache/2.4.46 (Win64) configured -- resuming normal operations
[Thu Jun 20 08:10:00.701314 2024] [mpm_winnt:notice] [pid 3500:tid 812] AH00456: Apache Lounge VS16 Server built: Dec 9 2020 13:42:35
[Thu Jun 20 08:10:00.701314 2024] [core:notice] [pid 3500:tid 812] AH00094: Command line: 'C:\\Apache24\\bin\\httpd.exe -d C:/Apache24'
[Thu Jun 20 08:10:00.701314 2024] [mpm_winnt:notice] [pid 3500:tid 812] AH00418: Parent: Created child process 5292
[Thu Jun 20 08:10:02.056914 2024] [mpm_winnt:notice] [pid 5292:tid 584] AH00354: Child: Starting 64 worker threads.
[Thu Jun 20 08:34:26.614698 2024] [cgi:error] [pid 5292:tid 1140] [client 185.191.127.212:48540] AH02811: script not found or unable to stat: C:/Apache24/cgi-bin/luci
[Thu Jun 20 09:07:05.185641 2024] [cgi:error] [pid 5292:tid 1140] [client 185.191.127.212:47266] AH02811: script not found or unable to stat: C:/Apache24/cgi-bin/luci
[Thu Jun 20 10:16:45.136268 2024] [core:warn] [pid 3104:tid 572] AH00098: pid file C:/Apache24/logs/httpd.pid overwritten -- Unclean shutdown of previous Apache run?
[Thu Jun 20 10:16:45.167511 2024] [mpm_winnt:notice] [pid 3104:tid 572] AH00455: Apache/2.4.46 (Win64) configured -- resuming normal operations
[Thu Jun 20 10:16:45.167511 2024] [mpm_winnt:notice] [pid 3104:tid 572] AH00456: Apache Lounge VS16 Server built: Dec 9 2020 13:42:35
[Thu Jun 20 10:16:45.167511 2024] [core:notice] [pid 3104:tid 572] AH00094: Command line: 'C:\\Apache24\\bin\\httpd.exe -d C:/Apache24'
[Thu Jun 20 10:16:45.167511 2024] [mpm_winnt:notice] [pid 3104:tid 572] AH00418: Parent: Created child process 4504
[Thu Jun 20 10:16:45.898087 2024] [mpm_winnt:notice] [pid 4504:tid 564] AH00354: Child: Starting 64 worker threads.
[Thu Jun 20 10:43:42.122191 2024] [cgi:error] [pid 4504:tid 1140] [client 185.191.127.212:40392] AH02811: script not found or unable to stat: C:/Apache24/cgi-bin/luci
[Thu Jun 20 11:01:50.845127 2024] [cgi:error] [pid 4504:tid 1132] [client 45.148.10.174:34436] AH02811: script not found or unable to stat: C:/Apache24/cgi-bin/luci
[Thu Jun 20 11:01:50.999928 2024] [cgi:error] [pid 4504:tid 1140] [client 45.148.10.174:34446] AH02811: script not found or unable to stat: C:/Apache24/cgi-bin/luci
[Thu Jun 20 11:58:58.908502 2024] [cgi:error] [pid 4504:tid 1136] [client 185.191.127.212:50372] AH02811: script not found or unable to stat: C:/Apache24/cgi-bin/luci
[Thu Jun 20 12:48:58.582773 2024] [cgi:error] [pid 4504:tid 1136] [client 185.191.127.212:40030] AH02811: script not found or unable to stat: C:/Apache24/cgi-bin/luci
[Thu Jun 20 13:41:53.544939 2024] [cgi:error] [pid 4504:tid 1132] [client 185.191.127.212:40710] AH02811: script not found or unable to stat: C:/Apache24/cgi-bin/luci
[Thu Jun 20 14:48:16.702239 2024] [cgi:error] [pid 4504:tid 1132] [client 45.148.10.174:34458] AH02811: script not found or unable to stat: C:/Apache24/cgi-bin/luci
[Thu Jun 20 14:48:16.906569 2024] [cgi:error] [pid 4504:tid 1140] [client 45.148.10.174:34472] AH02811: script not found or unable to stat: C:/Apache24/cgi-bin/luci
[Thu Jun 20 15:06:15.275410 2024] [cgi:error] [pid 4504:tid 1136] [client 185.191.127.212:40188] AH02811: script not found or unable to stat: C:/Apache24/cgi-bin/luci
[Thu Jun 20 16:23:47.585207 2024] [cgi:error] [pid 4504:tid 1140] [client 185.191.127.212:53644] AH02811: script not found or unable to stat: C:/Apache24/cgi-bin/luci
[Thu Jun 20 16:47:01.244775 2024] [mpm_winnt:notice] [pid 3104:tid 572] AH00422: Parent: Received shutdown signal -- Shutting down the server.
[Thu Jun 20 16:47:03.275622 2024] [mpm_winnt:notice] [pid 4504:tid 564] AH00364: Child: All worker threads have exited.
[Fri Jun 21 08:29:21.015442 2024] [core:warn] [pid 3436:tid 680] AH00098: pid file C:/Apache24/logs/httpd.pid overwritten -- Unclean shutdown of previous Apache run?
[Fri Jun 21 08:29:21.023420 2024] [mpm_winnt:notice] [pid 3436:tid 680] AH00455: Apache/2.4.46 (Win64) configured -- resuming normal operations
[Fri Jun 21 08:29:21.023420 2024] [mpm_winnt:notice] [pid 3436:tid 680] AH00456: Apache Lounge VS16 Server built: Dec 9 2020 13:42:35
[Fri Jun 21 08:29:21.023420 2024] [core:notice] [pid 3436:tid 680] AH00094: Command line: 'C:\\Apache24\\bin\\httpd.exe -d C:/Apache24'
[Fri Jun 21 08:29:21.024418 2024] [mpm_winnt:notice] [pid 3436:tid 680] AH00418: Parent: Created child process 5604
[Fri Jun 21 08:29:21.690636 2024] [mpm_winnt:notice] [pid 5604:tid 608] AH00354: Child: Starting 64 worker threads.
[Fri Jun 21 09:04:57.443528 2024] [cgi:error] [pid 5604:tid 1140] [client 185.191.127.212:37772] AH02811: script not found or unable to stat: C:/Apache24/cgi-bin/luci
[Fri Jun 21 10:11:27.416457 2024] [cgi:error] [pid 5604:tid 1132] [client 185.191.127.212:46554] AH02811: script not found or unable to stat: C:/Apache24/cgi-bin/luci
[Fri Jun 21 10:58:59.881113 2024] [core:warn] [pid 3112:tid 704] AH00098: pid file C:/Apache24/logs/httpd.pid overwritten -- Unclean shutdown of previous Apache run?
[Fri Jun 21 10:58:59.910035 2024] [mpm_winnt:notice] [pid 3112:tid 704] AH00455: Apache/2.4.46 (Win64) configured -- resuming normal operations
[Fri Jun 21 10:58:59.910035 2024] [mpm_winnt:notice] [pid 3112:tid 704] AH00456: Apache Lounge VS16 Server built: Dec 9 2020 13:42:35
[Fri Jun 21 10:58:59.910035 2024] [core:notice] [pid 3112:tid 704] AH00094: Command line: 'C:\\Apache24\\bin\\httpd.exe -d C:/Apache24'
[Fri Jun 21 10:58:59.911033 2024] [mpm_winnt:notice] [pid 3112:tid 704] AH00418: Parent: Created child process 5184
[Fri Jun 21 10:59:00.479096 2024] [mpm_winnt:notice] [pid 5184:tid 576] AH00354: Child: Starting 64 worker threads.
[Fri Jun 21 11:58:14.984831 2024] [cgi:error] [pid 5184:tid 1136] [client 185.191.127.212:35696] AH02811: script not found or unable to stat: C:/Apache24/cgi-bin/luci
[Fri Jun 21 13:11:44.303728 2024] [cgi:error] [pid 5184:tid 1132] [client 185.191.127.212:48098] AH02811: script not found or unable to stat: C:/Apache24/cgi-bin/luci
[Fri Jun 21 13:53:19.301391 2024] [cgi:error] [pid 5184:tid 1132] [client 185.191.127.212:51462] AH02811: script not found or unable to stat: C:/Apache24/cgi-bin/luci
[Fri Jun 21 14:07:13.185132 2024] [cgi:error] [pid 5184:tid 1136] [client 35.205.205.158:38036] AH02812: attempt to invoke directory as script: C:/Apache24/cgi-bin/
[Fri Jun 21 15:07:25.896014 2024] [cgi:error] [pid 5184:tid 1136] [client 185.191.127.212:33234] AH02811: script not found or unable to stat: C:/Apache24/cgi-bin/luci
[Fri Jun 21 15:51:45.453406 2024] [cgi:error] [pid 5184:tid 1140] [client 185.191.127.212:58882] AH02811: script not found or unable to stat: C:/Apache24/cgi-bin/luci
[Fri Jun 21 16:27:06.492084 2024] [mpm_winnt:notice] [pid 3112:tid 704] AH00422: Parent: Received shutdown signal -- Shutting down the server.
[Fri Jun 21 16:27:08.522959 2024] [mpm_winnt:notice] [pid 5184:tid 576] AH00364: Child: All worker threads have exited.
[Mon Jun 24 08:06:58.138963 2024] [core:warn] [pid 3180:tid 556] AH00098: pid file C:/Apache24/logs/httpd.pid overwritten -- Unclean shutdown of previous Apache run?
[Mon Jun 24 08:06:58.156915 2024] [mpm_winnt:notice] [pid 3180:tid 556] AH00455: Apache/2.4.46 (Win64) configured -- resuming normal operations
[Mon Jun 24 08:06:58.156915 2024] [mpm_winnt:notice] [pid 3180:tid 556] AH00456: Apache Lounge VS16 Server built: Dec 9 2020 13:42:35
[Mon Jun 24 08:06:58.156915 2024] [core:notice] [pid 3180:tid 556] AH00094: Command line: 'C:\\Apache24\\bin\\httpd.exe -d C:/Apache24'
[Mon Jun 24 08:06:58.157913 2024] [mpm_winnt:notice] [pid 3180:tid 556] AH00418: Parent: Created child process 5148
[Mon Jun 24 08:06:58.675561 2024] [mpm_winnt:notice] [pid 5148:tid 572] AH00354: Child: Starting 64 worker threads.
[Mon Jun 24 08:27:21.908996 2024] [cgi:error] [pid 5148:tid 1140] [client 185.191.127.212:60170] AH02811: script not found or unable to stat: C:/Apache24/cgi-bin/luci
[Mon Jun 24 09:16:36.942049 2024] [cgi:error] [pid 5148:tid 1136] [client 141.98.83.197:49218] AH02811: script not found or unable to stat: C:/Apache24/cgi-bin/luci
[Mon Jun 24 09:16:37.106189 2024] [cgi:error] [pid 5148:tid 1132] [client 141.98.83.197:49230] AH02811: script not found or unable to stat: C:/Apache24/cgi-bin/luci
[Mon Jun 24 10:04:17.841764 2024] [cgi:error] [pid 5148:tid 1132] [client 185.191.127.212:41286] AH02811: script not found or unable to stat: C:/Apache24/cgi-bin/luci
[Mon Jun 24 10:54:00.224167 2024] [cgi:error] [pid 5148:tid 1132] [client 45.148.10.174:46342] AH02811: script not found or unable to stat: C:/Apache24/cgi-bin/luci
[Mon Jun 24 10:54:00.380041 2024] [cgi:error] [pid 5148:tid 1140] [client 45.148.10.174:46356] AH02811: script not found or unable to stat: C:/Apache24/cgi-bin/luci
[Mon Jun 24 11:22:22.655361 2024] [cgi:error] [pid 5148:tid 1132] [client 185.191.127.212:43828] AH02811: script not found or unable to stat: C:/Apache24/cgi-bin/luci
[Mon Jun 24 11:51:47.236377 2024] [cgi:error] [pid 5148:tid 1132] [client 185.191.127.212:55924] AH02811: script not found or unable to stat: C:/Apache24/cgi-bin/luci
[Mon Jun 24 12:08:26.428548 2024] [cgi:error] [pid 5148:tid 1136] [client 141.98.83.197:50528] AH02811: script not found or unable to stat: C:/Apache24/cgi-bin/luci
[Mon Jun 24 12:08:26.588415 2024] [cgi:error] [pid 5148:tid 1140] [client 141.98.83.197:50542] AH02811: script not found or unable to stat: C:/Apache24/cgi-bin/luci
[Mon Jun 24 13:00:46.695650 2024] [cgi:error] [pid 5148:tid 1140] [client 185.191.127.212:37688] AH02811: script not found or unable to stat: C:/Apache24/cgi-bin/luci
[Mon Jun 24 13:04:24.399811 2024] [cgi:error] [pid 5148:tid 1132] [client 45.148.10.174:41928] AH02811: script not found or unable to stat: C:/Apache24/cgi-bin/luci
[Mon Jun 24 13:04:24.540239 2024] [cgi:error] [pid 5148:tid 1136] [client 45.148.10.174:41936] AH02811: script not found or unable to stat: C:/Apache24/cgi-bin/luci
[Mon Jun 24 13:09:21.895584 2024] [cgi:error] [pid 5148:tid 1140] [client 141.98.83.197:55448] AH02811: script not found or unable to stat: C:/Apache24/cgi-bin/luci
[Mon Jun 24 13:09:22.057603 2024] [cgi:error] [pid 5148:tid 1136] [client 141.98.83.197:55468] AH02811: script not found or unable to stat: C:/Apache24/cgi-bin/luci
[Mon Jun 24 14:34:21.717003 2024] [cgi:error] [pid 5148:tid 1140] [client 185.191.127.212:42632] AH02811: script not found or unable to stat: C:/Apache24/cgi-bin/luci
[Mon Jun 24 15:01:02.888753 2024] [cgi:error] [pid 5148:tid 1132] [client 185.191.127.212:35590] AH02811: script not found or unable to stat: C:/Apache24/cgi-bin/luci
[Mon Jun 24 15:11:37.898338 2024] [mpm_winnt:notice] [pid 3180:tid 556] AH00422: Parent: Received shutdown signal -- Shutting down the server.
[Mon Jun 24 15:11:39.929211 2024] [mpm_winnt:notice] [pid 5148:tid 572] AH00364: Child: All worker threads have exited.
[Mon Jun 24 15:12:38.963776 2024] [core:warn] [pid 3452:tid 832] AH00098: pid file C:/Apache24/logs/httpd.pid overwritten -- Unclean shutdown of previous Apache run?
[Mon Jun 24 15:12:38.976741 2024] [mpm_winnt:notice] [pid 3452:tid 832] AH00455: Apache/2.4.46 (Win64) configured -- resuming normal operations
[Mon Jun 24 15:12:38.976741 2024] [mpm_winnt:notice] [pid 3452:tid 832] AH00456: Apache Lounge VS16 Server built: Dec 9 2020 13:42:35
[Mon Jun 24 15:12:38.976741 2024] [core:notice] [pid 3452:tid 832] AH00094: Command line: 'C:\\Apache24\\bin\\httpd.exe -d C:/Apache24'
[Mon Jun 24 15:12:38.977739 2024] [mpm_winnt:notice] [pid 3452:tid 832] AH00418: Parent: Created child process 5136
[Mon Jun 24 15:12:39.891295 2024] [mpm_winnt:notice] [pid 5136:tid 656] AH00354: Child: Starting 64 worker threads.
[Mon Jun 24 15:24:38.790907 2024] [cgi:error] [pid 5136:tid 1136] [client 45.148.10.174:43378] AH02811: script not found or unable to stat: C:/Apache24/cgi-bin/luci
[Mon Jun 24 15:24:38.921801 2024] [cgi:error] [pid 5136:tid 1132] [client 45.148.10.174:43380] AH02811: script not found or unable to stat: C:/Apache24/cgi-bin/luci
[Mon Jun 24 15:48:41.099657 2024] [cgi:error] [pid 5136:tid 1144] [client 141.98.83.197:46006] AH02811: script not found or unable to stat: C:/Apache24/cgi-bin/luci
[Mon Jun 24 15:48:41.247166 2024] [cgi:error] [pid 5136:tid 1132] [client 141.98.83.197:46010] AH02811: script not found or unable to stat: C:/Apache24/cgi-bin/luci
[Mon Jun 24 16:17:09.873709 2024] [cgi:error] [pid 5136:tid 1132] [client 185.191.127.212:54328] AH02811: script not found or unable to stat: C:/Apache24/cgi-bin/luci
[Mon Jun 24 16:50:16.137129 2024] [cgi:error] [pid 5136:tid 1144] [client 141.98.83.197:48500] AH02811: script not found or unable to stat: C:/Apache24/cgi-bin/luci
[Mon Jun 24 16:50:16.453337 2024] [cgi:error] [pid 5136:tid 1132] [client 141.98.83.197:48516] AH02811: script not found or unable to stat: C:/Apache24/cgi-bin/luci
[Mon Jun 24 16:56:34.206434 2024] [cgi:error] [pid 5136:tid 1144] [client 45.148.10.174:39212] AH02811: script not found or unable to stat: C:/Apache24/cgi-bin/luci
[Mon Jun 24 16:56:34.361256 2024] [cgi:error] [pid 5136:tid 1132] [client 45.148.10.174:39220] AH02811: script not found or unable to stat: C:/Apache24/cgi-bin/luci
[Mon Jun 24 16:57:24.728225 2024] [mpm_winnt:notice] [pid 3452:tid 832] AH00422: Parent: Received shutdown signal -- Shutting down the server.
[Mon Jun 24 16:57:26.759098 2024] [mpm_winnt:notice] [pid 5136:tid 656] AH00364: Child: All worker threads have exited.
[Tue Jun 25 08:06:53.785931 2024] [core:warn] [pid 3524:tid 676] AH00098: pid file C:/Apache24/logs/httpd.pid overwritten -- Unclean shutdown of previous Apache run?
[Tue Jun 25 08:06:53.792913 2024] [mpm_winnt:notice] [pid 3524:tid 676] AH00455: Apache/2.4.46 (Win64) configured -- resuming normal operations
[Tue Jun 25 08:06:53.792913 2024] [mpm_winnt:notice] [pid 3524:tid 676] AH00456: Apache Lounge VS16 Server built: Dec 9 2020 13:42:35
[Tue Jun 25 08:06:53.792913 2024] [core:notice] [pid 3524:tid 676] AH00094: Command line: 'C:\\Apache24\\bin\\httpd.exe -d C:/Apache24'
[Tue Jun 25 08:06:53.793911 2024] [mpm_winnt:notice] [pid 3524:tid 676] AH00418: Parent: Created child process 5108
[Tue Jun 25 08:06:54.505009 2024] [mpm_winnt:notice] [pid 5108:tid 644] AH00354: Child: Starting 64 worker threads.
[Tue Jun 25 08:24:19.497103 2024] [cgi:error] [pid 5108:tid 1140] [client 141.98.83.197:43612] AH02811: script not found or unable to stat: C:/Apache24/cgi-bin/luci
[Tue Jun 25 08:24:19.663482 2024] [cgi:error] [pid 5108:tid 1132] [client 141.98.83.197:43614] AH02811: script not found or unable to stat: C:/Apache24/cgi-bin/luci
[Tue Jun 25 09:02:03.248856 2024] [cgi:error] [pid 5108:tid 1136] [client 185.191.127.212:35520] AH02811: script not found or unable to stat: C:/Apache24/cgi-bin/luci
[Tue Jun 25 09:28:25.652890 2024] [cgi:error] [pid 5108:tid 1132] [client 141.98.83.197:39452] AH02811: script not found or unable to stat: C:/Apache24/cgi-bin/luci
[Tue Jun 25 09:28:25.815916 2024] [cgi:error] [pid 5108:tid 1136] [client 141.98.83.197:39464] AH02811: script not found or unable to stat: C:/Apache24/cgi-bin/luci
[Tue Jun 25 10:04:24.769881 2024] [cgi:error] [pid 5108:tid 1132] [client 185.191.127.212:42578] AH02811: script not found or unable to stat: C:/Apache24/cgi-bin/luci
[Tue Jun 25 11:32:58.670170 2024] [cgi:error] [pid 5108:tid 1136] [client 185.191.127.212:46918] AH02811: script not found or unable to stat: C:/Apache24/cgi-bin/luci
[Tue Jun 25 12:18:27.401909 2024] [cgi:error] [pid 5108:tid 1136] [client 185.191.127.212:46392] AH02811: script not found or unable to stat: C:/Apache24/cgi-bin/luci
[Tue Jun 25 12:19:29.381775 2024] [cgi:error] [pid 5108:tid 1132] [client 141.98.83.197:37216] AH02811: script not found or unable to stat: C:/Apache24/cgi-bin/luci
[Tue Jun 25 12:19:29.729309 2024] [cgi:error] [pid 5108:tid 1136] [client 141.98.83.197:37218] AH02811: script not found or unable to stat: C:/Apache24/cgi-bin/luci
[Tue Jun 25 13:31:12.001799 2024] [cgi:error] [pid 5108:tid 1136] [client 185.191.127.212:57738] AH02811: script not found or unable to stat: C:/Apache24/cgi-bin/luci
[Tue Jun 25 13:54:03.932299 2024] [cgi:error] [pid 5108:tid 1132] [client 141.98.83.197:50476] AH02811: script not found or unable to stat: C:/Apache24/cgi-bin/luci
[Tue Jun 25 13:54:04.112649 2024] [cgi:error] [pid 5108:tid 1140] [client 141.98.83.197:50484] AH02811: script not found or unable to stat: C:/Apache24/cgi-bin/luci
[Tue Jun 25 14:07:18.199492 2024] [cgi:error] [pid 5108:tid 1136] [client 185.191.127.212:35260] AH02811: script not found or unable to stat: C:/Apache24/cgi-bin/luci
[Tue Jun 25 14:07:33.546707 2024] [cgi:error] [pid 5108:tid 1140] [client 45.148.10.174:48030] AH02811: script not found or unable to stat: C:/Apache24/cgi-bin/luci
[Tue Jun 25 14:07:34.619548 2024] [cgi:error] [pid 5108:tid 1132] [client 45.148.10.174:48034] AH02811: script not found or unable to stat: C:/Apache24/cgi-bin/luci
[Tue Jun 25 15:15:12.652613 2024] [cgi:error] [pid 5108:tid 1136] [client 185.191.127.212:49904] AH02811: script not found or unable to stat: C:/Apache24/cgi-bin/luci
[Tue Jun 25 16:51:21.831706 2024] [mpm_winnt:notice] [pid 3524:tid 676] AH00422: Parent: Received shutdown signal -- Shutting down the server.
[Tue Jun 25 16:51:23.862584 2024] [mpm_winnt:notice] [pid 5108:tid 644] AH00364: Child: All worker threads have exited.
[Wed Jun 26 07:58:14.912567 2024] [core:warn] [pid 3588:tid 704] AH00098: pid file C:/Apache24/logs/httpd.pid overwritten -- Unclean shutdown of previous Apache run?
[Wed Jun 26 07:58:14.969415 2024] [mpm_winnt:notice] [pid 3588:tid 704] AH00455: Apache/2.4.46 (Win64) configured -- resuming normal operations
[Wed Jun 26 07:58:14.969415 2024] [mpm_winnt:notice] [pid 3588:tid 704] AH00456: Apache Lounge VS16 Server built: Dec 9 2020 13:42:35
[Wed Jun 26 07:58:14.969415 2024] [core:notice] [pid 3588:tid 704] AH00094: Command line: 'C:\\Apache24\\bin\\httpd.exe -d C:/Apache24'
[Wed Jun 26 07:58:15.008311 2024] [mpm_winnt:notice] [pid 3588:tid 704] AH00418: Parent: Created child process 5336
[Wed Jun 26 07:58:15.877985 2024] [mpm_winnt:notice] [pid 5336:tid 648] AH00354: Child: Starting 64 worker threads.
[Wed Jun 26 08:21:14.790334 2024] [cgi:error] [pid 5336:tid 1136] [client 185.191.127.212:53262] AH02811: script not found or unable to stat: C:/Apache24/cgi-bin/luci
[Wed Jun 26 09:10:29.200353 2024] [cgi:error] [pid 5336:tid 1136] [client 141.98.83.197:43420] AH02811: script not found or unable to stat: C:/Apache24/cgi-bin/luci
[Wed Jun 26 09:10:29.366321 2024] [cgi:error] [pid 5336:tid 1132] [client 141.98.83.197:43436] AH02811: script not found or unable to stat: C:/Apache24/cgi-bin/luci
[Wed Jun 26 09:39:47.609086 2024] [cgi:error] [pid 5336:tid 1132] [client 185.191.127.212:52500] AH02811: script not found or unable to stat: C:/Apache24/cgi-bin/luci
[Wed Jun 26 10:29:32.153143 2024] [cgi:error] [pid 5336:tid 1132] [client 185.191.127.212:53408] AH02811: script not found or unable to stat: C:/Apache24/cgi-bin/luci
[Wed Jun 26 12:16:09.885469 2024] [cgi:error] [pid 5336:tid 1132] [client 45.148.10.174:55774] AH02811: script not found or unable to stat: C:/Apache24/cgi-bin/luci
[Wed Jun 26 12:16:10.017628 2024] [cgi:error] [pid 5336:tid 1136] [client 45.148.10.174:55790] AH02811: script not found or unable to stat: C:/Apache24/cgi-bin/luci
[Wed Jun 26 12:20:02.485615 2024] [cgi:error] [pid 5336:tid 1132] [client 185.191.127.212:53142] AH02811: script not found or unable to stat: C:/Apache24/cgi-bin/luci
[Wed Jun 26 13:50:50.726137 2024] [cgi:error] [pid 5336:tid 1132] [client 185.191.127.212:34424] AH02811: script not found or unable to stat: C:/Apache24/cgi-bin/luci
[Wed Jun 26 14:24:30.280326 2024] [cgi:error] [pid 5336:tid 1128] [client 185.191.127.212:37124] AH02811: script not found or unable to stat: C:/Apache24/cgi-bin/luci
[Wed Jun 26 15:35:32.203608 2024] [cgi:error] [pid 5336:tid 1136] [client 141.98.83.197:50790] AH02811: script not found or unable to stat: C:/Apache24/cgi-bin/luci
[Wed Jun 26 15:35:32.361735 2024] [cgi:error] [pid 5336:tid 1132] [client 141.98.83.197:50806] AH02811: script not found or unable to stat: C:/Apache24/cgi-bin/luci
[Wed Jun 26 16:27:14.226132 2024] [cgi:error] [pid 5336:tid 1136] [client 185.191.127.212:42050] AH02811: script not found or unable to stat: C:/Apache24/cgi-bin/luci
[Wed Jun 26 16:50:04.514017 2024] [mpm_winnt:notice] [pid 3588:tid 704] AH00422: Parent: Received shutdown signal -- Shutting down the server.
[Wed Jun 26 16:50:06.544890 2024] [mpm_winnt:notice] [pid 5336:tid 648] AH00364: Child: All worker threads have exited.
[Thu Jun 27 08:09:48.197451 2024] [core:warn] [pid 3540:tid 520] AH00098: pid file C:/Apache24/logs/httpd.pid overwritten -- Unclean shutdown of previous Apache run?
[Thu Jun 27 08:09:48.214406 2024] [mpm_winnt:notice] [pid 3540:tid 520] AH00455: Apache/2.4.46 (Win64) configured -- resuming normal operations
[Thu Jun 27 08:09:48.214406 2024] [mpm_winnt:notice] [pid 3540:tid 520] AH00456: Apache Lounge VS16 Server built: Dec 9 2020 13:42:35
[Thu Jun 27 08:09:48.214406 2024] [core:notice] [pid 3540:tid 520] AH00094: Command line: 'C:\\Apache24\\bin\\httpd.exe -d C:/Apache24'
[Thu Jun 27 08:09:48.215404 2024] [mpm_winnt:notice] [pid 3540:tid 520] AH00418: Parent: Created child process 5292
[Thu Jun 27 08:09:48.912539 2024] [mpm_winnt:notice] [pid 5292:tid 680] AH00354: Child: Starting 64 worker threads.
[Thu Jun 27 08:55:26.555871 2024] [cgi:error] [pid 5292:tid 1140] [client 185.191.127.212:36266] AH02811: script not found or unable to stat: C:/Apache24/cgi-bin/luci
[Thu Jun 27 09:03:19.486483 2024] [cgi:error] [pid 5292:tid 1132] [client 141.98.83.197:60840] AH02811: script not found or unable to stat: C:/Apache24/cgi-bin/luci
[Thu Jun 27 09:03:19.664982 2024] [cgi:error] [pid 5292:tid 1136] [client 141.98.83.197:60860] AH02811: script not found or unable to stat: C:/Apache24/cgi-bin/luci
[Thu Jun 27 09:22:46.895352 2024] [cgi:error] [pid 5292:tid 1128] [client 185.191.127.212:34312] AH02811: script not found or unable to stat: C:/Apache24/cgi-bin/luci
[Thu Jun 27 10:34:34.150324 2024] [cgi:error] [pid 5292:tid 1140] [client 185.191.127.212:43594] AH02811: script not found or unable to stat: C:/Apache24/cgi-bin/luci
[Thu Jun 27 11:25:27.678696 2024] [cgi:error] [pid 5292:tid 1128] [client 141.98.83.197:49446] AH02811: script not found or unable to stat: C:/Apache24/cgi-bin/skk_set.cgi
[Thu Jun 27 11:50:29.822333 2024] [cgi:error] [pid 5292:tid 1128] [client 185.191.127.212:58776] AH02811: script not found or unable to stat: C:/Apache24/cgi-bin/luci
[Thu Jun 27 12:35:51.546040 2024] [cgi:error] [pid 5292:tid 1128] [client 45.148.10.174:57152] AH02811: script not found or unable to stat: C:/Apache24/cgi-bin/luci
[Thu Jun 27 12:35:51.685336 2024] [cgi:error] [pid 5292:tid 1136] [client 45.148.10.174:57158] AH02811: script not found or unable to stat: C:/Apache24/cgi-bin/luci
[Thu Jun 27 12:56:02.905792 2024] [cgi:error] [pid 5292:tid 1136] [client 185.191.127.212:47000] AH02811: script not found or unable to stat: C:/Apache24/cgi-bin/luci
[Thu Jun 27 13:37:08.952130 2024] [cgi:error] [pid 5292:tid 1128] [client 185.191.127.212:41334] AH02811: script not found or unable to stat: C:/Apache24/cgi-bin/luci
[Thu Jun 27 14:36:44.994637 2024] [cgi:error] [pid 5292:tid 1136] [client 185.191.127.212:40676] AH02811: script not found or unable to stat: C:/Apache24/cgi-bin/luci
[Thu Jun 27 14:38:29.601202 2024] [cgi:error] [pid 5292:tid 1136] [client 141.98.83.197:59484] AH02811: script not found or unable to stat: C:/Apache24/cgi-bin/luci
[Thu Jun 27 14:38:29.761717 2024] [cgi:error] [pid 5292:tid 1128] [client 141.98.83.197:59486] AH02811: script not found or unable to stat: C:/Apache24/cgi-bin/luci
[Thu Jun 27 15:16:34.421292 2024] [cgi:error] [pid 5292:tid 1128] [client 141.98.83.197:41398] AH02811: script not found or unable to stat: C:/Apache24/cgi-bin/skk_set.cgi
[Thu Jun 27 15:43:02.631622 2024] [cgi:error] [pid 5292:tid 1128] [client 141.98.83.197:38902] AH02811: script not found or unable to stat: C:/Apache24/cgi-bin/luci
[Thu Jun 27 15:43:02.793024 2024] [cgi:error] [pid 5292:tid 1136] [client 141.98.83.197:38918] AH02811: script not found or unable to stat: C:/Apache24/cgi-bin/luci
[Thu Jun 27 15:43:31.512914 2024] [cgi:error] [pid 5292:tid 1136] [client 185.191.127.212:50308] AH02811: script not found or unable to stat: C:/Apache24/cgi-bin/luci
[Thu Jun 27 16:46:38.604000 2024] [mpm_winnt:notice] [pid 3540:tid 520] AH00422: Parent: Received shutdown signal -- Shutting down the server.
[Thu Jun 27 16:46:40.634873 2024] [mpm_winnt:notice] [pid 5292:tid 680] AH00364: Child: All worker threads have exited.
[Fri Jun 28 08:11:26.587778 2024] [core:warn] [pid 3580:tid 628] AH00098: pid file C:/Apache24/logs/httpd.pid overwritten -- Unclean shutdown of previous Apache run?
[Fri Jun 28 08:11:26.619021 2024] [mpm_winnt:notice] [pid 3580:tid 628] AH00455: Apache/2.4.46 (Win64) configured -- resuming normal operations
[Fri Jun 28 08:11:26.619021 2024] [mpm_winnt:notice] [pid 3580:tid 628] AH00456: Apache Lounge VS16 Server built: Dec 9 2020 13:42:35
[Fri Jun 28 08:11:26.619021 2024] [core:notice] [pid 3580:tid 628] AH00094: Command line: 'C:\\Apache24\\bin\\httpd.exe -d C:/Apache24'
[Fri Jun 28 08:11:26.619021 2024] [mpm_winnt:notice] [pid 3580:tid 628] AH00418: Parent: Created child process 4192
[Fri Jun 28 08:11:27.197011 2024] [mpm_winnt:notice] [pid 4192:tid 656] AH00354: Child: Starting 64 worker threads.
[Fri Jun 28 08:20:09.551911 2024] [cgi:error] [pid 4192:tid 1136] [client 185.191.127.212:48822] AH02811: script not found or unable to stat: C:/Apache24/cgi-bin/luci
[Fri Jun 28 09:08:02.469545 2024] [cgi:error] [pid 4192:tid 1140] [client 185.191.127.212:55978] AH02811: script not found or unable to stat: C:/Apache24/cgi-bin/luci
[Fri Jun 28 09:59:58.465763 2024] [cgi:error] [pid 4192:tid 1132] [client 185.191.127.212:48836] AH02811: script not found or unable to stat: C:/Apache24/cgi-bin/luci
[Fri Jun 28 10:15:26.714684 2024] [cgi:error] [pid 4192:tid 1136] [client 141.98.83.197:45706] AH02811: script not found or unable to stat: C:/Apache24/cgi-bin/luci
[Fri Jun 28 10:15:26.885476 2024] [cgi:error] [pid 4192:tid 1128] [client 141.98.83.197:45716] AH02811: script not found or unable to stat: C:/Apache24/cgi-bin/luci
[Fri Jun 28 10:41:00.028797 2024] [cgi:error] [pid 4192:tid 1132] [client 141.98.83.197:49782] AH02811: script not found or unable to stat: C:/Apache24/cgi-bin/skk_set.cgi
[Fri Jun 28 11:00:52.687204 2024] [cgi:error] [pid 4192:tid 1132] [client 185.191.127.212:51682] AH02811: script not found or unable to stat: C:/Apache24/cgi-bin/luci
[Fri Jun 28 11:48:31.083391 2024] [cgi:error] [pid 4192:tid 1128] [client 185.191.127.212:49918] AH02811: script not found or unable to stat: C:/Apache24/cgi-bin/luci
[Fri Jun 28 13:15:52.637030 2024] [cgi:error] [pid 4192:tid 1132] [client 185.191.127.212:33988] AH02811: script not found or unable to stat: C:/Apache24/cgi-bin/luci
[Fri Jun 28 13:31:03.024599 2024] [cgi:error] [pid 4192:tid 1132] [client 141.98.83.197:38258] AH02811: script not found or unable to stat: C:/Apache24/cgi-bin/skk_set.cgi
[Fri Jun 28 14:30:47.260055 2024] [cgi:error] [pid 4192:tid 1128] [client 185.191.127.212:37588] AH02811: script not found or unable to stat: C:/Apache24/cgi-bin/luci
[Fri Jun 28 15:06:21.732684 2024] [cgi:error] [pid 4192:tid 1132] [client 141.98.83.197:58060] AH02811: script not found or unable to stat: C:/Apache24/cgi-bin/luci
[Fri Jun 28 15:06:21.901454 2024] [cgi:error] [pid 4192:tid 1136] [client 141.98.83.197:58070] AH02811: script not found or unable to stat: C:/Apache24/cgi-bin/luci
[Fri Jun 28 15:22:51.982643 2024] [cgi:error] [pid 4192:tid 1132] [client 185.191.127.212:41802] AH02811: script not found or unable to stat: C:/Apache24/cgi-bin/luci
[Fri Jun 28 16:42:14.691173 2024] [mpm_winnt:notice] [pid 3580:tid 628] AH00422: Parent: Received shutdown signal -- Shutting down the server.
[Fri Jun 28 16:42:16.722049 2024] [mpm_winnt:notice] [pid 4192:tid 656] AH00364: Child: All worker threads have exited.
[Mon Jul 01 08:09:43.219333 2024] [core:warn] [pid 3608:tid 548] AH00098: pid file C:/Apache24/logs/httpd.pid overwritten -- Unclean shutdown of previous Apache run?
[Mon Jul 01 08:09:43.280945 2024] [mpm_winnt:notice] [pid 3608:tid 548] AH00455: Apache/2.4.46 (Win64) configured -- resuming normal operations
[Mon Jul 01 08:09:43.280945 2024] [mpm_winnt:notice] [pid 3608:tid 548] AH00456: Apache Lounge VS16 Server built: Dec 9 2020 13:42:35
[Mon Jul 01 08:09:43.280945 2024] [core:notice] [pid 3608:tid 548] AH00094: Command line: 'C:\\Apache24\\bin\\httpd.exe -d C:/Apache24'
[Mon Jul 01 08:09:43.280945 2024] [mpm_winnt:notice] [pid 3608:tid 548] AH00418: Parent: Created child process 5976
[Mon Jul 01 08:09:43.617933 2024] [mpm_winnt:notice] [pid 5976:tid 644] AH00354: Child: Starting 64 worker threads.
[Mon Jul 01 11:51:39.067820 2024] [cgi:error] [pid 5976:tid 1140] [client 167.172.100.107:23486] AH02811: script not found or unable to stat: C:/Apache24/cgi-bin/authLogin.cgi
[Mon Jul 01 13:50:20.697763 2024] [cgi:error] [pid 5976:tid 1116] [client 46.101.134.86:29318] AH02811: script not found or unable to stat: C:/Apache24/cgi-bin/authLogin.cgi
[Mon Jul 01 15:00:35.963175 2024] [cgi:error] [pid 5976:tid 1136] [client 185.191.126.213:58132] AH02811: script not found or unable to stat: C:/Apache24/cgi-bin/luci
[Mon Jul 01 16:17:01.521322 2024] [cgi:error] [pid 5976:tid 1136] [client 185.191.126.213:59622] AH02811: script not found or unable to stat: C:/Apache24/cgi-bin/luci
[Mon Jul 01 16:27:20.885228 2024] [cgi:error] [pid 5976:tid 1136] [client 141.98.83.197:47188] AH02811: script not found or unable to stat: C:/Apache24/cgi-bin/skk_set.cgi
[Mon Jul 01 16:34:20.105901 2024] [cgi:error] [pid 5976:tid 1136] [client 185.191.126.213:54252] AH02811: script not found or unable to stat: C:/Apache24/cgi-bin/luci
[Mon Jul 01 16:49:15.268645 2024] [mpm_winnt:notice] [pid 3608:tid 548] AH00422: Parent: Received shutdown signal -- Shutting down the server.
[Mon Jul 01 16:49:17.299522 2024] [mpm_winnt:notice] [pid 5976:tid 644] AH00364: Child: All worker threads have exited.
[Tue Jul 02 08:11:06.385783 2024] [core:warn] [pid 3468:tid 636] AH00098: pid file C:/Apache24/logs/httpd.pid overwritten -- Unclean shutdown of previous Apache run?
[Tue Jul 02 08:11:06.420113 2024] [mpm_winnt:notice] [pid 3468:tid 636] AH00455: Apache/2.4.46 (Win64) configured -- resuming normal operations
[Tue Jul 02 08:11:06.420113 2024] [mpm_winnt:notice] [pid 3468:tid 636] AH00456: Apache Lounge VS16 Server built: Dec 9 2020 13:42:35
[Tue Jul 02 08:11:06.420113 2024] [core:notice] [pid 3468:tid 636] AH00094: Command line: 'C:\\Apache24\\bin\\httpd.exe -d C:/Apache24'
[Tue Jul 02 08:11:06.420113 2024] [mpm_winnt:notice] [pid 3468:tid 636] AH00418: Parent: Created child process 6040
[Tue Jul 02 08:11:06.688155 2024] [mpm_winnt:notice] [pid 6040:tid 148] AH00354: Child: Starting 64 worker threads.
[Tue Jul 02 08:24:19.593436 2024] [mpm_winnt:notice] [pid 3468:tid 636] AH00422: Parent: Received shutdown signal -- Shutting down the server.
[Tue Jul 02 08:24:21.624309 2024] [mpm_winnt:notice] [pid 6040:tid 148] AH00364: Child: All worker threads have exited.
[Tue Jul 02 08:24:21.639934 2024] [mpm_winnt:notice] [pid 3468:tid 636] AH00430: Parent: Child process 6040 exited successfully.
[Tue Jul 02 08:25:44.272827 2024] [mpm_winnt:notice] [pid 3384:tid 644] AH00455: Apache/2.4.46 (Win64) configured -- resuming normal operations
[Tue Jul 02 08:25:44.305093 2024] [mpm_winnt:notice] [pid 3384:tid 644] AH00456: Apache Lounge VS16 Server built: Dec 9 2020 13:42:35
[Tue Jul 02 08:25:44.305093 2024] [core:notice] [pid 3384:tid 644] AH00094: Command line: 'C:\\Apache24\\bin\\httpd.exe -d C:/Apache24'
[Tue Jul 02 08:25:44.305093 2024] [mpm_winnt:notice] [pid 3384:tid 644] AH00418: Parent: Created child process 6004
[Tue Jul 02 08:25:44.681360 2024] [mpm_winnt:notice] [pid 6004:tid 552] AH00354: Child: Starting 64 worker threads.
[Tue Jul 02 10:21:49.456172 2024] [cgi:error] [pid 6004:tid 1136] [client 185.224.128.74:19392] AH02811: script not found or unable to stat: C:/Apache24/cgi-bin/skk_set.cgi
[Tue Jul 02 14:43:52.674402 2024] [mpm_winnt:notice] [pid 3384:tid 644] AH00422: Parent: Received shutdown signal -- Shutting down the server.
[Tue Jul 02 14:43:54.705273 2024] [mpm_winnt:notice] [pid 6004:tid 552] AH00364: Child: All worker threads have exited.
[Wed Jul 03 08:10:49.615935 2024] [core:warn] [pid 3492:tid 676] AH00098: pid file C:/Apache24/logs/httpd.pid overwritten -- Unclean shutdown of previous Apache run?
[Wed Jul 03 08:10:49.626906 2024] [mpm_winnt:notice] [pid 3492:tid 676] AH00455: Apache/2.4.46 (Win64) configured -- resuming normal operations
[Wed Jul 03 08:10:49.626906 2024] [mpm_winnt:notice] [pid 3492:tid 676] AH00456: Apache Lounge VS16 Server built: Dec 9 2020 13:42:35
[Wed Jul 03 08:10:49.626906 2024] [core:notice] [pid 3492:tid 676] AH00094: Command line: 'C:\\Apache24\\bin\\httpd.exe -d C:/Apache24'
[Wed Jul 03 08:10:49.628900 2024] [mpm_winnt:notice] [pid 3492:tid 676] AH00418: Parent: Created child process 5252
[Wed Jul 03 08:10:50.524504 2024] [mpm_winnt:notice] [pid 5252:tid 580] AH00354: Child: Starting 64 worker threads.
[Wed Jul 03 09:50:25.360402 2024] [core:error] [pid 5252:tid 1132] (20025)The given path contained wildcard characters: [client 182.156.18.179:48936] AH00036: access to /(#_memberAccess=@ognl.OgnlContext@DEFAULT_MEMBER_ACCESS)?(#req=@org.apache.struts2.ServletActionContext@getRequest(),#wr=#context[#parameters.obj[0]].getWriter(),#wr.println(#req.getRealPath(#parameters.pp[0])),#wr.flush(),#wr.close()):xx.toString.json failed (filesystem path 'C:/Apache24/(#_memberAccess=@ognl.OgnlContext@DEFAULT_MEMBER_ACCESS)?(#req=@org.apache.struts2.ServletActionContext@getRequest(),#wr=#context[#parameters.obj[0]].getWriter(),#wr.println(#req.getRealPath(#parameters.pp[0])),#wr.flush(),#wr.close()):xx.toString.json')
[Wed Jul 03 16:47:04.540288 2024] [mpm_winnt:notice] [pid 3492:tid 676] AH00422: Parent: Received shutdown signal -- Shutting down the server.
[Wed Jul 03 16:47:06.571158 2024] [mpm_winnt:notice] [pid 5252:tid 580] AH00364: Child: All worker threads have exited.
[Thu Jul 04 08:10:42.030683 2024] [core:warn] [pid 3632:tid 780] AH00098: pid file C:/Apache24/logs/httpd.pid overwritten -- Unclean shutdown of previous Apache run?
[Thu Jul 04 08:10:42.030683 2024] [mpm_winnt:notice] [pid 3632:tid 780] AH00455: Apache/2.4.46 (Win64) configured -- resuming normal operations
[Thu Jul 04 08:10:42.030683 2024] [mpm_winnt:notice] [pid 3632:tid 780] AH00456: Apache Lounge VS16 Server built: Dec 9 2020 13:42:35
[Thu Jul 04 08:10:42.030683 2024] [core:notice] [pid 3632:tid 780] AH00094: Command line: 'C:\\Apache24\\bin\\httpd.exe -d C:/Apache24'
[Thu Jul 04 08:10:42.030683 2024] [mpm_winnt:notice] [pid 3632:tid 780] AH00418: Parent: Created child process 4068
[Thu Jul 04 08:10:43.014824 2024] [mpm_winnt:notice] [pid 4068:tid 612] AH00354: Child: Starting 64 worker threads.
[Thu Jul 04 11:24:52.950522 2024] [cgi:error] [pid 4068:tid 1168] [client 31.220.1.83:60336] AH02811: script not found or unable to stat: C:/Apache24/cgi-bin/luci
[Thu Jul 04 12:23:05.671679 2024] [cgi:error] [pid 4068:tid 1172] [client 31.220.1.83:39038] AH02811: script not found or unable to stat: C:/Apache24/cgi-bin/luci
[Thu Jul 04 13:49:58.412338 2024] [cgi:error] [pid 4068:tid 1172] [client 31.220.1.83:58076] AH02811: script not found or unable to stat: C:/Apache24/cgi-bin/luci
[Thu Jul 04 14:06:09.118459 2024] [cgi:error] [pid 4068:tid 1168] [client 31.220.1.83:50884] AH02811: script not found or unable to stat: C:/Apache24/cgi-bin/luci
[Thu Jul 04 15:41:21.939553 2024] [cgi:error] [pid 4068:tid 1164] [client 31.220.1.83:45446] AH02811: script not found or unable to stat: C:/Apache24/cgi-bin/luci
[Thu Jul 04 16:37:32.708069 2024] [mpm_winnt:notice] [pid 3632:tid 780] AH00422: Parent: Received shutdown signal -- Shutting down the server.
[Thu Jul 04 16:37:34.738938 2024] [mpm_winnt:notice] [pid 4068:tid 612] AH00364: Child: All worker threads have exited.
[Fri Jul 05 14:39:34.924042 2024] [core:warn] [pid 3428:tid 560] AH00098: pid file C:/Apache24/logs/httpd.pid overwritten -- Unclean shutdown of previous Apache run?
[Fri Jul 05 14:39:34.941995 2024] [mpm_winnt:notice] [pid 3428:tid 560] AH00455: Apache/2.4.46 (Win64) configured -- resuming normal operations
[Fri Jul 05 14:39:34.941995 2024] [mpm_winnt:notice] [pid 3428:tid 560] AH00456: Apache Lounge VS16 Server built: Dec 9 2020 13:42:35
[Fri Jul 05 14:39:34.941995 2024] [core:notice] [pid 3428:tid 560] AH00094: Command line: 'C:\\Apache24\\bin\\httpd.exe -d C:/Apache24'
[Fri Jul 05 14:39:34.942992 2024] [mpm_winnt:notice] [pid 3428:tid 560] AH00418: Parent: Created child process 3692
[Fri Jul 05 14:39:35.616317 2024] [mpm_winnt:notice] [pid 3692:tid 664] AH00354: Child: Starting 64 worker threads.
[Fri Jul 05 15:53:14.573241 2024] [mpm_winnt:notice] [pid 3428:tid 560] AH00422: Parent: Received shutdown signal -- Shutting down the server.
[Fri Jul 05 15:53:16.604117 2024] [mpm_winnt:notice] [pid 3692:tid 664] AH00364: Child: All worker threads have exited.
[Mon Jul 08 08:07:28.723767 2024] [core:warn] [pid 3488:tid 684] AH00098: pid file C:/Apache24/logs/httpd.pid overwritten -- Unclean shutdown of previous Apache run?
[Mon Jul 08 08:07:28.762663 2024] [mpm_winnt:notice] [pid 3488:tid 684] AH00455: Apache/2.4.46 (Win64) configured -- resuming normal operations
[Mon Jul 08 08:07:28.762663 2024] [mpm_winnt:notice] [pid 3488:tid 684] AH00456: Apache Lounge VS16 Server built: Dec 9 2020 13:42:35
[Mon Jul 08 08:07:28.762663 2024] [core:notice] [pid 3488:tid 684] AH00094: Command line: 'C:\\Apache24\\bin\\httpd.exe -d C:/Apache24'
[Mon Jul 08 08:07:28.763660 2024] [mpm_winnt:notice] [pid 3488:tid 684] AH00418: Parent: Created child process 5172
[Mon Jul 08 08:07:29.677216 2024] [mpm_winnt:notice] [pid 5172:tid 616] AH00354: Child: Starting 64 worker threads.
[Mon Jul 08 10:27:55.418531 2024] [cgi:error] [pid 5172:tid 1128] [client 141.98.83.197:42404] AH02811: script not found or unable to stat: C:/Apache24/cgi-bin/luci
[Mon Jul 08 10:27:55.580018 2024] [cgi:error] [pid 5172:tid 1124] [client 141.98.83.197:42416] AH02811: script not found or unable to stat: C:/Apache24/cgi-bin/luci
[Mon Jul 08 11:26:14.350622 2024] [core:error] [pid 5172:tid 1128] [client 49.235.64.218:41410] AH00126: Invalid URI in request 'bin/sh' 'POST /cgi-bin/.%2e/.%2e/.%2e/.%2e/.%2e/.%2e/.%2e/.%2e/.%2e/.%2e/bin/sh HTTP/1.1'
[Mon Jul 08 13:46:41.149585 2024] [cgi:error] [pid 5172:tid 1120] [client 141.98.83.197:33908] AH02811: script not found or unable to stat: C:/Apache24/cgi-bin/luci
[Mon Jul 08 13:46:41.752194 2024] [cgi:error] [pid 5172:tid 1124] [client 141.98.83.197:33910] AH02811: script not found or unable to stat: C:/Apache24/cgi-bin/luci
[Mon Jul 08 14:12:56.092424 2024] [cgi:error] [pid 5172:tid 1132] [client 45.128.232.174:46300] AH02811: script not found or unable to stat: C:/Apache24/cgi-bin/luci
[Mon Jul 08 16:46:09.748376 2024] [mpm_winnt:notice] [pid 3488:tid 684] AH00422: Parent: Received shutdown signal -- Shutting down the server.
[Mon Jul 08 16:46:11.779247 2024] [mpm_winnt:notice] [pid 5172:tid 616] AH00364: Child: All worker threads have exited.
[Mon Jul 08 16:47:09.079641 2024] [core:warn] [pid 3528:tid 652] AH00098: pid file C:/Apache24/logs/httpd.pid overwritten -- Unclean shutdown of previous Apache run?
[Mon Jul 08 16:47:09.085625 2024] [mpm_winnt:notice] [pid 3528:tid 652] AH00455: Apache/2.4.46 (Win64) configured -- resuming normal operations
[Mon Jul 08 16:47:09.085625 2024] [mpm_winnt:notice] [pid 3528:tid 652] AH00456: Apache Lounge VS16 Server built: Dec 9 2020 13:42:35
[Mon Jul 08 16:47:09.085625 2024] [core:notice] [pid 3528:tid 652] AH00094: Command line: 'C:\\Apache24\\bin\\httpd.exe -d C:/Apache24'
[Mon Jul 08 16:47:09.087620 2024] [mpm_winnt:notice] [pid 3528:tid 652] AH00418: Parent: Created child process 4824
[Mon Jul 08 16:47:10.063013 2024] [mpm_winnt:notice] [pid 4824:tid 680] AH00354: Child: Starting 64 worker threads.
[Mon Jul 08 16:54:40.849285 2024] [mpm_winnt:notice] [pid 3528:tid 652] AH00422: Parent: Received shutdown signal -- Shutting down the server.
[Mon Jul 08 16:54:42.880165 2024] [mpm_winnt:notice] [pid 4824:tid 680] AH00364: Child: All worker threads have exited.
[Mon Jul 08 16:54:42.895796 2024] [mpm_winnt:notice] [pid 3528:tid 652] AH00430: Parent: Child process 4824 exited successfully.
[Tue Jul 09 08:12:40.627750 2024] [mpm_winnt:notice] [pid 3476:tid 652] AH00455: Apache/2.4.46 (Win64) configured -- resuming normal operations
[Tue Jul 09 08:12:40.650689 2024] [mpm_winnt:notice] [pid 3476:tid 652] AH00456: Apache Lounge VS16 Server built: Dec 9 2020 13:42:35
[Tue Jul 09 08:12:40.650689 2024] [core:notice] [pid 3476:tid 652] AH00094: Command line: 'C:\\Apache24\\bin\\httpd.exe -d C:/Apache24'
[Tue Jul 09 08:12:40.651687 2024] [mpm_winnt:notice] [pid 3476:tid 652] AH00418: Parent: Created child process 4732
[Tue Jul 09 08:12:41.156336 2024] [mpm_winnt:notice] [pid 4732:tid 740] AH00354: Child: Starting 64 worker threads.
[Tue Jul 09 09:58:17.950644 2024] [cgi:error] [pid 4732:tid 1136] [client 141.98.83.197:34908] AH02811: script not found or unable to stat: C:/Apache24/cgi-bin/luci
[Tue Jul 09 09:58:18.118603 2024] [cgi:error] [pid 4732:tid 1140] [client 141.98.83.197:34918] AH02811: script not found or unable to stat: C:/Apache24/cgi-bin/luci
[Tue Jul 09 11:06:01.156258 2024] [cgi:error] [pid 4732:tid 1132] [client 34.140.58.13:44974] AH02812: attempt to invoke directory as script: C:/Apache24/cgi-bin/
[Tue Jul 09 13:38:27.861784 2024] [cgi:error] [pid 4732:tid 1132] [client 141.98.83.197:35396] AH02811: script not found or unable to stat: C:/Apache24/cgi-bin/luci
[Tue Jul 09 13:38:28.553927 2024] [cgi:error] [pid 4732:tid 1140] [client 141.98.83.197:35412] AH02811: script not found or unable to stat: C:/Apache24/cgi-bin/luci
[Tue Jul 09 16:50:03.544641 2024] [mpm_winnt:notice] [pid 3476:tid 652] AH00422: Parent: Received shutdown signal -- Shutting down the server.
[Tue Jul 09 16:50:05.575491 2024] [mpm_winnt:notice] [pid 4732:tid 740] AH00364: Child: All worker threads have exited.
[Wed Jul 10 08:04:17.420475 2024] [core:warn] [pid 3500:tid 656] AH00098: pid file C:/Apache24/logs/httpd.pid overwritten -- Unclean shutdown of previous Apache run?
[Wed Jul 10 08:04:17.465697 2024] [mpm_winnt:notice] [pid 3500:tid 656] AH00455: Apache/2.4.46 (Win64) configured -- resuming normal operations
[Wed Jul 10 08:04:17.465697 2024] [mpm_winnt:notice] [pid 3500:tid 656] AH00456: Apache Lounge VS16 Server built: Dec 9 2020 13:42:35
[Wed Jul 10 08:04:17.465697 2024] [core:notice] [pid 3500:tid 656] AH00094: Command line: 'C:\\Apache24\\bin\\httpd.exe -d C:/Apache24'
[Wed Jul 10 08:04:17.485294 2024] [mpm_winnt:notice] [pid 3500:tid 656] AH00418: Parent: Created child process 4908
[Wed Jul 10 08:04:17.846223 2024] [mpm_winnt:notice] [pid 4908:tid 636] AH00354: Child: Starting 64 worker threads.
[Wed Jul 10 08:37:08.827322 2024] [core:error] [pid 4908:tid 1140] [client 175.6.181.175:35840] AH00126: Invalid URI in request 'bin/sh' 'POST /cgi-bin/.%2e/.%2e/.%2e/.%2e/.%2e/.%2e/.%2e/.%2e/.%2e/.%2e/bin/sh HTTP/1.1'
[Wed Jul 10 11:34:33.567867 2024] [cgi:error] [pid 4908:tid 1140] [client 45.148.10.251:45662] AH02811: script not found or unable to stat: C:/Apache24/cgi-bin/luci
[Wed Jul 10 14:41:30.716876 2024] [cgi:error] [pid 4908:tid 1128] [client 64.227.123.59:51202] AH02811: script not found or unable to stat: C:/Apache24/cgi-bin/authLogin.cgi
[Wed Jul 10 15:26:56.322978 2024] [cgi:error] [pid 4908:tid 1136] [client 45.148.10.251:60572] AH02811: script not found or unable to stat: C:/Apache24/cgi-bin/luci
[Wed Jul 10 16:47:46.492132 2024] [mpm_winnt:notice] [pid 3500:tid 656] AH00422: Parent: Received shutdown signal -- Shutting down the server.
[Wed Jul 10 16:47:48.523004 2024] [mpm_winnt:notice] [pid 4908:tid 636] AH00364: Child: All worker threads have exited.
[Thu Jul 11 08:10:02.268566 2024] [core:warn] [pid 3588:tid 596] AH00098: pid file C:/Apache24/logs/httpd.pid overwritten -- Unclean shutdown of previous Apache run?
[Thu Jul 11 08:10:02.284523 2024] [mpm_winnt:notice] [pid 3588:tid 596] AH00455: Apache/2.4.46 (Win64) configured -- resuming normal operations
[Thu Jul 11 08:10:02.284523 2024] [mpm_winnt:notice] [pid 3588:tid 596] AH00456: Apache Lounge VS16 Server built: Dec 9 2020 13:42:35
[Thu Jul 11 08:10:02.284523 2024] [core:notice] [pid 3588:tid 596] AH00094: Command line: 'C:\\Apache24\\bin\\httpd.exe -d C:/Apache24'
[Thu Jul 11 08:10:02.286519 2024] [mpm_winnt:notice] [pid 3588:tid 596] AH00418: Parent: Created child process 5648
[Thu Jul 11 08:10:02.761248 2024] [mpm_winnt:notice] [pid 5648:tid 704] AH00354: Child: Starting 64 worker threads.
[Thu Jul 11 09:28:21.255367 2024] [cgi:error] [pid 5648:tid 1140] [client 45.148.10.251:35740] AH02811: script not found or unable to stat: C:/Apache24/cgi-bin/luci
[Thu Jul 11 12:36:15.911653 2024] [cgi:error] [pid 5648:tid 1136] [client 45.148.10.251:48316] AH02811: script not found or unable to stat: C:/Apache24/cgi-bin/luci
[Thu Jul 11 14:20:51.788648 2024] [cgi:error] [pid 5648:tid 1136] [client 45.128.232.22:41066] AH02811: script not found or unable to stat: C:/Apache24/cgi-bin/luci
[Thu Jul 11 14:44:07.621869 2024] [cgi:error] [pid 5648:tid 1136] [client 45.148.10.251:57950] AH02811: script not found or unable to stat: C:/Apache24/cgi-bin/luci
[Thu Jul 11 16:49:18.632790 2024] [mpm_winnt:notice] [pid 3588:tid 596] AH00422: Parent: Received shutdown signal -- Shutting down the server.
[Thu Jul 11 16:49:20.679283 2024] [mpm_winnt:notice] [pid 5648:tid 704] AH00364: Child: All worker threads have exited.
[Fri Jul 12 08:10:29.754259 2024] [core:warn] [pid 3600:tid 672] AH00098: pid file C:/Apache24/logs/httpd.pid overwritten -- Unclean shutdown of previous Apache run?
[Fri Jul 12 08:10:29.851680 2024] [mpm_winnt:notice] [pid 3600:tid 672] AH00455: Apache/2.4.46 (Win64) configured -- resuming normal operations
[Fri Jul 12 08:10:29.851680 2024] [mpm_winnt:notice] [pid 3600:tid 672] AH00456: Apache Lounge VS16 Server built: Dec 9 2020 13:42:35
[Fri Jul 12 08:10:29.851680 2024] [core:notice] [pid 3600:tid 672] AH00094: Command line: 'C:\\Apache24\\bin\\httpd.exe -d C:/Apache24'
[Fri Jul 12 08:10:29.851680 2024] [mpm_winnt:notice] [pid 3600:tid 672] AH00418: Parent: Created child process 5948
[Fri Jul 12 08:10:30.147832 2024] [mpm_winnt:notice] [pid 5948:tid 608] AH00354: Child: Starting 64 worker threads.
[Fri Jul 12 08:54:30.525070 2024] [cgi:error] [pid 5948:tid 1132] [client 45.148.10.202:35782] AH02811: script not found or unable to stat: C:/Apache24/cgi-bin/luci
