[Sun Jun 01 04:15:47.035173 2025] [cgi:error] [pid 5452:tid 1100] [client 87.106.209.117:53219] AH02811: script not found or unable to stat: C:/Apache24/cgi-bin/sms_send
[Sun Jun 01 04:15:47.109156 2025] [cgi:error] [pid 5452:tid 1100] [client 87.106.209.117:53219] AH02811: script not found or unable to stat: C:/Apache24/cgi-bin/sms_send
[Sun Jun 01 04:57:43.991736 2025] [cgi:error] [pid 5452:tid 1100] [client 89.42.231.140:42776] AH02811: script not found or unable to stat: C:/Apache24/cgi-bin/luci
[Sun Jun 01 06:17:21.600785 2025] [cgi:error] [pid 5452:tid 1100] [client 89.42.231.140:42404] AH02811: script not found or unable to stat: C:/Apache24/cgi-bin/luci
[Sun Jun 01 07:37:52.932668 2025] [cgi:error] [pid 5452:tid 1100] [client 89.42.231.140:52770] AH02811: script not found or unable to stat: C:/Apache24/cgi-bin/luci
[Sun Jun 01 08:08:38.410384 2025] [cgi:error] [pid 5452:tid 1068] [client 167.94.138.195:45912] AH02812: attempt to invoke directory as script: C:/Apache24/cgi-bin/, referer: http://88.147.142.161:80/cgi-bin
[Sun Jun 01 09:02:07.337689 2025] [cgi:error] [pid 5452:tid 1068] [client 89.42.231.140:55048] AH02811: script not found or unable to stat: C:/Apache24/cgi-bin/luci
[Sun Jun 01 20:39:08.789871 2025] [cgi:error] [pid 5452:tid 1100] [client 43.130.37.243:45136] AH02812: attempt to invoke directory as script: C:/Apache24/cgi-bin/
[Sun Jun 01 21:34:53.273583 2025] [cgi:error] [pid 5452:tid 1100] [client 66.132.153.61:48104] AH02812: attempt to invoke directory as script: C:/Apache24/cgi-bin/, referer: http://88.147.142.161:80/cgi-bin
[Sun Jun 01 22:10:31.740554 2025] [core:error] [pid 5452:tid 1100] (20024)The given path is misformatted or contained invalid characters: [client 43.159.138.217:42746] AH00127: Cannot map GET /error/%3C%21-- HTTP/1.1 to file
[Mon Jun 02 03:33:39.574320 2025] [cgi:error] [pid 5452:tid 1100] [client 176.65.149.163:41528] AH02811: script not found or unable to stat: C:/Apache24/cgi-bin/luci
[Mon Jun 02 06:42:31.613706 2025] [cgi:error] [pid 5452:tid 1100] [client 34.79.82.112:54232] AH02812: attempt to invoke directory as script: C:/Apache24/cgi-bin/
[Mon Jun 02 09:23:07.089084 2025] [cgi:error] [pid 5452:tid 1064] [client 152.42.254.165:59913] AH02811: script not found or unable to stat: C:/Apache24/cgi-bin/info.php
[Mon Jun 02 09:23:07.595631 2025] [cgi:error] [pid 5452:tid 1064] [client 152.42.254.165:56094] AH02811: script not found or unable to stat: C:/Apache24/cgi-bin/phpinfo.php
[Mon Jun 02 09:23:08.139680 2025] [cgi:error] [pid 5452:tid 1064] [client 152.42.254.165:53012] AH02811: script not found or unable to stat: C:/Apache24/cgi-bin/phpinfo
[Mon Jun 02 09:23:08.668861 2025] [cgi:error] [pid 5452:tid 1064] [client 152.42.254.165:63659] AH02811: script not found or unable to stat: C:/Apache24/cgi-bin/info
[Mon Jun 02 09:23:09.131246 2025] [cgi:error] [pid 5452:tid 1064] [client 152.42.254.165:63302] AH02811: script not found or unable to stat: C:/Apache24/cgi-bin/php-info
[Mon Jun 02 09:23:09.726325 2025] [cgi:error] [pid 5452:tid 1064] [client 152.42.254.165:59737] AH02811: script not found or unable to stat: C:/Apache24/cgi-bin/php-info.php
[Mon Jun 02 09:23:10.221033 2025] [cgi:error] [pid 5452:tid 1064] [client 152.42.254.165:63972] AH02811: script not found or unable to stat: C:/Apache24/cgi-bin/_profiler
[Mon Jun 02 09:23:10.725040 2025] [cgi:error] [pid 5452:tid 1064] [client 152.42.254.165:63048] AH02811: script not found or unable to stat: C:/Apache24/cgi-bin/php.php
[Mon Jun 02 09:23:11.448325 2025] [cgi:error] [pid 5452:tid 1064] [client 152.42.254.165:57225] AH02811: script not found or unable to stat: C:/Apache24/cgi-bin/infophp.php
[Mon Jun 02 09:23:12.201755 2025] [cgi:error] [pid 5452:tid 1064] [client 152.42.254.165:49179] AH02811: script not found or unable to stat: C:/Apache24/cgi-bin/php_info.php
[Mon Jun 02 09:23:12.673058 2025] [cgi:error] [pid 5452:tid 1064] [client 152.42.254.165:56941] AH02811: script not found or unable to stat: C:/Apache24/cgi-bin/test.php
[Mon Jun 02 09:23:13.131899 2025] [cgi:error] [pid 5452:tid 1064] [client 152.42.254.165:49706] AH02811: script not found or unable to stat: C:/Apache24/cgi-bin/.env
[Mon Jun 02 13:18:42.706990 2025] [cgi:error] [pid 5452:tid 1064] [client 43.157.179.227:52958] AH02812: attempt to invoke directory as script: C:/Apache24/cgi-bin/
[Mon Jun 02 20:40:58.359213 2025] [cgi:error] [pid 5452:tid 1092] [client 206.168.34.60:51500] AH02812: attempt to invoke directory as script: C:/Apache24/cgi-bin/, referer: http://88.147.142.161:80/cgi-bin
[Tue Jun 03 01:39:21.648047 2025] [cgi:error] [pid 5452:tid 1092] [client 66.132.153.54:57898] AH02812: attempt to invoke directory as script: C:/Apache24/cgi-bin/, referer: http://88.147.142.161:80/cgi-bin
[Tue Jun 03 04:18:50.573283 2025] [core:error] [pid 5452:tid 1092] (20024)The given path is misformatted or contained invalid characters: [client 170.106.192.208:55940] AH00127: Cannot map GET /error/%3C%21-- HTTP/1.1 to file
[Tue Jun 03 05:51:55.824090 2025] [cgi:error] [pid 5452:tid 1068] [client 89.42.231.140:36356] AH02811: script not found or unable to stat: C:/Apache24/cgi-bin/luci
[Tue Jun 03 07:11:07.677049 2025] [cgi:error] [pid 5452:tid 1072] [client 143.42.63.237:38472] AH02811: script not found or unable to stat: C:/Apache24/cgi-bin/info.cgi
[Tue Jun 03 07:11:12.844218 2025] [cgi:error] [pid 5452:tid 1140] [client 143.42.63.237:38768] AH02811: script not found or unable to stat: C:/Apache24/cgi-bin/param.cgi
[Tue Jun 03 10:13:34.400612 2025] [core:error] [pid 5452:tid 1140] [client 120.195.30.141:38210] AH00126: Invalid URI in request 'bin/sh' 'POST /cgi-bin/.%2e/.%2e/.%2e/.%2e/.%2e/.%2e/.%2e/.%2e/.%2e/.%2e/bin/sh HTTP/1.1'
[Tue Jun 03 11:48:50.186726 2025] [cgi:error] [pid 5452:tid 1076] [client 89.42.231.140:40050] AH02811: script not found or unable to stat: C:/Apache24/cgi-bin/luci
[Tue Jun 03 13:58:32.689624 2025] [cgi:error] [pid 5452:tid 1076] [client 89.42.231.140:38222] AH02811: script not found or unable to stat: C:/Apache24/cgi-bin/luci
[Tue Jun 03 15:09:03.310194 2025] [mpm_winnt:notice] [pid 3412:tid 672] AH00422: Parent: Received shutdown signal -- Shutting down the server.
[Tue Jun 03 15:10:05.181649 2025] [core:warn] [pid 3096:tid 612] AH00098: pid file C:/Apache24/logs/httpd.pid overwritten -- Unclean shutdown of previous Apache run?
[Tue Jun 03 15:10:05.205585 2025] [mpm_winnt:notice] [pid 3096:tid 612] AH00455: Apache/2.4.46 (Win64) configured -- resuming normal operations
[Tue Jun 03 15:10:05.205585 2025] [mpm_winnt:notice] [pid 3096:tid 612] AH00456: Apache Lounge VS16 Server built: Dec 9 2020 13:42:35
[Tue Jun 03 15:10:05.205585 2025] [core:notice] [pid 3096:tid 612] AH00094: Command line: 'C:\\Apache24\\bin\\httpd.exe -d C:/Apache24'
[Tue Jun 03 15:10:05.206582 2025] [mpm_winnt:notice] [pid 3096:tid 612] AH00418: Parent: Created child process 4816
[Tue Jun 03 15:10:06.158027 2025] [mpm_winnt:notice] [pid 4816:tid 548] AH00354: Child: Starting 64 worker threads.
[Tue Jun 03 15:34:40.965252 2025] [cgi:error] [pid 4816:tid 1124] [client 89.42.231.140:45512] AH02811: script not found or unable to stat: C:/Apache24/cgi-bin/luci
[Tue Jun 03 16:38:04.932155 2025] [cgi:error] [pid 4816:tid 1120] [client 89.42.231.140:44586] AH02811: script not found or unable to stat: C:/Apache24/cgi-bin/luci
[Tue Jun 03 17:41:24.295315 2025] [cgi:error] [pid 4816:tid 1120] [client 89.42.231.140:51514] AH02811: script not found or unable to stat: C:/Apache24/cgi-bin/luci
[Tue Jun 03 18:45:31.498259 2025] [cgi:error] [pid 4816:tid 1120] [client 89.42.231.140:49998] AH02811: script not found or unable to stat: C:/Apache24/cgi-bin/luci
[Tue Jun 03 20:09:38.126540 2025] [cgi:error] [pid 4816:tid 1120] [client 89.42.231.140:55804] AH02811: script not found or unable to stat: C:/Apache24/cgi-bin/luci
[Tue Jun 03 22:30:40.550729 2025] [cgi:error] [pid 4816:tid 1136] [client 89.42.231.140:57792] AH02811: script not found or unable to stat: C:/Apache24/cgi-bin/luci
[Wed Jun 04 00:49:27.630058 2025] [cgi:error] [pid 4816:tid 1136] [client 89.42.231.140:35478] AH02811: script not found or unable to stat: C:/Apache24/cgi-bin/luci
[Wed Jun 04 09:50:20.759351 2025] [core:error] [pid 4816:tid 1132] [client 185.227.154.178:59542] AH00126: Invalid URI in request 'bin/sh' 'POST /cgi-bin/.%2e/.%2e/.%2e/.%2e/.%2e/.%2e/.%2e/.%2e/.%2e/.%2e/bin/sh HTTP/1.1'
[Wed Jun 04 21:19:20.479072 2025] [core:error] [pid 4816:tid 1120] [client 104.131.118.62:46000] AH00126: Invalid URI in request 'HTTP/1.1' 'GET HTTP/1.1 HTTP/1.1'
[Thu Jun 05 03:11:34.018055 2025] [cgi:error] [pid 4816:tid 1128] [client 66.132.153.62:50824] AH02812: attempt to invoke directory as script: C:/Apache24/cgi-bin/, referer: http://88.147.142.161:80/cgi-bin
[Thu Jun 05 08:32:12.814237 2025] [mpm_winnt:notice] [pid 3096:tid 612] AH00422: Parent: Received shutdown signal -- Shutting down the server.
[Thu Jun 05 08:32:14.845094 2025] [mpm_winnt:notice] [pid 4816:tid 548] AH00364: Child: All worker threads have exited.
[Thu Jun 05 08:33:07.480417 2025] [core:warn] [pid 3424:tid 628] AH00098: pid file C:/Apache24/logs/httpd.pid overwritten -- Unclean shutdown of previous Apache run?
[Thu Jun 05 08:33:07.543741 2025] [mpm_winnt:notice] [pid 3424:tid 628] AH00455: Apache/2.4.46 (Win64) configured -- resuming normal operations
[Thu Jun 05 08:33:07.543741 2025] [mpm_winnt:notice] [pid 3424:tid 628] AH00456: Apache Lounge VS16 Server built: Dec 9 2020 13:42:35
[Thu Jun 05 08:33:07.543741 2025] [core:notice] [pid 3424:tid 628] AH00094: Command line: 'C:\\Apache24\\bin\\httpd.exe -d C:/Apache24'
[Thu Jun 05 08:33:07.543741 2025] [mpm_winnt:notice] [pid 3424:tid 628] AH00418: Parent: Created child process 5312
[Thu Jun 05 08:33:08.046676 2025] [mpm_winnt:notice] [pid 5312:tid 772] AH00354: Child: Starting 64 worker threads.
[Thu Jun 05 11:11:45.146095 2025] [cgi:error] [pid 5312:tid 548] [client 5.183.209.244:46906] AH02811: script not found or unable to stat: C:/Apache24/cgi-bin/luci
[Thu Jun 05 11:49:30.855570 2025] [cgi:error] [pid 5312:tid 1028] [client 216.158.234.185:44110] AH02811: script not found or unable to stat: C:/Apache24/cgi-bin/luci
[Thu Jun 05 13:17:29.880952 2025] [cgi:error] [pid 5312:tid 1028] [client 66.132.153.53:33664] AH02812: attempt to invoke directory as script: C:/Apache24/cgi-bin/, referer: http://88.147.142.161:80/cgi-bin
[Thu Jun 05 18:51:24.236617 2025] [cgi:error] [pid 5312:tid 548] [client 167.94.146.60:34064] AH02812: attempt to invoke directory as script: C:/Apache24/cgi-bin/, referer: http://88.147.142.161:80/cgi-bin
[Fri Jun 06 02:18:31.095438 2025] [cgi:error] [pid 5312:tid 1036] [client 64.227.118.8:8908] AH02811: script not found or unable to stat: C:/Apache24/cgi-bin/authLogin.cgi
[Fri Jun 06 02:31:30.869943 2025] [cgi:error] [pid 5312:tid 1036] [client 141.98.11.147:44004] AH02811: script not found or unable to stat: C:/Apache24/cgi-bin/luci
[Fri Jun 06 04:26:08.135318 2025] [cgi:error] [pid 5312:tid 1052] [client 194.50.16.252:59148] AH02811: script not found or unable to stat: C:/Apache24/cgi-bin/env
[Fri Jun 06 04:26:08.915410 2025] [cgi:error] [pid 5312:tid 1080] [client 194.50.16.252:40296] AH02811: script not found or unable to stat: C:/Apache24/cgi-bin/actuator
[Fri Jun 06 04:48:32.624137 2025] [cgi:error] [pid 5312:tid 1128] [client 178.128.196.35:65314] AH02811: script not found or unable to stat: C:/Apache24/cgi-bin/authLogin.cgi
[Fri Jun 06 05:57:54.402430 2025] [cgi:error] [pid 5312:tid 1032] [client 141.98.11.147:53142] AH02811: script not found or unable to stat: C:/Apache24/cgi-bin/luci
[Fri Jun 06 09:34:01.845889 2025] [cgi:error] [pid 5312:tid 1080] [client 199.45.155.81:38576] AH02812: attempt to invoke directory as script: C:/Apache24/cgi-bin/, referer: http://88.147.142.161:80/cgi-bin
[Fri Jun 06 11:00:25.704211 2025] [cgi:error] [pid 5312:tid 1032] [client 5.183.209.244:56400] AH02811: script not found or unable to stat: C:/Apache24/cgi-bin/luci
[Fri Jun 06 11:54:04.919169 2025] [cgi:error] [pid 5312:tid 1032] [client 5.183.209.244:51408] AH02811: script not found or unable to stat: C:/Apache24/cgi-bin/luci
[Fri Jun 06 12:57:56.215595 2025] [cgi:error] [pid 5312:tid 1032] [client 5.183.209.244:56546] AH02811: script not found or unable to stat: C:/Apache24/cgi-bin/luci
[Fri Jun 06 13:15:30.392775 2025] [cgi:error] [pid 5312:tid 1080] [client 141.98.11.147:59784] AH02811: script not found or unable to stat: C:/Apache24/cgi-bin/luci
[Fri Jun 06 18:40:58.569428 2025] [cgi:error] [pid 5312:tid 1028] [client 5.183.209.244:40716] AH02811: script not found or unable to stat: C:/Apache24/cgi-bin/luci
[Fri Jun 06 18:58:33.537884 2025] [cgi:error] [pid 5312:tid 1028] [client 5.183.209.244:36146] AH02811: script not found or unable to stat: C:/Apache24/cgi-bin/luci
[Fri Jun 06 19:23:42.208214 2025] [core:error] [pid 5312:tid 1028] [client 113.56.161.14:62320] AH00126: Invalid URI in request 'bin/sh' 'POST /cgi-bin/.%2e/.%2e/.%2e/.%2e/.%2e/.%2e/.%2e/.%2e/.%2e/.%2e/bin/sh HTTP/1.1'
[Fri Jun 06 19:58:24.283818 2025] [cgi:error] [pid 5312:tid 1028] [client 5.183.209.244:39628] AH02811: script not found or unable to stat: C:/Apache24/cgi-bin/luci
[Fri Jun 06 21:11:12.247162 2025] [cgi:error] [pid 5312:tid 1028] [client 5.183.209.244:36054] AH02811: script not found or unable to stat: C:/Apache24/cgi-bin/luci
[Fri Jun 06 21:24:45.900567 2025] [core:error] [pid 5312:tid 1028] [client 92.38.17.217:60323] AH00126: Invalid URI in request 'mnt/mtd/Config/Account1' 'GET /../../../../../mnt/mtd/Config/Account1 HTTP/1.0'
[Fri Jun 06 21:24:46.105981 2025] [core:error] [pid 5312:tid 1028] [client 92.38.17.217:26224] AH00126: Invalid URI in request 'etc/passwd' 'GET /../../../../../etc/passwd HTTP/1.0'
[Fri Jun 06 22:39:22.999129 2025] [cgi:error] [pid 5312:tid 1032] [client 5.183.209.244:35504] AH02811: script not found or unable to stat: C:/Apache24/cgi-bin/luci
[Fri Jun 06 22:42:39.779518 2025] [cgi:error] [pid 5312:tid 1032] [client 43.173.1.57:39280] AH02812: attempt to invoke directory as script: C:/Apache24/cgi-bin/
[Sat Jun 07 00:41:42.968178 2025] [cgi:error] [pid 5312:tid 1032] [client 141.98.11.147:33218] AH02811: script not found or unable to stat: C:/Apache24/cgi-bin/luci
[Sat Jun 07 02:13:23.512382 2025] [cgi:error] [pid 5312:tid 1040] [client 86.54.31.34:43148] AH02812: attempt to invoke directory as script: C:/Apache24/cgi-bin/
[Sat Jun 07 05:19:26.050311 2025] [cgi:error] [pid 5312:tid 1040] [client 43.165.67.57:40884] AH02812: attempt to invoke directory as script: C:/Apache24/cgi-bin/
[Sat Jun 07 06:13:41.043813 2025] [cgi:error] [pid 5312:tid 1028] [client 34.253.55.27:59116] AH02812: attempt to invoke directory as script: C:/Apache24/cgi-bin/
[Sat Jun 07 06:31:44.155536 2025] [cgi:error] [pid 5312:tid 1040] [client 5.183.209.244:35728] AH02811: script not found or unable to stat: C:/Apache24/cgi-bin/luci
[Sat Jun 07 06:49:53.196164 2025] [core:error] [pid 5312:tid 1040] (20024)The given path is misformatted or contained invalid characters: [client 43.135.142.7:39684] AH00127: Cannot map GET /error/%3C%21-- HTTP/1.1 to file
[Sat Jun 07 08:05:18.818454 2025] [cgi:error] [pid 5312:tid 1040] [client 5.183.209.244:51300] AH02811: script not found or unable to stat: C:/Apache24/cgi-bin/luci
[Sat Jun 07 11:44:02.510228 2025] [cgi:error] [pid 5312:tid 1040] [client 167.94.146.56:39826] AH02812: attempt to invoke directory as script: C:/Apache24/cgi-bin/, referer: http://88.147.142.161:80/cgi-bin
[Sat Jun 07 16:33:50.228177 2025] [cgi:error] [pid 5312:tid 1028] [client 66.132.153.62:39628] AH02812: attempt to invoke directory as script: C:/Apache24/cgi-bin/, referer: http://88.147.142.161:80/cgi-bin
[Sat Jun 07 16:41:27.935543 2025] [cgi:error] [pid 5312:tid 1028] [client 5.183.209.244:42302] AH02811: script not found or unable to stat: C:/Apache24/cgi-bin/luci
[Sun Jun 08 10:55:17.869062 2025] [cgi:error] [pid 5312:tid 1128] [client 152.32.208.106:42328] AH02812: attempt to invoke directory as script: C:/Apache24/cgi-bin/
[Sun Jun 08 17:34:58.130079 2025] [cgi:error] [pid 5312:tid 1056] [client 195.3.221.137:44362] AH02811: script not found or unable to stat: C:/Apache24/cgi-bin/luci
[Sun Jun 08 17:34:58.197710 2025] [cgi:error] [pid 5312:tid 1056] [client 195.3.221.137:44372] AH02811: script not found or unable to stat: C:/Apache24/cgi-bin/luci
[Sun Jun 08 17:35:33.662315 2025] [cgi:error] [pid 5312:tid 1056] [client 87.121.84.34:47316] AH02811: script not found or unable to stat: C:/Apache24/cgi-bin/luci
[Sun Jun 08 17:35:34.837194 2025] [cgi:error] [pid 5312:tid 1056] [client 87.121.84.34:53178] AH02811: script not found or unable to stat: C:/Apache24/cgi-bin/luci
[Sun Jun 08 19:13:48.833743 2025] [cgi:error] [pid 5312:tid 1056] [client 167.94.145.101:57078] AH02812: attempt to invoke directory as script: C:/Apache24/cgi-bin/, referer: http://88.147.142.161:80/cgi-bin
[Sun Jun 08 21:53:18.650512 2025] [cgi:error] [pid 5312:tid 1060] [client 87.121.84.34:52620] AH02811: script not found or unable to stat: C:/Apache24/cgi-bin/luci
[Sun Jun 08 21:53:18.725200 2025] [cgi:error] [pid 5312:tid 1060] [client 87.121.84.34:52630] AH02811: script not found or unable to stat: C:/Apache24/cgi-bin/luci
[Mon Jun 09 02:56:47.851495 2025] [cgi:error] [pid 5312:tid 1060] [client 66.132.153.53:56462] AH02812: attempt to invoke directory as script: C:/Apache24/cgi-bin/, referer: http://88.147.142.161:80/cgi-bin
[Mon Jun 09 08:36:31.348118 2025] [cgi:error] [pid 5312:tid 1060] [client 89.42.231.140:34602] AH02811: script not found or unable to stat: C:/Apache24/cgi-bin/luci
[Mon Jun 09 09:44:57.197921 2025] [cgi:error] [pid 5312:tid 1044] [client 89.42.231.140:44110] AH02811: script not found or unable to stat: C:/Apache24/cgi-bin/luci
[Mon Jun 09 11:01:12.271551 2025] [cgi:error] [pid 5312:tid 1056] [client 89.42.231.140:39826] AH02811: script not found or unable to stat: C:/Apache24/cgi-bin/luci
[Mon Jun 09 11:50:28.197266 2025] [cgi:error] [pid 5312:tid 1060] [client 89.42.231.140:47432] AH02811: script not found or unable to stat: C:/Apache24/cgi-bin/luci
[Mon Jun 09 12:07:27.824116 2025] [cgi:error] [pid 5312:tid 1060] [client 89.42.231.140:39482] AH02811: script not found or unable to stat: C:/Apache24/cgi-bin/luci
[Mon Jun 09 14:45:20.018059 2025] [cgi:error] [pid 5312:tid 1060] [client 195.3.221.137:42040] AH02811: script not found or unable to stat: C:/Apache24/cgi-bin/luci
[Mon Jun 09 14:45:20.373680 2025] [cgi:error] [pid 5312:tid 1060] [client 195.3.221.137:42048] AH02811: script not found or unable to stat: C:/Apache24/cgi-bin/luci
[Mon Jun 09 16:16:36.112646 2025] [cgi:error] [pid 5312:tid 1060] [client 89.42.231.140:40956] AH02811: script not found or unable to stat: C:/Apache24/cgi-bin/luci
[Mon Jun 09 16:54:42.024434 2025] [cgi:error] [pid 5312:tid 1060] [client 199.45.155.72:37632] AH02812: attempt to invoke directory as script: C:/Apache24/cgi-bin/, referer: http://88.147.142.161:80/cgi-bin
[Mon Jun 09 17:36:52.794188 2025] [cgi:error] [pid 5312:tid 1060] [client 89.42.231.140:51908] AH02811: script not found or unable to stat: C:/Apache24/cgi-bin/luci
[Mon Jun 09 17:58:12.227523 2025] [cgi:error] [pid 5312:tid 1060] [client 195.3.221.137:47996] AH02811: script not found or unable to stat: C:/Apache24/cgi-bin/luci
[Mon Jun 09 17:58:14.302992 2025] [cgi:error] [pid 5312:tid 1060] [client 195.3.221.137:48008] AH02811: script not found or unable to stat: C:/Apache24/cgi-bin/luci
[Mon Jun 09 18:50:01.562306 2025] [cgi:error] [pid 5312:tid 1060] [client 89.42.231.140:56008] AH02811: script not found or unable to stat: C:/Apache24/cgi-bin/luci
[Mon Jun 09 19:36:01.095360 2025] [cgi:error] [pid 5312:tid 1056] [client 87.121.84.34:50160] AH02811: script not found or unable to stat: C:/Apache24/cgi-bin/luci
[Mon Jun 09 19:36:01.183532 2025] [cgi:error] [pid 5312:tid 1056] [client 87.121.84.34:50166] AH02811: script not found or unable to stat: C:/Apache24/cgi-bin/luci
[Mon Jun 09 19:53:23.182311 2025] [cgi:error] [pid 5312:tid 548] [client 89.42.231.140:46738] AH02811: script not found or unable to stat: C:/Apache24/cgi-bin/luci
[Mon Jun 09 22:19:48.136178 2025] [cgi:error] [pid 5312:tid 548] [client 89.42.231.140:40672] AH02811: script not found or unable to stat: C:/Apache24/cgi-bin/luci
[Mon Jun 09 23:22:35.616345 2025] [cgi:error] [pid 5312:tid 548] [client 89.42.231.140:45678] AH02811: script not found or unable to stat: C:/Apache24/cgi-bin/luci
[Mon Jun 09 23:33:10.639838 2025] [cgi:error] [pid 5312:tid 548] [client 195.3.221.137:33802] AH02811: script not found or unable to stat: C:/Apache24/cgi-bin/luci
[Mon Jun 09 23:33:11.494719 2025] [cgi:error] [pid 5312:tid 548] [client 195.3.221.137:33826] AH02811: script not found or unable to stat: C:/Apache24/cgi-bin/luci
[Tue Jun 10 00:34:43.871155 2025] [cgi:error] [pid 5312:tid 548] [client 89.42.231.140:33010] AH02811: script not found or unable to stat: C:/Apache24/cgi-bin/luci
[Tue Jun 10 00:39:16.990094 2025] [cgi:error] [pid 5312:tid 548] [client 162.142.125.45:56370] AH02812: attempt to invoke directory as script: C:/Apache24/cgi-bin/, referer: http://88.147.142.161:80/cgi-bin
[Tue Jun 10 00:41:20.584330 2025] [cgi:error] [pid 5312:tid 548] [client 167.94.138.194:52270] AH02812: attempt to invoke directory as script: C:/Apache24/cgi-bin/, referer: http://88.147.142.161:80/cgi-bin
[Tue Jun 10 01:42:44.823636 2025] [cgi:error] [pid 5312:tid 548] [client 89.42.231.140:60630] AH02811: script not found or unable to stat: C:/Apache24/cgi-bin/luci
[Tue Jun 10 03:05:14.748003 2025] [cgi:error] [pid 5312:tid 548] [client 89.42.231.140:46406] AH02811: script not found or unable to stat: C:/Apache24/cgi-bin/luci
[Tue Jun 10 04:02:52.738862 2025] [cgi:error] [pid 5312:tid 548] [client 87.121.84.34:51578] AH02811: script not found or unable to stat: C:/Apache24/cgi-bin/luci
[Tue Jun 10 04:02:52.954081 2025] [cgi:error] [pid 5312:tid 548] [client 87.121.84.34:51584] AH02811: script not found or unable to stat: C:/Apache24/cgi-bin/luci
[Tue Jun 10 04:36:19.588405 2025] [cgi:error] [pid 5312:tid 548] [client 89.42.231.140:38754] AH02811: script not found or unable to stat: C:/Apache24/cgi-bin/luci
[Tue Jun 10 06:04:53.500602 2025] [cgi:error] [pid 5312:tid 548] [client 89.42.231.140:53068] AH02811: script not found or unable to stat: C:/Apache24/cgi-bin/luci
[Tue Jun 10 11:03:47.815886 2025] [cgi:error] [pid 5312:tid 1044] [client 195.3.221.137:42166] AH02811: script not found or unable to stat: C:/Apache24/cgi-bin/luci
[Tue Jun 10 11:03:51.957292 2025] [cgi:error] [pid 5312:tid 1044] [client 195.3.221.137:51820] AH02811: script not found or unable to stat: C:/Apache24/cgi-bin/luci
[Tue Jun 10 13:10:24.193136 2025] [cgi:error] [pid 5312:tid 1056] [client 162.142.125.118:35776] AH02812: attempt to invoke directory as script: C:/Apache24/cgi-bin/, referer: http://88.147.142.161:80/cgi-bin
[Tue Jun 10 16:20:30.875201 2025] [cgi:error] [pid 5312:tid 1044] [client 196.251.85.74:34440] AH02811: script not found or unable to stat: C:/Apache24/cgi-bin/.env
[Tue Jun 10 16:42:58.851823 2025] [core:error] [pid 5312:tid 1056] [client 117.72.38.242:46486] AH00126: Invalid URI in request 'bin/sh' 'POST /cgi-bin/.%2e/.%2e/.%2e/.%2e/.%2e/.%2e/.%2e/.%2e/.%2e/.%2e/bin/sh HTTP/1.1'
[Tue Jun 10 22:15:33.594229 2025] [cgi:error] [pid 5312:tid 1056] [client 66.132.153.52:46916] AH02812: attempt to invoke directory as script: C:/Apache24/cgi-bin/, referer: http://88.147.142.161:80/cgi-bin
[Wed Jun 11 07:49:27.733266 2025] [cgi:error] [pid 5312:tid 1044] [client 167.94.145.102:35870] AH02812: attempt to invoke directory as script: C:/Apache24/cgi-bin/, referer: http://88.147.142.161:80/cgi-bin
[Wed Jun 11 09:54:10.627175 2025] [cgi:error] [pid 5312:tid 1044] [client 66.132.153.59:42018] AH02812: attempt to invoke directory as script: C:/Apache24/cgi-bin/, referer: http://88.147.142.161:80/cgi-bin
[Wed Jun 11 11:28:37.386837 2025] [cgi:error] [pid 5312:tid 1044] [client 167.94.138.198:43094] AH02812: attempt to invoke directory as script: C:/Apache24/cgi-bin/, referer: http://88.147.142.161:80/cgi-bin
[Wed Jun 11 13:42:24.709023 2025] [cgi:error] [pid 5312:tid 1128] [client 206.189.60.215:56924] AH02811: script not found or unable to stat: C:/Apache24/cgi-bin/authLogin.cgi
[Wed Jun 11 14:05:57.091512 2025] [cgi:error] [pid 5312:tid 1052] [client 45.156.130.42:44767] AH02811: script not found or unable to stat: C:/Apache24/cgi-bin/main.pl
[Wed Jun 11 14:08:46.149868 2025] [core:error] [pid 5312:tid 1052] [client 45.156.130.40:43093] AH00126: Invalid URI in request 'apache2/icons/sphere1.png' 'HEAD /icons/.%2e/%2e%2e/apache2/icons/sphere1.png HTTP/1.1'
[Wed Jun 11 14:08:46.993919 2025] [cgi:error] [pid 5312:tid 1052] [client 45.156.130.42:40667] AH02811: script not found or unable to stat: C:/Apache24/cgi-bin/authLogin.cgi
[Wed Jun 11 15:32:23.038728 2025] [cgi:error] [pid 5312:tid 1128] [client 86.54.31.32:37138] AH02812: attempt to invoke directory as script: C:/Apache24/cgi-bin/
[Wed Jun 11 16:06:16.362796 2025] [core:error] [pid 5312:tid 1056] [client 120.48.45.123:60468] AH00126: Invalid URI in request 'bin/sh' 'POST /cgi-bin/.%2e/.%2e/.%2e/.%2e/.%2e/.%2e/.%2e/.%2e/.%2e/.%2e/bin/sh HTTP/1.1'
[Wed Jun 11 16:38:03.298965 2025] [cgi:error] [pid 5312:tid 1056] [client 89.42.231.140:55512] AH02811: script not found or unable to stat: C:/Apache24/cgi-bin/luci
[Wed Jun 11 18:07:17.869697 2025] [cgi:error] [pid 5312:tid 1056] [client 89.42.231.140:59816] AH02811: script not found or unable to stat: C:/Apache24/cgi-bin/luci
[Wed Jun 11 19:51:05.817742 2025] [cgi:error] [pid 5312:tid 1128] [client 89.42.231.140:55360] AH02811: script not found or unable to stat: C:/Apache24/cgi-bin/luci
[Wed Jun 11 19:57:58.167679 2025] [core:error] [pid 5312:tid 1128] [client 104.131.118.62:41824] AH00126: Invalid URI in request 'HTTP/1.1' 'GET HTTP/1.1 HTTP/1.1'
[Wed Jun 11 21:25:57.046742 2025] [cgi:error] [pid 5312:tid 1128] [client 89.42.231.140:45288] AH02811: script not found or unable to stat: C:/Apache24/cgi-bin/luci
[Wed Jun 11 21:33:05.590721 2025] [cgi:error] [pid 5312:tid 1128] [client 43.157.142.101:57010] AH02812: attempt to invoke directory as script: C:/Apache24/cgi-bin/
[Wed Jun 11 23:02:27.420636 2025] [core:error] [pid 5312:tid 1128] (20024)The given path is misformatted or contained invalid characters: [client 43.153.7.191:60862] AH00127: Cannot map GET /error/%3C%21-- HTTP/1.1 to file
[Thu Jun 12 00:34:16.813045 2025] [cgi:error] [pid 5312:tid 1056] [client 89.42.231.140:49180] AH02811: script not found or unable to stat: C:/Apache24/cgi-bin/luci
[Thu Jun 12 03:56:19.651391 2025] [cgi:error] [pid 5312:tid 1056] [client 89.42.231.140:38292] AH02811: script not found or unable to stat: C:/Apache24/cgi-bin/luci
[Thu Jun 12 04:46:34.023383 2025] [cgi:error] [pid 5312:tid 1056] [client 152.42.254.165:55753] AH02811: script not found or unable to stat: C:/Apache24/cgi-bin/.env
[Thu Jun 12 04:50:20.658803 2025] [cgi:error] [pid 5312:tid 1056] [client 152.42.254.165:52445] AH02811: script not found or unable to stat: C:/Apache24/cgi-bin/.env.backup
[Thu Jun 12 04:55:15.427022 2025] [cgi:error] [pid 5312:tid 1056] [client 152.42.254.165:62120] AH02812: attempt to invoke directory as script: C:/Apache24/cgi-bin/
[Thu Jun 12 07:33:54.955472 2025] [core:error] [pid 5312:tid 1044] [client 92.55.190.215:51984] AH00126: Invalid URI in request 'bin/sh' 'POST /cgi-bin/.%2e/.%2e/.%2e/.%2e/.%2e/.%2e/.%2e/.%2e/.%2e/.%2e/bin/sh HTTP/1.1'
[Thu Jun 12 11:49:07.734973 2025] [cgi:error] [pid 5312:tid 1056] [client 43.157.170.13:55820] AH02812: attempt to invoke directory as script: C:/Apache24/cgi-bin/
[Thu Jun 12 18:10:38.434012 2025] [cgi:error] [pid 5312:tid 1052] [client 45.43.62.77:45756] AH02812: attempt to invoke directory as script: C:/Apache24/cgi-bin/
[Thu Jun 12 20:05:42.473620 2025] [cgi:error] [pid 5312:tid 1036] [client 162.142.125.41:49326] AH02812: attempt to invoke directory as script: C:/Apache24/cgi-bin/, referer: http://88.147.142.161:80/cgi-bin
[Thu Jun 12 21:09:35.542250 2025] [cgi:error] [pid 5312:tid 1036] [client 141.98.11.83:56756] AH02811: script not found or unable to stat: C:/Apache24/cgi-bin/luci
[Thu Jun 12 21:57:40.911605 2025] [cgi:error] [pid 5312:tid 1036] [client 141.98.11.83:59316] AH02811: script not found or unable to stat: C:/Apache24/cgi-bin/luci
[Fri Jun 13 00:30:22.575151 2025] [cgi:error] [pid 5312:tid 1080] [client 141.98.11.83:60074] AH02811: script not found or unable to stat: C:/Apache24/cgi-bin/luci
[Fri Jun 13 12:30:11.808924 2025] [core:error] [pid 5312:tid 1080] [client 117.72.210.157:49172] AH00126: Invalid URI in request 'bin/sh' 'POST /cgi-bin/.%2e/.%2e/.%2e/.%2e/.%2e/.%2e/.%2e/.%2e/.%2e/.%2e/bin/sh HTTP/1.1'
[Fri Jun 13 15:52:18.152762 2025] [core:error] [pid 5312:tid 1036] [client 104.131.118.62:52678] AH00126: Invalid URI in request 'HTTP/1.1' 'GET HTTP/1.1 HTTP/1.1'
[Fri Jun 13 16:08:21.344470 2025] [core:error] [pid 5312:tid 1036] [client 117.72.210.157:45178] AH00126: Invalid URI in request 'bin/sh' 'POST /cgi-bin/.%2e/.%2e/.%2e/.%2e/.%2e/.%2e/.%2e/.%2e/.%2e/.%2e/bin/sh HTTP/1.1'
[Fri Jun 13 16:08:21.879416 2025] [core:error] [pid 5312:tid 1052] [client 117.72.210.157:45310] AH00126: Invalid URI in request 'bin/sh' 'POST /cgi-bin/.%2e/.%2e/.%2e/.%2e/.%2e/.%2e/.%2e/.%2e/.%2e/.%2e/bin/sh HTTP/1.1'
[Fri Jun 13 16:08:22.203290 2025] [core:error] [pid 5312:tid 548] [client 117.72.210.157:45726] AH00126: Invalid URI in request 'bin/sh' 'POST /cgi-bin/.%2e/.%2e/.%2e/.%2e/.%2e/.%2e/.%2e/.%2e/.%2e/.%2e/bin/sh HTTP/1.1'
[Fri Jun 13 20:27:57.522291 2025] [cgi:error] [pid 5312:tid 548] [client 66.132.153.53:44420] AH02812: attempt to invoke directory as script: C:/Apache24/cgi-bin/, referer: http://88.147.142.161:80/cgi-bin
[Fri Jun 13 23:17:20.606501 2025] [cgi:error] [pid 5312:tid 548] [client 87.121.84.34:54034] AH02811: script not found or unable to stat: C:/Apache24/cgi-bin/luci
[Fri Jun 13 23:17:20.699952 2025] [cgi:error] [pid 5312:tid 548] [client 87.121.84.34:54044] AH02811: script not found or unable to stat: C:/Apache24/cgi-bin/luci
[Sat Jun 14 00:40:52.607573 2025] [cgi:error] [pid 5312:tid 548] [client 89.42.231.140:46514] AH02811: script not found or unable to stat: C:/Apache24/cgi-bin/luci
[Sat Jun 14 02:45:13.824429 2025] [cgi:error] [pid 5312:tid 548] [client 141.98.11.83:32858] AH02811: script not found or unable to stat: C:/Apache24/cgi-bin/luci
[Sat Jun 14 02:58:59.644141 2025] [cgi:error] [pid 5312:tid 548] [client 89.42.231.140:52430] AH02811: script not found or unable to stat: C:/Apache24/cgi-bin/luci
[Sat Jun 14 03:41:58.447538 2025] [cgi:error] [pid 5312:tid 548] [client 89.42.231.140:33912] AH02811: script not found or unable to stat: C:/Apache24/cgi-bin/luci
[Sat Jun 14 04:50:59.504166 2025] [cgi:error] [pid 5312:tid 1036] [client 89.42.231.140:46718] AH02811: script not found or unable to stat: C:/Apache24/cgi-bin/luci
[Sat Jun 14 05:48:24.145772 2025] [cgi:error] [pid 5312:tid 1036] [client 89.42.231.140:51726] AH02811: script not found or unable to stat: C:/Apache24/cgi-bin/luci
[Sat Jun 14 06:56:33.636186 2025] [cgi:error] [pid 5312:tid 1036] [client 89.42.231.140:44670] AH02811: script not found or unable to stat: C:/Apache24/cgi-bin/luci
[Sat Jun 14 07:58:18.528214 2025] [cgi:error] [pid 5312:tid 1036] [client 89.42.231.140:46326] AH02811: script not found or unable to stat: C:/Apache24/cgi-bin/luci
[Sat Jun 14 09:04:27.226356 2025] [cgi:error] [pid 5312:tid 548] [client 89.42.231.140:56458] AH02811: script not found or unable to stat: C:/Apache24/cgi-bin/luci
[Sat Jun 14 10:03:07.982787 2025] [cgi:error] [pid 5312:tid 548] [client 89.42.231.140:33652] AH02811: script not found or unable to stat: C:/Apache24/cgi-bin/luci
[Sat Jun 14 11:00:52.492129 2025] [cgi:error] [pid 5312:tid 1036] [client 89.42.231.140:47820] AH02811: script not found or unable to stat: C:/Apache24/cgi-bin/luci
[Sat Jun 14 12:11:58.219280 2025] [cgi:error] [pid 5312:tid 1036] [client 89.42.231.140:40506] AH02811: script not found or unable to stat: C:/Apache24/cgi-bin/luci
[Sat Jun 14 13:32:16.598319 2025] [cgi:error] [pid 5312:tid 548] [client 34.253.55.27:60024] AH02812: attempt to invoke directory as script: C:/Apache24/cgi-bin/
[Sat Jun 14 20:38:07.020898 2025] [cgi:error] [pid 5312:tid 1052] [client 66.132.153.52:34948] AH02812: attempt to invoke directory as script: C:/Apache24/cgi-bin/, referer: http://88.147.142.161:80/cgi-bin
[Sat Jun 14 20:40:17.865431 2025] [cgi:error] [pid 5312:tid 1052] [client 89.42.231.140:46012] AH02811: script not found or unable to stat: C:/Apache24/cgi-bin/luci
[Sat Jun 14 22:21:30.074033 2025] [cgi:error] [pid 5312:tid 1036] [client 89.42.231.140:47640] AH02811: script not found or unable to stat: C:/Apache24/cgi-bin/luci
[Sat Jun 14 23:44:48.880806 2025] [cgi:error] [pid 5312:tid 1052] [client 89.42.231.140:33916] AH02811: script not found or unable to stat: C:/Apache24/cgi-bin/luci
[Sun Jun 15 00:11:17.945640 2025] [cgi:error] [pid 5312:tid 1052] [client 45.135.194.34:34320] AH02811: script not found or unable to stat: C:/Apache24/cgi-bin/luci
[Sun Jun 15 00:49:45.241206 2025] [cgi:error] [pid 5312:tid 1052] [client 89.42.231.140:36094] AH02811: script not found or unable to stat: C:/Apache24/cgi-bin/luci
[Sun Jun 15 02:41:50.403648 2025] [cgi:error] [pid 5312:tid 1052] [client 89.42.231.140:47666] AH02811: script not found or unable to stat: C:/Apache24/cgi-bin/luci
[Sun Jun 15 04:06:58.928623 2025] [cgi:error] [pid 5312:tid 1052] [client 89.42.231.140:51708] AH02811: script not found or unable to stat: C:/Apache24/cgi-bin/luci
[Sun Jun 15 05:30:46.190230 2025] [cgi:error] [pid 5312:tid 1052] [client 89.42.231.140:34374] AH02811: script not found or unable to stat: C:/Apache24/cgi-bin/luci
[Sun Jun 15 07:42:29.325326 2025] [cgi:error] [pid 5312:tid 1052] [client 89.42.231.140:38282] AH02811: script not found or unable to stat: C:/Apache24/cgi-bin/luci
[Sun Jun 15 09:08:53.098639 2025] [cgi:error] [pid 5312:tid 1052] [client 89.42.231.140:34190] AH02811: script not found or unable to stat: C:/Apache24/cgi-bin/luci
[Sun Jun 15 10:35:15.825334 2025] [cgi:error] [pid 5312:tid 1052] [client 89.42.231.140:39218] AH02811: script not found or unable to stat: C:/Apache24/cgi-bin/luci
[Sun Jun 15 11:52:20.858433 2025] [cgi:error] [pid 5312:tid 1036] [client 89.42.231.140:52052] AH02811: script not found or unable to stat: C:/Apache24/cgi-bin/luci
[Sun Jun 15 17:49:56.319752 2025] [cgi:error] [pid 5312:tid 548] [client 134.122.91.241:16504] AH02811: script not found or unable to stat: C:/Apache24/cgi-bin/authLogin.cgi
[Sun Jun 15 19:53:59.156737 2025] [cgi:error] [pid 5312:tid 548] [client 164.90.176.33:41022] AH02811: script not found or unable to stat: C:/Apache24/cgi-bin/authLogin.cgi
[Mon Jun 16 02:07:19.231847 2025] [cgi:error] [pid 5312:tid 1052] [client 165.154.11.172:51426] AH02812: attempt to invoke directory as script: C:/Apache24/cgi-bin/
[Mon Jun 16 04:00:31.784578 2025] [cgi:error] [pid 5312:tid 1036] [client 122.146.58.8:30779] AH02812: attempt to invoke directory as script: C:/Apache24/cgi-bin/
[Mon Jun 16 04:49:01.819208 2025] [cgi:error] [pid 5312:tid 1028] [client 34.22.205.203:46564] AH02812: attempt to invoke directory as script: C:/Apache24/cgi-bin/
[Mon Jun 16 08:45:50.354455 2025] [cgi:error] [pid 5312:tid 548] [client 34.28.122.156:50364] AH02811: script not found or unable to stat: C:/Apache24/cgi-bin/luci
[Mon Jun 16 09:33:52.609445 2025] [cgi:error] [pid 5312:tid 1056] [client 66.132.153.53:57384] AH02812: attempt to invoke directory as script: C:/Apache24/cgi-bin/, referer: http://88.147.142.161:80/cgi-bin
[Mon Jun 16 11:06:50.690704 2025] [cgi:error] [pid 5312:tid 1056] [client 45.135.194.34:56410] AH02811: script not found or unable to stat: C:/Apache24/cgi-bin/luci
[Mon Jun 16 11:59:29.691225 2025] [cgi:error] [pid 5312:tid 1056] [client 199.45.154.150:41476] AH02812: attempt to invoke directory as script: C:/Apache24/cgi-bin/, referer: http://88.147.142.161:80/cgi-bin
[Mon Jun 16 13:48:30.899363 2025] [cgi:error] [pid 5312:tid 1028] [client 45.135.194.34:58914] AH02811: script not found or unable to stat: C:/Apache24/cgi-bin/luci
[Mon Jun 16 16:52:26.304246 2025] [cgi:error] [pid 5312:tid 1056] [client 45.135.194.34:49436] AH02811: script not found or unable to stat: C:/Apache24/cgi-bin/luci
[Mon Jun 16 17:31:01.645414 2025] [cgi:error] [pid 5312:tid 1056] [client 87.121.84.34:36892] AH02811: script not found or unable to stat: C:/Apache24/cgi-bin/luci
[Mon Jun 16 17:31:01.724761 2025] [cgi:error] [pid 5312:tid 1056] [client 87.121.84.34:36904] AH02811: script not found or unable to stat: C:/Apache24/cgi-bin/luci
[Mon Jun 16 19:31:17.692165 2025] [cgi:error] [pid 5312:tid 1056] [client 167.94.145.111:56054] AH02812: attempt to invoke directory as script: C:/Apache24/cgi-bin/, referer: http://88.147.142.161:80/cgi-bin
[Mon Jun 16 20:07:01.785012 2025] [cgi:error] [pid 5312:tid 1056] [client 45.135.194.34:43496] AH02811: script not found or unable to stat: C:/Apache24/cgi-bin/luci
[Mon Jun 16 20:08:02.774208 2025] [cgi:error] [pid 5312:tid 1056] [client 167.94.146.62:56624] AH02812: attempt to invoke directory as script: C:/Apache24/cgi-bin/, referer: http://88.147.142.161:80/cgi-bin
[Mon Jun 16 22:58:56.895153 2025] [cgi:error] [pid 5312:tid 548] [client 144.172.108.37:60024] AH02811: script not found or unable to stat: C:/Apache24/cgi-bin/luci
[Tue Jun 17 01:05:25.009026 2025] [cgi:error] [pid 5312:tid 548] [client 43.159.128.237:45468] AH02812: attempt to invoke directory as script: C:/Apache24/cgi-bin/
[Tue Jun 17 02:29:48.179480 2025] [cgi:error] [pid 5312:tid 548] [client 45.135.194.34:35626] AH02811: script not found or unable to stat: C:/Apache24/cgi-bin/luci
[Tue Jun 17 02:34:57.030884 2025] [core:error] [pid 5312:tid 548] (20024)The given path is misformatted or contained invalid characters: [client 43.159.140.236:34970] AH00127: Cannot map GET /error/%3C%21-- HTTP/1.1 to file
[Tue Jun 17 04:00:28.744194 2025] [cgi:error] [pid 5312:tid 600] [client 43.173.1.8:43066] AH02812: attempt to invoke directory as script: C:/Apache24/cgi-bin/
[Tue Jun 17 04:00:29.495905 2025] [mpm_winnt:error] [pid 5312:tid 4776] AH00326: Server ran out of threads to serve requests. Consider raising the ThreadsPerChild setting
[Tue Jun 17 04:00:42.494171 2025] [cgi:error] [pid 5312:tid 744] [client 43.173.1.8:50926] AH02812: attempt to invoke directory as script: C:/Apache24/cgi-bin/
[Tue Jun 17 05:23:52.549068 2025] [cgi:error] [pid 5312:tid 552] [client 89.42.231.140:44712] AH02811: script not found or unable to stat: C:/Apache24/cgi-bin/luci
[Tue Jun 17 05:28:00.324705 2025] [cgi:error] [pid 5312:tid 552] [client 43.167.239.66:56730] AH02812: attempt to invoke directory as script: C:/Apache24/cgi-bin/
[Tue Jun 17 05:41:36.399234 2025] [cgi:error] [pid 5312:tid 552] [client 45.135.194.34:46552] AH02811: script not found or unable to stat: C:/Apache24/cgi-bin/luci
[Tue Jun 17 18:29:14.839457 2025] [cgi:error] [pid 5312:tid 1056] [client 87.121.84.34:52734] AH02811: script not found or unable to stat: C:/Apache24/cgi-bin/luci
[Tue Jun 17 18:29:14.918561 2025] [cgi:error] [pid 5312:tid 1056] [client 87.121.84.34:52740] AH02811: script not found or unable to stat: C:/Apache24/cgi-bin/luci
[Wed Jun 18 03:34:30.075751 2025] [cgi:error] [pid 5312:tid 604] [client 167.94.145.111:40668] AH02812: attempt to invoke directory as script: C:/Apache24/cgi-bin/, referer: http://88.147.142.161:80/cgi-bin
[Wed Jun 18 05:50:21.956319 2025] [cgi:error] [pid 5312:tid 604] [client 87.121.84.34:36572] AH02811: script not found or unable to stat: C:/Apache24/cgi-bin/luci
[Wed Jun 18 05:50:22.026098 2025] [cgi:error] [pid 5312:tid 604] [client 87.121.84.34:36582] AH02811: script not found or unable to stat: C:/Apache24/cgi-bin/luci
[Wed Jun 18 07:17:03.692232 2025] [cgi:error] [pid 5312:tid 604] [client 141.255.162.250:50302] AH02811: script not found or unable to stat: C:/Apache24/cgi-bin/luci
[Wed Jun 18 08:01:18.729354 2025] [cgi:error] [pid 5312:tid 604] [client 141.255.162.250:54724] AH02811: script not found or unable to stat: C:/Apache24/cgi-bin/luci
[Wed Jun 18 12:24:25.719184 2025] [cgi:error] [pid 5312:tid 1116] [client 139.162.142.167:35544] AH02811: script not found or unable to stat: C:/Apache24/cgi-bin/info.cgi
[Wed Jun 18 12:24:28.869992 2025] [core:error] [pid 5312:tid 1116] [client 139.162.142.167:36610] AH00126: Invalid URI in request 'default.asp' 'GET default.asp HTTP/1.1'
[Wed Jun 18 12:24:30.869983 2025] [cgi:error] [pid 5312:tid 1032] [client 139.162.142.167:37498] AH02811: script not found or unable to stat: C:/Apache24/cgi-bin/param.cgi
[Thu Jun 19 05:21:19.438345 2025] [cgi:error] [pid 5312:tid 536] [client 45.156.87.142:36454] AH02811: script not found or unable to stat: C:/Apache24/cgi-bin/luci
[Thu Jun 19 11:54:29.874162 2025] [cgi:error] [pid 5312:tid 1116] [client 66.132.153.55:33298] AH02812: attempt to invoke directory as script: C:/Apache24/cgi-bin/, referer: http://88.147.142.161:80/cgi-bin
[Thu Jun 19 16:41:39.925631 2025] [cgi:error] [pid 5312:tid 1032] [client 87.121.84.34:40976] AH02811: script not found or unable to stat: C:/Apache24/cgi-bin/luci
[Thu Jun 19 16:41:43.254868 2025] [cgi:error] [pid 5312:tid 1032] [client 87.121.84.34:40982] AH02811: script not found or unable to stat: C:/Apache24/cgi-bin/luci
[Thu Jun 19 22:54:38.949828 2025] [cgi:error] [pid 5312:tid 1040] [client 173.212.223.233:56526] AH02812: attempt to invoke directory as script: C:/Apache24/cgi-bin/
[Thu Jun 19 22:54:45.714452 2025] [cgi:error] [pid 5312:tid 1032] [client 45.135.194.34:46842] AH02811: script not found or unable to stat: C:/Apache24/cgi-bin/luci
[Fri Jun 20 01:40:59.081430 2025] [cgi:error] [pid 5312:tid 1040] [client 66.132.153.52:49736] AH02812: attempt to invoke directory as script: C:/Apache24/cgi-bin/, referer: http://88.147.142.161:80/cgi-bin
[Fri Jun 20 02:07:51.245567 2025] [cgi:error] [pid 5312:tid 1032] [client 45.135.194.34:54490] AH02811: script not found or unable to stat: C:/Apache24/cgi-bin/luci
[Fri Jun 20 05:02:07.044683 2025] [cgi:error] [pid 5312:tid 1040] [client 87.121.84.34:40176] AH02811: script not found or unable to stat: C:/Apache24/cgi-bin/luci
[Fri Jun 20 05:02:07.120249 2025] [cgi:error] [pid 5312:tid 1040] [client 87.121.84.34:40190] AH02811: script not found or unable to stat: C:/Apache24/cgi-bin/luci
[Fri Jun 20 08:05:44.940016 2025] [cgi:error] [pid 5312:tid 1032] [client 167.94.146.54:54800] AH02812: attempt to invoke directory as script: C:/Apache24/cgi-bin/, referer: http://88.147.142.161:80/cgi-bin
[Fri Jun 20 22:59:23.977372 2025] [cgi:error] [pid 5312:tid 1032] [client 89.42.231.140:48650] AH02811: script not found or unable to stat: C:/Apache24/cgi-bin/luci
[Sat Jun 21 00:51:52.077109 2025] [core:error] [pid 5312:tid 1032] [client 47.79.148.15:44624] AH00126: Invalid URI in request 'bin/sh' 'POST /cgi-bin/.%2e/.%2e/.%2e/.%2e/.%2e/.%2e/.%2e/.%2e/.%2e/.%2e/bin/sh HTTP/1.1'
[Sat Jun 21 02:45:53.640966 2025] [cgi:error] [pid 5312:tid 1032] [client 89.42.231.140:58508] AH02811: script not found or unable to stat: C:/Apache24/cgi-bin/luci
[Sat Jun 21 03:38:49.667468 2025] [cgi:error] [pid 5312:tid 1056] [client 46.101.98.61:27222] AH02811: script not found or unable to stat: C:/Apache24/cgi-bin/authLogin.cgi
[Sat Jun 21 05:23:49.179796 2025] [cgi:error] [pid 5312:tid 536] [client 66.132.153.51:46094] AH02812: attempt to invoke directory as script: C:/Apache24/cgi-bin/, referer: http://88.147.142.161:80/cgi-bin
[Sat Jun 21 07:34:43.481050 2025] [cgi:error] [pid 5312:tid 536] [client 89.42.231.140:34248] AH02811: script not found or unable to stat: C:/Apache24/cgi-bin/luci
[Sat Jun 21 12:52:56.810840 2025] [cgi:error] [pid 5312:tid 468] [client 89.42.231.140:36912] AH02811: script not found or unable to stat: C:/Apache24/cgi-bin/luci
[Sat Jun 21 13:34:25.718697 2025] [cgi:error] [pid 5312:tid 1116] [client 3.248.77.100:49486] AH02812: attempt to invoke directory as script: C:/Apache24/cgi-bin/
[Sat Jun 21 15:19:45.462411 2025] [cgi:error] [pid 5312:tid 468] [client 89.42.231.140:58914] AH02811: script not found or unable to stat: C:/Apache24/cgi-bin/luci
[Sat Jun 21 19:19:06.364198 2025] [cgi:error] [pid 5312:tid 468] [client 89.42.231.140:34274] AH02811: script not found or unable to stat: C:/Apache24/cgi-bin/luci
[Sat Jun 21 21:50:32.282018 2025] [core:error] [pid 5312:tid 1116] [client 185.91.69.110:50266] AH00126: Invalid URI in request 'stager64' 'GET stager64 HTTP/1.1'
[Sat Jun 21 22:53:26.129016 2025] [cgi:error] [pid 5312:tid 1116] [client 43.155.27.244:34022] AH02812: attempt to invoke directory as script: C:/Apache24/cgi-bin/
[Sat Jun 21 23:02:03.463317 2025] [cgi:error] [pid 5312:tid 1116] [client 89.42.231.140:60196] AH02811: script not found or unable to stat: C:/Apache24/cgi-bin/luci
[Sun Jun 22 01:21:09.847761 2025] [core:error] [pid 5312:tid 1116] [client 114.132.122.122:35262] AH00126: Invalid URI in request 'bin/sh' 'POST /cgi-bin/.%2e/.%2e/.%2e/.%2e/.%2e/.%2e/.%2e/.%2e/.%2e/.%2e/bin/sh HTTP/1.1'
[Sun Jun 22 03:34:55.656322 2025] [cgi:error] [pid 5312:tid 1116] [client 43.157.147.3:40064] AH02812: attempt to invoke directory as script: C:/Apache24/cgi-bin/
[Sun Jun 22 11:44:52.468748 2025] [cgi:error] [pid 5312:tid 468] [client 37.49.226.143:51133] AH02811: script not found or unable to stat: C:/Apache24/cgi-bin/sms_send
[Sun Jun 22 11:44:52.607669 2025] [cgi:error] [pid 5312:tid 468] [client 37.49.226.143:51164] AH02811: script not found or unable to stat: C:/Apache24/cgi-bin/sms_send
[Sun Jun 22 11:44:52.759428 2025] [cgi:error] [pid 5312:tid 468] [client 37.49.226.143:51200] AH02811: script not found or unable to stat: C:/Apache24/cgi-bin/sms_send
[Sun Jun 22 14:48:34.961223 2025] [cgi:error] [pid 5312:tid 468] [client 66.132.153.58:44910] AH02812: attempt to invoke directory as script: C:/Apache24/cgi-bin/, referer: http://88.147.142.161:80/cgi-bin
[Mon Jun 23 21:30:20.855259 2025] [cgi:error] [pid 5312:tid 576] [client 89.42.231.140:59526] AH02811: script not found or unable to stat: C:/Apache24/cgi-bin/luci
[Mon Jun 23 22:11:59.530886 2025] [cgi:error] [pid 5312:tid 576] [client 87.121.84.34:48702] AH02811: script not found or unable to stat: C:/Apache24/cgi-bin/luci
[Mon Jun 23 22:11:59.664684 2025] [cgi:error] [pid 5312:tid 576] [client 87.121.84.34:48708] AH02811: script not found or unable to stat: C:/Apache24/cgi-bin/luci
[Tue Jun 24 08:31:03.773167 2025] [cgi:error] [pid 5312:tid 1116] [client 93.174.95.106:57668] AH02812: attempt to invoke directory as script: C:/Apache24/cgi-bin/
[Tue Jun 24 20:38:10.042717 2025] [core:warn] [pid 3172:tid 676] AH00098: pid file C:/Apache24/logs/httpd.pid overwritten -- Unclean shutdown of previous Apache run?
[Tue Jun 24 20:38:10.050696 2025] [mpm_winnt:notice] [pid 3172:tid 676] AH00455: Apache/2.4.46 (Win64) configured -- resuming normal operations
[Tue Jun 24 20:38:10.050696 2025] [mpm_winnt:notice] [pid 3172:tid 676] AH00456: Apache Lounge VS16 Server built: Dec 9 2020 13:42:35
[Tue Jun 24 20:38:10.050696 2025] [core:notice] [pid 3172:tid 676] AH00094: Command line: 'C:\\Apache24\\bin\\httpd.exe -d C:/Apache24'
[Tue Jun 24 20:38:10.051694 2025] [mpm_winnt:notice] [pid 3172:tid 676] AH00418: Parent: Created child process 5256
[Tue Jun 24 20:38:10.474562 2025] [mpm_winnt:notice] [pid 5256:tid 608] AH00354: Child: Starting 64 worker threads.
[Tue Jun 24 20:56:07.675468 2025] [cgi:error] [pid 5256:tid 1140] [client 162.142.125.36:52584] AH02812: attempt to invoke directory as script: C:/Apache24/cgi-bin/, referer: http://88.147.142.161:80/cgi-bin
[Wed Jun 25 11:10:33.094862 2025] [core:warn] [pid 3124:tid 620] AH00098: pid file C:/Apache24/logs/httpd.pid overwritten -- Unclean shutdown of previous Apache run?
[Wed Jun 25 11:10:33.149845 2025] [mpm_winnt:notice] [pid 3124:tid 620] AH00455: Apache/2.4.46 (Win64) configured -- resuming normal operations
[Wed Jun 25 11:10:33.149845 2025] [mpm_winnt:notice] [pid 3124:tid 620] AH00456: Apache Lounge VS16 Server built: Dec 9 2020 13:42:35
[Wed Jun 25 11:10:33.149845 2025] [core:notice] [pid 3124:tid 620] AH00094: Command line: 'C:\\Apache24\\bin\\httpd.exe -d C:/Apache24'
[Wed Jun 25 11:10:33.150843 2025] [mpm_winnt:notice] [pid 3124:tid 620] AH00418: Parent: Created child process 5384
[Wed Jun 25 11:10:33.631001 2025] [mpm_winnt:notice] [pid 5384:tid 588] AH00354: Child: Starting 64 worker threads.
[Wed Jun 25 11:33:59.648269 2025] [core:warn] [pid 3168:tid 596] AH00098: pid file C:/Apache24/logs/httpd.pid overwritten -- Unclean shutdown of previous Apache run?
[Wed Jun 25 11:33:59.725064 2025] [mpm_winnt:notice] [pid 3168:tid 596] AH00455: Apache/2.4.46 (Win64) configured -- resuming normal operations
[Wed Jun 25 11:33:59.725064 2025] [mpm_winnt:notice] [pid 3168:tid 596] AH00456: Apache Lounge VS16 Server built: Dec 9 2020 13:42:35
[Wed Jun 25 11:33:59.725064 2025] [core:notice] [pid 3168:tid 596] AH00094: Command line: 'C:\\Apache24\\bin\\httpd.exe -d C:/Apache24'
[Wed Jun 25 11:33:59.726062 2025] [mpm_winnt:notice] [pid 3168:tid 596] AH00418: Parent: Created child process 4392
[Wed Jun 25 11:34:00.227721 2025] [mpm_winnt:notice] [pid 4392:tid 596] AH00354: Child: Starting 64 worker threads.
[Wed Jun 25 22:10:17.108739 2025] [cgi:error] [pid 4392:tid 1140] [client 134.122.67.59:2224] AH02811: script not found or unable to stat: C:/Apache24/cgi-bin/authLogin.cgi
[Wed Jun 25 23:15:37.577495 2025] [cgi:error] [pid 4392:tid 1124] [client 134.122.67.59:57030] AH02811: script not found or unable to stat: C:/Apache24/cgi-bin/authLogin.cgi
[Thu Jun 26 00:06:45.170548 2025] [cgi:error] [pid 4392:tid 1116] [client 167.94.145.111:35584] AH02812: attempt to invoke directory as script: C:/Apache24/cgi-bin/, referer: http://88.147.142.161:80/cgi-bin
[Thu Jun 26 01:33:20.227102 2025] [cgi:error] [pid 4392:tid 1116] [client 66.132.153.58:56562] AH02812: attempt to invoke directory as script: C:/Apache24/cgi-bin/, referer: http://88.147.142.161:80/cgi-bin
