[Wed Feb 19 08:02:34.731770 2025] [mpm_winnt:notice] [pid 3460:tid 780] AH00456: Apache Lounge VS16 Server built: Dec 9 2020 13:42:35
[Wed Feb 19 08:02:34.731770 2025] [core:notice] [pid 3460:tid 780] AH00094: Command line: 'C:\\Apache24\\bin\\httpd.exe -d C:/Apache24'
[Wed Feb 19 08:02:34.732767 2025] [mpm_winnt:notice] [pid 3460:tid 780] AH00418: Parent: Created child process 5384
[Wed Feb 19 08:02:35.564542 2025] [mpm_winnt:notice] [pid 5384:tid 712] AH00354: Child: Starting 64 worker threads.
[Wed Feb 19 09:15:52.076407 2025] [cgi:error] [pid 5384:tid 1140] [client 164.92.245.26:55542] AH02811: script not found or unable to stat: C:/Apache24/cgi-bin/authLogin.cgi
[Wed Feb 19 11:33:35.013415 2025] [cgi:error] [pid 5384:tid 1124] [client 141.255.166.90:53480] AH02811: script not found or unable to stat: C:/Apache24/cgi-bin/luci
[Wed Feb 19 12:29:07.904225 2025] [cgi:error] [pid 5384:tid 1124] [client 141.255.166.90:47966] AH02811: script not found or unable to stat: C:/Apache24/cgi-bin/luci
[Wed Feb 19 14:01:11.330709 2025] [cgi:error] [pid 5384:tid 1140] [client 141.255.166.90:49818] AH02811: script not found or unable to stat: C:/Apache24/cgi-bin/luci
[Wed Feb 19 15:09:24.414096 2025] [cgi:error] [pid 5384:tid 1128] [client 141.255.166.90:38582] AH02811: script not found or unable to stat: C:/Apache24/cgi-bin/luci
[Wed Feb 19 16:11:45.305901 2025] [cgi:error] [pid 5384:tid 1124] [client 141.255.166.90:45962] AH02811: script not found or unable to stat: C:/Apache24/cgi-bin/luci
[Wed Feb 19 16:45:01.753275 2025] [mpm_winnt:notice] [pid 3460:tid 780] AH00422: Parent: Received shutdown signal -- Shutting down the server.
[Wed Feb 19 16:45:03.784147 2025] [mpm_winnt:notice] [pid 5384:tid 712] AH00364: Child: All worker threads have exited.
[Thu Feb 20 07:54:37.010252 2025] [core:warn] [pid 3408:tid 668] AH00098: pid file C:/Apache24/logs/httpd.pid overwritten -- Unclean shutdown of previous Apache run?
[Thu Feb 20 07:54:37.122781 2025] [mpm_winnt:notice] [pid 3408:tid 668] AH00455: Apache/2.4.46 (Win64) configured -- resuming normal operations
[Thu Feb 20 07:54:37.122781 2025] [mpm_winnt:notice] [pid 3408:tid 668] AH00456: Apache Lounge VS16 Server built: Dec 9 2020 13:42:35
[Thu Feb 20 07:54:37.122781 2025] [core:notice] [pid 3408:tid 668] AH00094: Command line: 'C:\\Apache24\\bin\\httpd.exe -d C:/Apache24'
[Thu Feb 20 07:54:37.123779 2025] [mpm_winnt:notice] [pid 3408:tid 668] AH00418: Parent: Created child process 5228
[Thu Feb 20 07:54:37.598032 2025] [mpm_winnt:notice] [pid 5228:tid 588] AH00354: Child: Starting 64 worker threads.
[Thu Feb 20 08:00:05.910725 2025] [cgi:error] [pid 5228:tid 1140] [client 141.255.166.90:45618] AH02811: script not found or unable to stat: C:/Apache24/cgi-bin/luci
[Thu Feb 20 08:52:35.762590 2025] [cgi:error] [pid 5228:tid 1140] [client 141.255.166.90:55238] AH02811: script not found or unable to stat: C:/Apache24/cgi-bin/luci
[Thu Feb 20 13:40:31.356769 2025] [cgi:error] [pid 5228:tid 1124] [client 141.255.166.90:44202] AH02811: script not found or unable to stat: C:/Apache24/cgi-bin/luci
[Thu Feb 20 16:08:26.681091 2025] [cgi:error] [pid 5228:tid 1088] [client 141.255.166.90:51912] AH02811: script not found or unable to stat: C:/Apache24/cgi-bin/luci
[Thu Feb 20 16:45:58.326579 2025] [mpm_winnt:notice] [pid 3408:tid 668] AH00422: Parent: Received shutdown signal -- Shutting down the server.
[Thu Feb 20 16:46:00.357356 2025] [mpm_winnt:notice] [pid 5228:tid 588] AH00364: Child: All worker threads have exited.
[Fri Feb 21 07:53:44.112559 2025] [core:warn] [pid 3532:tid 596] AH00098: pid file C:/Apache24/logs/httpd.pid overwritten -- Unclean shutdown of previous Apache run?
[Fri Feb 21 07:53:44.153407 2025] [mpm_winnt:notice] [pid 3532:tid 596] AH00455: Apache/2.4.46 (Win64) configured -- resuming normal operations
[Fri Feb 21 07:53:44.153407 2025] [mpm_winnt:notice] [pid 3532:tid 596] AH00456: Apache Lounge VS16 Server built: Dec 9 2020 13:42:35
[Fri Feb 21 07:53:44.153407 2025] [core:notice] [pid 3532:tid 596] AH00094: Command line: 'C:\\Apache24\\bin\\httpd.exe -d C:/Apache24'
[Fri Feb 21 07:53:44.153407 2025] [mpm_winnt:notice] [pid 3532:tid 596] AH00418: Parent: Created child process 5824
[Fri Feb 21 07:53:44.810568 2025] [mpm_winnt:notice] [pid 5824:tid 528] AH00354: Child: Starting 64 worker threads.
[Fri Feb 21 08:27:57.731242 2025] [cgi:error] [pid 5824:tid 1136] [client 141.255.166.90:41768] AH02811: script not found or unable to stat: C:/Apache24/cgi-bin/luci
[Fri Feb 21 09:09:41.646033 2025] [cgi:error] [pid 5824:tid 1136] [client 141.255.166.90:45450] AH02811: script not found or unable to stat: C:/Apache24/cgi-bin/luci
[Fri Feb 21 10:08:22.771680 2025] [cgi:error] [pid 5824:tid 1124] [client 141.255.166.90:40060] AH02811: script not found or unable to stat: C:/Apache24/cgi-bin/luci
[Fri Feb 21 10:52:50.208494 2025] [cgi:error] [pid 5824:tid 1124] [client 141.255.166.90:35532] AH02811: script not found or unable to stat: C:/Apache24/cgi-bin/luci
[Fri Feb 21 11:41:43.206469 2025] [cgi:error] [pid 5824:tid 1124] [client 141.255.166.90:57978] AH02811: script not found or unable to stat: C:/Apache24/cgi-bin/luci
[Fri Feb 21 12:36:10.056598 2025] [cgi:error] [pid 5824:tid 1124] [client 141.255.166.90:45672] AH02811: script not found or unable to stat: C:/Apache24/cgi-bin/luci
[Fri Feb 21 14:12:40.188788 2025] [cgi:error] [pid 5824:tid 1140] [client 141.255.166.90:33528] AH02811: script not found or unable to stat: C:/Apache24/cgi-bin/luci
[Fri Feb 21 15:06:48.259951 2025] [cgi:error] [pid 5824:tid 1140] [client 141.255.166.90:44980] AH02811: script not found or unable to stat: C:/Apache24/cgi-bin/luci
[Fri Feb 21 15:51:13.271624 2025] [cgi:error] [pid 5824:tid 1140] [client 141.255.166.90:42184] AH02811: script not found or unable to stat: C:/Apache24/cgi-bin/luci
[Fri Feb 21 16:46:41.568458 2025] [cgi:error] [pid 5824:tid 1112] [client 141.255.166.90:53416] AH02811: script not found or unable to stat: C:/Apache24/cgi-bin/luci
[Fri Feb 21 17:24:24.747114 2025] [cgi:error] [pid 5824:tid 1112] [client 141.255.166.90:51960] AH02811: script not found or unable to stat: C:/Apache24/cgi-bin/luci
[Fri Feb 21 18:21:08.368196 2025] [cgi:error] [pid 5824:tid 1112] [client 141.255.166.90:53714] AH02811: script not found or unable to stat: C:/Apache24/cgi-bin/luci
[Fri Feb 21 19:13:29.234396 2025] [cgi:error] [pid 5824:tid 1112] [client 141.255.166.90:50650] AH02811: script not found or unable to stat: C:/Apache24/cgi-bin/luci
[Fri Feb 21 20:20:02.553927 2025] [core:error] [pid 5824:tid 1112] [client 180.178.94.73:48038] AH00126: Invalid URI in request 'bin/sh' 'POST /cgi-bin/.%2e/.%2e/.%2e/.%2e/.%2e/.%2e/.%2e/.%2e/.%2e/.%2e/bin/sh HTTP/1.1'
[Sat Feb 22 00:54:09.206752 2025] [cgi:error] [pid 5824:tid 1120] [client 141.255.166.90:43976] AH02811: script not found or unable to stat: C:/Apache24/cgi-bin/luci
[Sat Feb 22 01:43:02.137128 2025] [cgi:error] [pid 5824:tid 1120] [client 141.255.166.90:45052] AH02811: script not found or unable to stat: C:/Apache24/cgi-bin/luci
[Sat Feb 22 05:27:40.069010 2025] [cgi:error] [pid 5824:tid 1120] [client 141.255.166.90:57988] AH02811: script not found or unable to stat: C:/Apache24/cgi-bin/luci
[Sat Feb 22 05:39:56.421393 2025] [cgi:error] [pid 5824:tid 1136] [client 34.253.55.27:49492] AH02812: attempt to invoke directory as script: C:/Apache24/cgi-bin/
[Sat Feb 22 06:17:27.828178 2025] [cgi:error] [pid 5824:tid 1120] [client 141.255.166.90:51020] AH02811: script not found or unable to stat: C:/Apache24/cgi-bin/luci
[Sat Feb 22 07:02:07.583107 2025] [cgi:error] [pid 5824:tid 1120] [client 141.255.166.90:58154] AH02811: script not found or unable to stat: C:/Apache24/cgi-bin/luci
[Sat Feb 22 07:52:47.042780 2025] [cgi:error] [pid 5824:tid 1120] [client 141.255.166.90:55424] AH02811: script not found or unable to stat: C:/Apache24/cgi-bin/luci
[Sat Feb 22 08:35:30.711751 2025] [cgi:error] [pid 5824:tid 1120] [client 141.255.166.90:48128] AH02811: script not found or unable to stat: C:/Apache24/cgi-bin/luci
[Sat Feb 22 10:22:27.684125 2025] [cgi:error] [pid 5824:tid 1120] [client 141.255.166.90:57418] AH02811: script not found or unable to stat: C:/Apache24/cgi-bin/luci
[Sat Feb 22 11:50:06.618577 2025] [cgi:error] [pid 5824:tid 1124] [client 141.255.166.90:43536] AH02811: script not found or unable to stat: C:/Apache24/cgi-bin/luci
[Sat Feb 22 12:35:42.505023 2025] [cgi:error] [pid 5824:tid 1120] [client 141.255.166.90:42202] AH02811: script not found or unable to stat: C:/Apache24/cgi-bin/luci
[Sat Feb 22 15:01:50.835954 2025] [cgi:error] [pid 5824:tid 1120] [client 141.255.166.90:48376] AH02811: script not found or unable to stat: C:/Apache24/cgi-bin/luci
[Sat Feb 22 15:44:16.933943 2025] [cgi:error] [pid 5824:tid 1120] [client 141.255.166.90:34844] AH02811: script not found or unable to stat: C:/Apache24/cgi-bin/luci
[Sat Feb 22 16:36:46.552305 2025] [cgi:error] [pid 5824:tid 1120] [client 141.255.166.90:53858] AH02811: script not found or unable to stat: C:/Apache24/cgi-bin/luci
[Sat Feb 22 17:32:34.410872 2025] [cgi:error] [pid 5824:tid 1120] [client 141.255.166.90:44962] AH02811: script not found or unable to stat: C:/Apache24/cgi-bin/luci
[Sat Feb 22 18:22:04.291208 2025] [cgi:error] [pid 5824:tid 1120] [client 141.255.166.90:35956] AH02811: script not found or unable to stat: C:/Apache24/cgi-bin/luci
[Sat Feb 22 19:02:28.328458 2025] [cgi:error] [pid 5824:tid 1120] [client 141.255.166.90:40508] AH02811: script not found or unable to stat: C:/Apache24/cgi-bin/luci
[Sat Feb 22 19:43:05.863092 2025] [mpm_winnt:notice] [pid 3532:tid 596] AH00422: Parent: Received shutdown signal -- Shutting down the server.
[Sat Feb 22 19:43:07.893965 2025] [mpm_winnt:notice] [pid 5824:tid 528] AH00364: Child: All worker threads have exited.
[Mon Feb 24 07:47:36.709235 2025] [core:warn] [pid 3484:tid 776] AH00098: pid file C:/Apache24/logs/httpd.pid overwritten -- Unclean shutdown of previous Apache run?
[Mon Feb 24 07:47:36.731983 2025] [mpm_winnt:notice] [pid 3484:tid 776] AH00455: Apache/2.4.46 (Win64) configured -- resuming normal operations
[Mon Feb 24 07:47:36.731983 2025] [mpm_winnt:notice] [pid 3484:tid 776] AH00456: Apache Lounge VS16 Server built: Dec 9 2020 13:42:35
[Mon Feb 24 07:47:36.731983 2025] [core:notice] [pid 3484:tid 776] AH00094: Command line: 'C:\\Apache24\\bin\\httpd.exe -d C:/Apache24'
[Mon Feb 24 07:47:36.732981 2025] [mpm_winnt:notice] [pid 3484:tid 776] AH00418: Parent: Created child process 5316
[Mon Feb 24 07:47:37.273772 2025] [mpm_winnt:notice] [pid 5316:tid 592] AH00354: Child: Starting 64 worker threads.
[Mon Feb 24 08:47:28.763363 2025] [cgi:error] [pid 5316:tid 1140] [client 141.255.166.90:49582] AH02811: script not found or unable to stat: C:/Apache24/cgi-bin/luci
[Mon Feb 24 09:46:18.622139 2025] [cgi:error] [pid 5316:tid 1140] [client 141.255.166.90:33802] AH02811: script not found or unable to stat: C:/Apache24/cgi-bin/luci
[Mon Feb 24 10:35:46.085469 2025] [cgi:error] [pid 5316:tid 1124] [client 141.255.166.90:38076] AH02811: script not found or unable to stat: C:/Apache24/cgi-bin/luci
[Mon Feb 24 11:17:20.269245 2025] [cgi:error] [pid 5316:tid 1124] [client 141.255.166.90:40964] AH02811: script not found or unable to stat: C:/Apache24/cgi-bin/luci
[Mon Feb 24 12:11:08.312494 2025] [cgi:error] [pid 5316:tid 1140] [client 141.255.166.90:38936] AH02811: script not found or unable to stat: C:/Apache24/cgi-bin/luci
[Mon Feb 24 12:54:45.494078 2025] [cgi:error] [pid 5316:tid 1124] [client 141.255.166.90:60596] AH02811: script not found or unable to stat: C:/Apache24/cgi-bin/luci
[Mon Feb 24 15:52:17.680972 2025] [cgi:error] [pid 5316:tid 1120] [client 152.32.202.244:35098] AH02812: attempt to invoke directory as script: C:/Apache24/cgi-bin/
[Mon Feb 24 17:32:36.159483 2025] [cgi:error] [pid 5316:tid 1124] [client 141.255.166.90:47950] AH02811: script not found or unable to stat: C:/Apache24/cgi-bin/luci
[Mon Feb 24 18:19:55.346065 2025] [cgi:error] [pid 5316:tid 1124] [client 141.255.166.90:35264] AH02811: script not found or unable to stat: C:/Apache24/cgi-bin/luci
[Mon Feb 24 19:03:54.747136 2025] [cgi:error] [pid 5316:tid 1124] [client 141.255.166.90:59336] AH02811: script not found or unable to stat: C:/Apache24/cgi-bin/luci
[Mon Feb 24 19:50:03.561224 2025] [cgi:error] [pid 5316:tid 1124] [client 141.255.166.90:57444] AH02811: script not found or unable to stat: C:/Apache24/cgi-bin/luci
[Mon Feb 24 23:34:41.903282 2025] [cgi:error] [pid 5316:tid 1124] [client 141.255.166.90:49768] AH02811: script not found or unable to stat: C:/Apache24/cgi-bin/luci
[Tue Feb 25 00:28:37.060438 2025] [cgi:error] [pid 5316:tid 1124] [client 141.255.166.90:41066] AH02811: script not found or unable to stat: C:/Apache24/cgi-bin/luci
[Tue Feb 25 01:09:59.057556 2025] [cgi:error] [pid 5316:tid 1124] [client 141.255.166.90:44880] AH02811: script not found or unable to stat: C:/Apache24/cgi-bin/luci
[Tue Feb 25 02:08:27.700238 2025] [cgi:error] [pid 5316:tid 1124] [client 141.255.166.90:42964] AH02811: script not found or unable to stat: C:/Apache24/cgi-bin/luci
[Tue Feb 25 02:25:49.261084 2025] [cgi:error] [pid 5316:tid 1132] [client 156.229.16.142:47716] AH02812: attempt to invoke directory as script: C:/Apache24/cgi-bin/
[Tue Feb 25 16:27:39.173386 2025] [cgi:error] [pid 5316:tid 1076] [client 152.32.131.245:34268] AH02812: attempt to invoke directory as script: C:/Apache24/cgi-bin/
[Wed Feb 26 03:29:14.805525 2025] [core:error] [pid 5316:tid 1080] [client 185.93.89.118:55362] AH00126: Invalid URI in request 'bin/sh' 'POST /cgi-bin/.%2e/.%2e/.%2e/.%2e/.%2e/.%2e/.%2e/.%2e/.%2e/.%2e/bin/sh HTTP/1.1'
[Wed Feb 26 04:18:26.952359 2025] [cgi:error] [pid 5316:tid 1080] [client 141.255.166.90:50124] AH02811: script not found or unable to stat: C:/Apache24/cgi-bin/luci
[Wed Feb 26 05:08:57.249896 2025] [cgi:error] [pid 5316:tid 1080] [client 141.255.166.90:59162] AH02811: script not found or unable to stat: C:/Apache24/cgi-bin/luci
[Wed Feb 26 06:53:49.952764 2025] [cgi:error] [pid 5316:tid 1080] [client 141.255.166.90:60684] AH02811: script not found or unable to stat: C:/Apache24/cgi-bin/luci
[Wed Feb 26 07:42:51.914272 2025] [cgi:error] [pid 5316:tid 1080] [client 141.255.166.90:50196] AH02811: script not found or unable to stat: C:/Apache24/cgi-bin/luci
[Wed Feb 26 08:31:55.892954 2025] [cgi:error] [pid 5316:tid 1064] [client 141.255.166.90:40638] AH02811: script not found or unable to stat: C:/Apache24/cgi-bin/luci
[Wed Feb 26 09:16:08.163522 2025] [cgi:error] [pid 5316:tid 1064] [client 141.255.166.90:53170] AH02811: script not found or unable to stat: C:/Apache24/cgi-bin/luci
[Wed Feb 26 10:05:52.192313 2025] [cgi:error] [pid 5316:tid 1064] [client 141.255.166.90:51146] AH02811: script not found or unable to stat: C:/Apache24/cgi-bin/luci
[Wed Feb 26 10:55:55.694799 2025] [cgi:error] [pid 5316:tid 1064] [client 141.255.166.90:44560] AH02811: script not found or unable to stat: C:/Apache24/cgi-bin/luci
[Wed Feb 26 13:21:42.897826 2025] [cgi:error] [pid 5316:tid 1056] [client 141.255.166.90:41740] AH02811: script not found or unable to stat: C:/Apache24/cgi-bin/luci
[Wed Feb 26 14:13:31.395068 2025] [cgi:error] [pid 5316:tid 1056] [client 141.255.166.90:50798] AH02811: script not found or unable to stat: C:/Apache24/cgi-bin/luci
[Wed Feb 26 15:24:51.837560 2025] [cgi:error] [pid 5316:tid 1064] [client 141.255.166.90:57168] AH02811: script not found or unable to stat: C:/Apache24/cgi-bin/luci
[Wed Feb 26 17:06:17.126840 2025] [cgi:error] [pid 5316:tid 1064] [client 141.255.166.90:43962] AH02811: script not found or unable to stat: C:/Apache24/cgi-bin/luci
[Wed Feb 26 17:18:07.591949 2025] [cgi:error] [pid 5316:tid 1064] [client 34.76.114.129:36628] AH02812: attempt to invoke directory as script: C:/Apache24/cgi-bin/
[Wed Feb 26 18:41:40.906211 2025] [cgi:error] [pid 5316:tid 1064] [client 141.255.166.90:45498] AH02811: script not found or unable to stat: C:/Apache24/cgi-bin/luci
[Wed Feb 26 19:33:09.084719 2025] [cgi:error] [pid 5316:tid 1064] [client 141.255.166.90:37170] AH02811: script not found or unable to stat: C:/Apache24/cgi-bin/luci
[Wed Feb 26 20:43:18.071055 2025] [cgi:error] [pid 5316:tid 1064] [client 141.255.166.90:47918] AH02811: script not found or unable to stat: C:/Apache24/cgi-bin/luci
[Wed Feb 26 22:16:34.576066 2025] [core:error] [pid 5316:tid 1064] [client 143.110.153.103:59812] AH00126: Invalid URI in request 'bin/sh' 'POST /cgi-bin/.%2e/.%2e/.%2e/.%2e/.%2e/.%2e/.%2e/.%2e/.%2e/.%2e/bin/sh HTTP/1.1'
[Thu Feb 27 00:52:43.899745 2025] [cgi:error] [pid 5316:tid 1064] [client 141.255.166.90:49764] AH02811: script not found or unable to stat: C:/Apache24/cgi-bin/luci
[Thu Feb 27 05:35:29.112886 2025] [core:error] [pid 5316:tid 1064] [client 101.66.172.251:36195] AH00126: Invalid URI in request 'bin/sh' 'POST /cgi-bin/.%2e/.%2e/.%2e/.%2e/.%2e/.%2e/.%2e/.%2e/.%2e/.%2e/bin/sh HTTP/1.1'
[Thu Feb 27 08:02:34.062956 2025] [cgi:error] [pid 5316:tid 1064] [client 141.255.166.90:53560] AH02811: script not found or unable to stat: C:/Apache24/cgi-bin/luci
[Thu Feb 27 08:43:55.436818 2025] [cgi:error] [pid 5316:tid 1064] [client 141.255.166.90:37494] AH02811: script not found or unable to stat: C:/Apache24/cgi-bin/luci
[Thu Feb 27 09:37:06.136949 2025] [cgi:error] [pid 5316:tid 1056] [client 141.255.166.90:51982] AH02811: script not found or unable to stat: C:/Apache24/cgi-bin/luci
[Thu Feb 27 10:24:05.330234 2025] [cgi:error] [pid 5316:tid 1056] [client 141.255.166.90:42246] AH02811: script not found or unable to stat: C:/Apache24/cgi-bin/luci
[Thu Feb 27 11:55:50.335427 2025] [cgi:error] [pid 5316:tid 1056] [client 141.255.166.90:50846] AH02811: script not found or unable to stat: C:/Apache24/cgi-bin/luci
[Thu Feb 27 12:47:52.796809 2025] [cgi:error] [pid 5316:tid 1056] [client 141.255.166.90:46548] AH02811: script not found or unable to stat: C:/Apache24/cgi-bin/luci
[Thu Feb 27 14:36:28.403048 2025] [cgi:error] [pid 5316:tid 1060] [client 141.255.166.90:52252] AH02811: script not found or unable to stat: C:/Apache24/cgi-bin/luci
[Thu Feb 27 16:14:10.416944 2025] [cgi:error] [pid 5316:tid 1060] [client 141.255.166.90:47964] AH02811: script not found or unable to stat: C:/Apache24/cgi-bin/luci
[Thu Feb 27 19:44:57.882564 2025] [cgi:error] [pid 5316:tid 1072] [client 141.255.166.90:52436] AH02811: script not found or unable to stat: C:/Apache24/cgi-bin/luci
[Thu Feb 27 20:38:52.740909 2025] [cgi:error] [pid 5316:tid 1072] [client 141.255.166.90:50918] AH02811: script not found or unable to stat: C:/Apache24/cgi-bin/luci
[Thu Feb 27 21:28:24.133678 2025] [cgi:error] [pid 5316:tid 1072] [client 141.255.166.90:45986] AH02811: script not found or unable to stat: C:/Apache24/cgi-bin/luci
[Thu Feb 27 21:29:43.760001 2025] [core:error] [pid 5316:tid 1072] [client 89.168.110.31:57422] AH00126: Invalid URI in request 'bin/sh' 'POST /cgi-bin/.%2e/.%2e/.%2e/.%2e/.%2e/.%2e/.%2e/.%2e/.%2e/.%2e/bin/sh HTTP/1.1'
[Thu Feb 27 22:13:14.110712 2025] [cgi:error] [pid 5316:tid 1072] [client 141.255.166.90:38942] AH02811: script not found or unable to stat: C:/Apache24/cgi-bin/luci
[Thu Feb 27 23:02:00.143369 2025] [cgi:error] [pid 5316:tid 1072] [client 141.255.166.90:53574] AH02811: script not found or unable to stat: C:/Apache24/cgi-bin/luci
[Thu Feb 27 23:51:49.074136 2025] [cgi:error] [pid 5316:tid 1072] [client 141.255.166.90:48348] AH02811: script not found or unable to stat: C:/Apache24/cgi-bin/luci
[Fri Feb 28 01:44:40.627457 2025] [cgi:error] [pid 5316:tid 1072] [client 141.255.166.90:37294] AH02811: script not found or unable to stat: C:/Apache24/cgi-bin/luci
[Fri Feb 28 02:30:13.454318 2025] [cgi:error] [pid 5316:tid 1060] [client 195.178.110.54:40552] AH02811: script not found or unable to stat: C:/Apache24/cgi-bin/luci
[Fri Feb 28 02:34:25.432879 2025] [cgi:error] [pid 5316:tid 1060] [client 141.255.166.90:40378] AH02811: script not found or unable to stat: C:/Apache24/cgi-bin/luci
[Fri Feb 28 04:21:30.322458 2025] [core:error] [pid 5316:tid 1072] [client 37.204.208.154:56520] AH00126: Invalid URI in request 'bin/sh' 'POST /cgi-bin/.%2e/.%2e/.%2e/.%2e/.%2e/.%2e/.%2e/.%2e/.%2e/.%2e/bin/sh HTTP/1.1'
[Fri Feb 28 04:48:13.406204 2025] [cgi:error] [pid 5316:tid 1072] [client 141.255.166.90:53952] AH02811: script not found or unable to stat: C:/Apache24/cgi-bin/luci
[Fri Feb 28 05:28:56.392917 2025] [cgi:error] [pid 5316:tid 1072] [client 141.255.166.90:33592] AH02811: script not found or unable to stat: C:/Apache24/cgi-bin/luci
[Fri Feb 28 08:10:17.887294 2025] [cgi:error] [pid 5316:tid 1072] [client 141.255.166.90:54726] AH02811: script not found or unable to stat: C:/Apache24/cgi-bin/luci
[Fri Feb 28 10:17:44.205439 2025] [core:error] [pid 5316:tid 1056] [client 78.153.140.177:36024] AH00126: Invalid URI in request '.env' 'GET /../.env HTTP/1.1'
[Fri Feb 28 10:35:15.034870 2025] [core:error] [pid 5316:tid 1084] [client 5.189.153.135:45982] AH00126: Invalid URI in request 'bin/sh' 'POST /cgi-bin/.%2e/.%2e/.%2e/.%2e/.%2e/.%2e/.%2e/.%2e/.%2e/.%2e/bin/sh HTTP/1.1'
[Sat Mar 01 01:42:14.378120 2025] [core:error] [pid 5316:tid 1032] [client 216.10.250.218:52846] AH00126: Invalid URI in request 'bin/sh' 'POST /cgi-bin/.%2e/.%2e/.%2e/.%2e/.%2e/.%2e/.%2e/.%2e/.%2e/.%2e/bin/sh HTTP/1.1'
[Sat Mar 01 05:41:37.265496 2025] [cgi:error] [pid 5316:tid 1092] [client 34.253.55.27:34362] AH02812: attempt to invoke directory as script: C:/Apache24/cgi-bin/
[Sat Mar 01 10:29:32.161340 2025] [core:error] [pid 5316:tid 1032] [client 207.180.227.81:35166] AH00126: Invalid URI in request 'bin/sh' 'POST /cgi-bin/.%2e/.%2e/.%2e/.%2e/.%2e/.%2e/.%2e/.%2e/.%2e/.%2e/bin/sh HTTP/1.1'
[Sat Mar 01 13:34:55.662203 2025] [cgi:error] [pid 5316:tid 1032] [client 141.255.166.90:40148] AH02811: script not found or unable to stat: C:/Apache24/cgi-bin/luci
[Sat Mar 01 14:10:58.105871 2025] [cgi:error] [pid 5316:tid 1032] [client 46.101.118.29:53276] AH02811: script not found or unable to stat: C:/Apache24/cgi-bin/authLogin.cgi
[Sat Mar 01 15:13:16.851435 2025] [cgi:error] [pid 5316:tid 1072] [client 141.255.166.90:42358] AH02811: script not found or unable to stat: C:/Apache24/cgi-bin/luci
[Sat Mar 01 16:02:23.348901 2025] [cgi:error] [pid 5316:tid 1072] [client 141.255.166.90:50000] AH02811: script not found or unable to stat: C:/Apache24/cgi-bin/luci
[Sat Mar 01 17:38:30.641718 2025] [cgi:error] [pid 5316:tid 1064] [client 128.14.236.30:33808] AH02812: attempt to invoke directory as script: C:/Apache24/cgi-bin/
[Sat Mar 01 17:42:13.567794 2025] [cgi:error] [pid 5316:tid 1080] [client 141.255.166.90:57264] AH02811: script not found or unable to stat: C:/Apache24/cgi-bin/luci
[Sat Mar 01 18:31:54.161172 2025] [cgi:error] [pid 5316:tid 1032] [client 141.255.166.90:40266] AH02811: script not found or unable to stat: C:/Apache24/cgi-bin/luci
[Sat Mar 01 20:17:23.040811 2025] [cgi:error] [pid 5316:tid 1032] [client 141.255.166.90:33380] AH02811: script not found or unable to stat: C:/Apache24/cgi-bin/luci
[Sat Mar 01 22:44:14.707868 2025] [cgi:error] [pid 5316:tid 1032] [client 141.255.166.90:45428] AH02811: script not found or unable to stat: C:/Apache24/cgi-bin/luci
[Sat Mar 01 23:40:11.309992 2025] [cgi:error] [pid 5316:tid 1032] [client 141.255.166.90:49868] AH02811: script not found or unable to stat: C:/Apache24/cgi-bin/luci
[Sun Mar 02 02:29:38.279998 2025] [cgi:error] [pid 5316:tid 1032] [client 141.255.166.90:34486] AH02811: script not found or unable to stat: C:/Apache24/cgi-bin/luci
[Sun Mar 02 02:38:13.847826 2025] [cgi:error] [pid 5316:tid 1032] [client 141.255.166.90:33538] AH02811: script not found or unable to stat: C:/Apache24/cgi-bin/luci
[Sun Mar 02 02:43:36.157849 2025] [core:error] [pid 5316:tid 1032] [client 116.196.119.70:50730] AH00126: Invalid URI in request 'bin/sh' 'POST /cgi-bin/.%2e/.%2e/.%2e/.%2e/.%2e/.%2e/.%2e/.%2e/.%2e/.%2e/bin/sh HTTP/1.1'
[Sun Mar 02 02:47:31.955755 2025] [cgi:error] [pid 5316:tid 1032] [client 141.255.166.90:57476] AH02811: script not found or unable to stat: C:/Apache24/cgi-bin/luci
[Sun Mar 02 02:56:20.087760 2025] [cgi:error] [pid 5316:tid 1032] [client 141.255.166.90:34802] AH02811: script not found or unable to stat: C:/Apache24/cgi-bin/luci
[Sun Mar 02 03:05:34.510849 2025] [cgi:error] [pid 5316:tid 1032] [client 141.255.166.90:55556] AH02811: script not found or unable to stat: C:/Apache24/cgi-bin/luci
[Sun Mar 02 03:14:32.725631 2025] [cgi:error] [pid 5316:tid 1032] [client 141.255.166.90:33196] AH02811: script not found or unable to stat: C:/Apache24/cgi-bin/luci
[Sun Mar 02 03:23:49.126290 2025] [cgi:error] [pid 5316:tid 1032] [client 141.255.166.90:42244] AH02811: script not found or unable to stat: C:/Apache24/cgi-bin/luci
[Sun Mar 02 03:32:28.850531 2025] [cgi:error] [pid 5316:tid 1032] [client 141.255.166.90:39270] AH02811: script not found or unable to stat: C:/Apache24/cgi-bin/luci
[Sun Mar 02 03:42:03.253036 2025] [cgi:error] [pid 5316:tid 1032] [client 141.255.166.90:44270] AH02811: script not found or unable to stat: C:/Apache24/cgi-bin/luci
[Sun Mar 02 03:49:28.911765 2025] [cgi:error] [pid 5316:tid 1032] [client 141.255.166.90:58544] AH02811: script not found or unable to stat: C:/Apache24/cgi-bin/luci
[Sun Mar 02 03:58:59.917187 2025] [cgi:error] [pid 5316:tid 1032] [client 141.255.166.90:58288] AH02811: script not found or unable to stat: C:/Apache24/cgi-bin/luci
[Sun Mar 02 06:31:47.137827 2025] [cgi:error] [pid 5316:tid 1072] [client 141.255.166.90:54292] AH02811: script not found or unable to stat: C:/Apache24/cgi-bin/luci
[Sun Mar 02 07:41:01.766081 2025] [cgi:error] [pid 5316:tid 1072] [client 141.255.166.90:53396] AH02811: script not found or unable to stat: C:/Apache24/cgi-bin/luci
[Sun Mar 02 08:20:17.090893 2025] [cgi:error] [pid 5316:tid 1072] [client 194.120.230.215:55364] AH02811: script not found or unable to stat: C:/Apache24/cgi-bin/luci
[Sun Mar 02 08:28:44.770614 2025] [cgi:error] [pid 5316:tid 1072] [client 194.120.230.215:56986] AH02811: script not found or unable to stat: C:/Apache24/cgi-bin/luci
[Sun Mar 02 08:37:42.960076 2025] [cgi:error] [pid 5316:tid 1072] [client 141.255.166.90:51526] AH02811: script not found or unable to stat: C:/Apache24/cgi-bin/luci
[Sun Mar 02 08:38:55.897485 2025] [cgi:error] [pid 5316:tid 1072] [client 194.120.230.215:49968] AH02811: script not found or unable to stat: C:/Apache24/cgi-bin/luci
[Sun Mar 02 08:48:26.245856 2025] [cgi:error] [pid 5316:tid 1072] [client 194.120.230.215:57524] AH02811: script not found or unable to stat: C:/Apache24/cgi-bin/luci
[Sun Mar 02 08:58:39.603419 2025] [cgi:error] [pid 5316:tid 1072] [client 194.120.230.215:54362] AH02811: script not found or unable to stat: C:/Apache24/cgi-bin/luci
[Sun Mar 02 09:09:06.790615 2025] [cgi:error] [pid 5316:tid 1072] [client 194.120.230.215:41164] AH02811: script not found or unable to stat: C:/Apache24/cgi-bin/luci
[Sun Mar 02 09:19:23.120596 2025] [cgi:error] [pid 5316:tid 1072] [client 194.120.230.215:59042] AH02811: script not found or unable to stat: C:/Apache24/cgi-bin/luci
[Sun Mar 02 09:27:58.762204 2025] [cgi:error] [pid 5316:tid 1072] [client 194.120.230.215:55466] AH02811: script not found or unable to stat: C:/Apache24/cgi-bin/luci
[Sun Mar 02 09:38:46.158161 2025] [cgi:error] [pid 5316:tid 1072] [client 194.120.230.215:48270] AH02811: script not found or unable to stat: C:/Apache24/cgi-bin/luci
[Sun Mar 02 09:48:34.620499 2025] [cgi:error] [pid 5316:tid 1072] [client 194.120.230.215:34818] AH02811: script not found or unable to stat: C:/Apache24/cgi-bin/luci
[Sun Mar 02 09:57:45.651012 2025] [cgi:error] [pid 5316:tid 1072] [client 194.120.230.215:51326] AH02811: script not found or unable to stat: C:/Apache24/cgi-bin/luci
[Sun Mar 02 10:07:40.407944 2025] [cgi:error] [pid 5316:tid 1072] [client 194.120.230.215:57730] AH02811: script not found or unable to stat: C:/Apache24/cgi-bin/luci
[Sun Mar 02 10:17:55.188243 2025] [cgi:error] [pid 5316:tid 1072] [client 194.120.230.215:53726] AH02811: script not found or unable to stat: C:/Apache24/cgi-bin/luci
[Sun Mar 02 10:23:25.196711 2025] [cgi:error] [pid 5316:tid 1072] [client 141.255.166.90:55904] AH02811: script not found or unable to stat: C:/Apache24/cgi-bin/luci
[Sun Mar 02 10:27:36.112723 2025] [cgi:error] [pid 5316:tid 1072] [client 194.120.230.215:51676] AH02811: script not found or unable to stat: C:/Apache24/cgi-bin/luci
[Sun Mar 02 11:16:56.961929 2025] [cgi:error] [pid 5316:tid 1072] [client 141.255.166.90:60414] AH02811: script not found or unable to stat: C:/Apache24/cgi-bin/luci
[Sun Mar 02 12:04:18.363437 2025] [cgi:error] [pid 5316:tid 1072] [client 141.255.166.90:47830] AH02811: script not found or unable to stat: C:/Apache24/cgi-bin/luci
[Sun Mar 02 13:04:01.736711 2025] [cgi:error] [pid 5316:tid 1072] [client 195.178.110.54:52722] AH02811: script not found or unable to stat: C:/Apache24/cgi-bin/luci
[Sun Mar 02 13:46:29.758799 2025] [cgi:error] [pid 5316:tid 1068] [client 141.255.166.90:59732] AH02811: script not found or unable to stat: C:/Apache24/cgi-bin/luci
[Sun Mar 02 14:32:13.763249 2025] [cgi:error] [pid 5316:tid 1068] [client 141.255.166.90:34042] AH02811: script not found or unable to stat: C:/Apache24/cgi-bin/luci
[Sun Mar 02 14:58:00.077433 2025] [core:error] [pid 5316:tid 1072] [client 195.170.172.128:44154] AH00126: Invalid URI in request 'stager64' 'GET stager64 HTTP/1.1'
[Sun Mar 02 15:05:07.759438 2025] [core:error] [pid 5316:tid 1072] [client 186.31.154.243:50992] AH00126: Invalid URI in request 'bin/sh' 'POST /cgi-bin/.%2e/.%2e/.%2e/.%2e/.%2e/.%2e/.%2e/.%2e/.%2e/.%2e/bin/sh HTTP/1.1'
[Sun Mar 02 15:22:03.302347 2025] [cgi:error] [pid 5316:tid 1072] [client 141.255.166.90:50384] AH02811: script not found or unable to stat: C:/Apache24/cgi-bin/luci
[Sun Mar 02 17:08:20.093183 2025] [cgi:error] [pid 5316:tid 1072] [client 141.255.166.90:36116] AH02811: script not found or unable to stat: C:/Apache24/cgi-bin/luci
[Sun Mar 02 19:33:46.968956 2025] [cgi:error] [pid 5316:tid 1072] [client 141.255.166.90:57402] AH02811: script not found or unable to stat: C:/Apache24/cgi-bin/luci
[Sun Mar 02 20:04:30.164916 2025] [cgi:error] [pid 5316:tid 1072] [client 141.255.166.90:40758] AH02811: script not found or unable to stat: C:/Apache24/cgi-bin/luci
[Sun Mar 02 21:40:03.443806 2025] [cgi:error] [pid 5316:tid 1072] [client 141.255.166.90:36686] AH02811: script not found or unable to stat: C:/Apache24/cgi-bin/luci
[Sun Mar 02 22:34:24.124190 2025] [cgi:error] [pid 5316:tid 1072] [client 141.255.166.90:54892] AH02811: script not found or unable to stat: C:/Apache24/cgi-bin/luci
[Sun Mar 02 23:19:18.525373 2025] [cgi:error] [pid 5316:tid 1072] [client 141.255.166.90:53872] AH02811: script not found or unable to stat: C:/Apache24/cgi-bin/luci
[Mon Mar 03 02:40:12.210172 2025] [cgi:error] [pid 5316:tid 1068] [client 141.255.166.90:44590] AH02811: script not found or unable to stat: C:/Apache24/cgi-bin/luci
[Mon Mar 03 03:01:37.102338 2025] [core:error] [pid 5316:tid 1068] [client 37.58.18.237:54970] AH00126: Invalid URI in request 'bin/sh' 'POST /cgi-bin/.%2e/.%2e/.%2e/.%2e/.%2e/.%2e/.%2e/.%2e/.%2e/.%2e/bin/sh HTTP/1.1'
[Mon Mar 03 03:07:53.724885 2025] [cgi:error] [pid 5316:tid 1068] [client 195.178.110.54:60700] AH02811: script not found or unable to stat: C:/Apache24/cgi-bin/luci
[Mon Mar 03 04:22:58.338069 2025] [cgi:error] [pid 5316:tid 1068] [client 141.255.166.90:43040] AH02811: script not found or unable to stat: C:/Apache24/cgi-bin/luci
[Mon Mar 03 05:08:45.390121 2025] [cgi:error] [pid 5316:tid 1092] [client 194.120.230.215:56118] AH02811: script not found or unable to stat: C:/Apache24/cgi-bin/luci
[Mon Mar 03 05:11:40.901856 2025] [cgi:error] [pid 5316:tid 1092] [client 141.255.166.90:46314] AH02811: script not found or unable to stat: C:/Apache24/cgi-bin/luci
[Mon Mar 03 05:20:51.324948 2025] [cgi:error] [pid 5316:tid 1092] [client 194.120.230.215:34366] AH02811: script not found or unable to stat: C:/Apache24/cgi-bin/luci
[Mon Mar 03 05:32:57.117216 2025] [cgi:error] [pid 5316:tid 1092] [client 194.120.230.215:50254] AH02811: script not found or unable to stat: C:/Apache24/cgi-bin/luci
[Mon Mar 03 05:43:12.823790 2025] [cgi:error] [pid 5316:tid 1092] [client 194.120.230.215:56634] AH02811: script not found or unable to stat: C:/Apache24/cgi-bin/luci
[Mon Mar 03 05:55:19.304122 2025] [cgi:error] [pid 5316:tid 1092] [client 194.120.230.215:58554] AH02811: script not found or unable to stat: C:/Apache24/cgi-bin/luci
[Mon Mar 03 06:02:57.692138 2025] [cgi:error] [pid 5316:tid 1092] [client 141.255.166.90:48218] AH02811: script not found or unable to stat: C:/Apache24/cgi-bin/luci
[Mon Mar 03 06:07:20.402387 2025] [cgi:error] [pid 5316:tid 1092] [client 194.120.230.215:44252] AH02811: script not found or unable to stat: C:/Apache24/cgi-bin/luci
[Mon Mar 03 06:18:42.746174 2025] [cgi:error] [pid 5316:tid 1092] [client 194.120.230.215:33816] AH02811: script not found or unable to stat: C:/Apache24/cgi-bin/luci
[Mon Mar 03 06:29:40.584360 2025] [cgi:error] [pid 5316:tid 1092] [client 194.120.230.215:57406] AH02811: script not found or unable to stat: C:/Apache24/cgi-bin/luci
[Mon Mar 03 06:42:05.546468 2025] [cgi:error] [pid 5316:tid 1092] [client 194.120.230.215:41564] AH02811: script not found or unable to stat: C:/Apache24/cgi-bin/luci
[Mon Mar 03 06:52:41.856389 2025] [cgi:error] [pid 5316:tid 1092] [client 194.120.230.215:40528] AH02811: script not found or unable to stat: C:/Apache24/cgi-bin/luci
[Mon Mar 03 07:05:30.844144 2025] [cgi:error] [pid 5316:tid 1092] [client 194.120.230.215:58486] AH02811: script not found or unable to stat: C:/Apache24/cgi-bin/luci
[Mon Mar 03 07:14:59.651648 2025] [cgi:error] [pid 5316:tid 1092] [client 195.178.110.54:38666] AH02811: script not found or unable to stat: C:/Apache24/cgi-bin/luci
[Mon Mar 03 07:16:40.053615 2025] [cgi:error] [pid 5316:tid 1092] [client 194.120.230.215:36570] AH02811: script not found or unable to stat: C:/Apache24/cgi-bin/luci
[Mon Mar 03 07:26:24.248475 2025] [cgi:error] [pid 5316:tid 1092] [client 194.120.230.215:33194] AH02811: script not found or unable to stat: C:/Apache24/cgi-bin/luci
[Mon Mar 03 07:37:59.029345 2025] [cgi:error] [pid 5316:tid 1092] [client 194.120.230.215:59480] AH02811: script not found or unable to stat: C:/Apache24/cgi-bin/luci
[Mon Mar 03 07:51:00.538853 2025] [cgi:error] [pid 5316:tid 1092] [client 194.120.230.215:47362] AH02811: script not found or unable to stat: C:/Apache24/cgi-bin/luci
[Mon Mar 03 08:01:56.210588 2025] [cgi:error] [pid 5316:tid 1092] [client 194.120.230.215:48400] AH02811: script not found or unable to stat: C:/Apache24/cgi-bin/luci
[Mon Mar 03 08:48:25.762974 2025] [core:warn] [pid 3164:tid 636] AH00098: pid file C:/Apache24/logs/httpd.pid overwritten -- Unclean shutdown of previous Apache run?
[Mon Mar 03 08:48:25.857740 2025] [mpm_winnt:notice] [pid 3164:tid 636] AH00455: Apache/2.4.46 (Win64) configured -- resuming normal operations
[Mon Mar 03 08:48:25.857740 2025] [mpm_winnt:notice] [pid 3164:tid 636] AH00456: Apache Lounge VS16 Server built: Dec 9 2020 13:42:35
[Mon Mar 03 08:48:25.857740 2025] [core:notice] [pid 3164:tid 636] AH00094: Command line: 'C:\\Apache24\\bin\\httpd.exe -d C:/Apache24'
[Mon Mar 03 08:48:25.857740 2025] [mpm_winnt:notice] [pid 3164:tid 636] AH00418: Parent: Created child process 4960
[Mon Mar 03 08:48:27.232917 2025] [mpm_winnt:notice] [pid 4960:tid 540] AH00354: Child: Starting 64 worker threads.
[Mon Mar 03 08:59:46.148505 2025] [cgi:error] [pid 4960:tid 1136] [client 194.120.230.215:39710] AH02811: script not found or unable to stat: C:/Apache24/cgi-bin/luci
[Mon Mar 03 09:12:26.744045 2025] [cgi:error] [pid 4960:tid 1108] [client 194.120.230.215:33794] AH02811: script not found or unable to stat: C:/Apache24/cgi-bin/luci
[Mon Mar 03 09:16:10.013106 2025] [cgi:error] [pid 4960:tid 1136] [client 141.255.166.90:41018] AH02811: script not found or unable to stat: C:/Apache24/cgi-bin/luci
[Mon Mar 03 09:23:52.673826 2025] [cgi:error] [pid 4960:tid 1136] [client 194.120.230.215:37868] AH02811: script not found or unable to stat: C:/Apache24/cgi-bin/luci
[Mon Mar 03 09:35:03.048530 2025] [cgi:error] [pid 4960:tid 1112] [client 194.120.230.215:55574] AH02811: script not found or unable to stat: C:/Apache24/cgi-bin/luci
[Mon Mar 03 09:45:37.249800 2025] [cgi:error] [pid 4960:tid 1108] [client 194.120.230.215:42492] AH02811: script not found or unable to stat: C:/Apache24/cgi-bin/luci
[Mon Mar 03 09:57:41.502923 2025] [cgi:error] [pid 4960:tid 1108] [client 194.120.230.215:58154] AH02811: script not found or unable to stat: C:/Apache24/cgi-bin/luci
[Mon Mar 03 10:08:44.917972 2025] [cgi:error] [pid 4960:tid 1108] [client 141.255.166.90:39132] AH02811: script not found or unable to stat: C:/Apache24/cgi-bin/luci
[Mon Mar 03 10:10:18.288609 2025] [cgi:error] [pid 4960:tid 1092] [client 194.120.230.215:43334] AH02811: script not found or unable to stat: C:/Apache24/cgi-bin/luci
[Mon Mar 03 10:21:49.619146 2025] [cgi:error] [pid 4960:tid 1136] [client 194.120.230.215:32978] AH02811: script not found or unable to stat: C:/Apache24/cgi-bin/luci
[Mon Mar 03 10:33:08.114541 2025] [cgi:error] [pid 4960:tid 1112] [client 194.120.230.215:56602] AH02811: script not found or unable to stat: C:/Apache24/cgi-bin/luci
[Mon Mar 03 10:44:02.544014 2025] [cgi:error] [pid 4960:tid 1112] [client 194.120.230.215:42684] AH02811: script not found or unable to stat: C:/Apache24/cgi-bin/luci
[Mon Mar 03 10:54:19.348791 2025] [cgi:error] [pid 4960:tid 1112] [client 141.255.166.90:58388] AH02811: script not found or unable to stat: C:/Apache24/cgi-bin/luci
[Mon Mar 03 10:55:06.586305 2025] [cgi:error] [pid 4960:tid 1092] [client 194.120.230.215:45698] AH02811: script not found or unable to stat: C:/Apache24/cgi-bin/luci
[Mon Mar 03 11:08:07.102883 2025] [cgi:error] [pid 4960:tid 1136] [client 194.120.230.215:35614] AH02811: script not found or unable to stat: C:/Apache24/cgi-bin/luci
[Mon Mar 03 11:19:11.630206 2025] [cgi:error] [pid 4960:tid 1136] [client 194.120.230.215:36344] AH02811: script not found or unable to stat: C:/Apache24/cgi-bin/luci
[Mon Mar 03 11:30:01.299232 2025] [cgi:error] [pid 4960:tid 1136] [client 194.120.230.215:58956] AH02811: script not found or unable to stat: C:/Apache24/cgi-bin/luci
[Mon Mar 03 11:39:51.391368 2025] [cgi:error] [pid 4960:tid 1108] [client 141.255.166.90:36986] AH02811: script not found or unable to stat: C:/Apache24/cgi-bin/luci
[Mon Mar 03 11:41:27.499022 2025] [cgi:error] [pid 4960:tid 1136] [client 194.120.230.215:43604] AH02811: script not found or unable to stat: C:/Apache24/cgi-bin/luci
[Mon Mar 03 11:54:32.687773 2025] [cgi:error] [pid 4960:tid 1136] [client 194.120.230.215:43740] AH02811: script not found or unable to stat: C:/Apache24/cgi-bin/luci
[Mon Mar 03 12:02:53.893964 2025] [cgi:error] [pid 4960:tid 1108] [client 195.178.110.54:60542] AH02811: script not found or unable to stat: C:/Apache24/cgi-bin/luci
[Mon Mar 03 12:05:34.277566 2025] [cgi:error] [pid 4960:tid 1108] [client 194.120.230.215:49210] AH02811: script not found or unable to stat: C:/Apache24/cgi-bin/luci
[Mon Mar 03 12:16:45.093585 2025] [cgi:error] [pid 4960:tid 1108] [client 194.120.230.215:47992] AH02811: script not found or unable to stat: C:/Apache24/cgi-bin/luci
[Mon Mar 03 12:29:19.494420 2025] [cgi:error] [pid 4960:tid 1108] [client 194.120.230.215:58694] AH02811: script not found or unable to stat: C:/Apache24/cgi-bin/luci
[Mon Mar 03 12:36:51.220299 2025] [cgi:error] [pid 4960:tid 1108] [client 141.255.166.90:54922] AH02811: script not found or unable to stat: C:/Apache24/cgi-bin/luci
[Mon Mar 03 12:39:30.417082 2025] [cgi:error] [pid 4960:tid 1108] [client 194.120.230.215:44596] AH02811: script not found or unable to stat: C:/Apache24/cgi-bin/luci
[Mon Mar 03 12:52:39.618380 2025] [cgi:error] [pid 4960:tid 1108] [client 194.120.230.215:56114] AH02811: script not found or unable to stat: C:/Apache24/cgi-bin/luci
[Mon Mar 03 12:54:31.525184 2025] [cgi:error] [pid 4960:tid 1092] [client 141.255.166.90:52072] AH02811: script not found or unable to stat: C:/Apache24/cgi-bin/luci
[Mon Mar 03 13:01:34.718047 2025] [cgi:error] [pid 4960:tid 1092] [client 194.120.230.215:55056] AH02811: script not found or unable to stat: C:/Apache24/cgi-bin/luci
[Mon Mar 03 13:13:21.103652 2025] [cgi:error] [pid 4960:tid 1108] [client 194.120.230.215:57944] AH02811: script not found or unable to stat: C:/Apache24/cgi-bin/luci
[Mon Mar 03 13:24:29.461111 2025] [cgi:error] [pid 4960:tid 1108] [client 194.120.230.215:44562] AH02811: script not found or unable to stat: C:/Apache24/cgi-bin/luci
[Mon Mar 03 13:36:36.927799 2025] [cgi:error] [pid 4960:tid 1092] [client 194.120.230.215:58984] AH02811: script not found or unable to stat: C:/Apache24/cgi-bin/luci
[Mon Mar 03 13:45:00.644718 2025] [cgi:error] [pid 4960:tid 1108] [client 141.255.166.90:56442] AH02811: script not found or unable to stat: C:/Apache24/cgi-bin/luci
[Mon Mar 03 13:49:05.389923 2025] [cgi:error] [pid 4960:tid 1092] [client 194.120.230.215:42084] AH02811: script not found or unable to stat: C:/Apache24/cgi-bin/luci
[Mon Mar 03 13:59:45.692457 2025] [cgi:error] [pid 4960:tid 1092] [client 194.120.230.215:41428] AH02811: script not found or unable to stat: C:/Apache24/cgi-bin/luci
[Mon Mar 03 14:11:43.539590 2025] [cgi:error] [pid 4960:tid 1108] [client 194.120.230.215:37466] AH02811: script not found or unable to stat: C:/Apache24/cgi-bin/luci
[Mon Mar 03 14:23:55.092764 2025] [cgi:error] [pid 4960:tid 1108] [client 194.120.230.215:40646] AH02811: script not found or unable to stat: C:/Apache24/cgi-bin/luci
[Mon Mar 03 14:34:29.352111 2025] [cgi:error] [pid 4960:tid 1108] [client 194.120.230.215:33550] AH02811: script not found or unable to stat: C:/Apache24/cgi-bin/luci
[Mon Mar 03 14:40:47.145063 2025] [cgi:error] [pid 4960:tid 1136] [client 141.255.166.90:39154] AH02811: script not found or unable to stat: C:/Apache24/cgi-bin/luci
[Mon Mar 03 14:46:56.482413 2025] [cgi:error] [pid 4960:tid 1136] [client 194.120.230.215:55224] AH02811: script not found or unable to stat: C:/Apache24/cgi-bin/luci
[Mon Mar 03 14:57:46.160218 2025] [cgi:error] [pid 4960:tid 1092] [client 194.120.230.215:34262] AH02811: script not found or unable to stat: C:/Apache24/cgi-bin/luci
[Mon Mar 03 15:08:58.775754 2025] [cgi:error] [pid 4960:tid 1136] [client 194.120.230.215:48010] AH02811: script not found or unable to stat: C:/Apache24/cgi-bin/luci
[Mon Mar 03 15:19:57.201821 2025] [cgi:error] [pid 4960:tid 1092] [client 194.120.230.215:36152] AH02811: script not found or unable to stat: C:/Apache24/cgi-bin/luci
[Mon Mar 03 15:20:23.089188 2025] [cgi:error] [pid 4960:tid 1092] [client 141.255.166.90:49118] AH02811: script not found or unable to stat: C:/Apache24/cgi-bin/luci
[Mon Mar 03 15:32:05.448054 2025] [cgi:error] [pid 4960:tid 1136] [client 194.120.230.215:36754] AH02811: script not found or unable to stat: C:/Apache24/cgi-bin/luci
[Mon Mar 03 15:42:49.859475 2025] [cgi:error] [pid 4960:tid 1092] [client 194.120.230.215:50868] AH02811: script not found or unable to stat: C:/Apache24/cgi-bin/luci
[Mon Mar 03 15:55:00.522571 2025] [cgi:error] [pid 4960:tid 1092] [client 194.120.230.215:53088] AH02811: script not found or unable to stat: C:/Apache24/cgi-bin/luci
[Mon Mar 03 16:06:36.070686 2025] [cgi:error] [pid 4960:tid 1108] [client 194.120.230.215:52930] AH02811: script not found or unable to stat: C:/Apache24/cgi-bin/luci
[Mon Mar 03 16:14:48.578472 2025] [cgi:error] [pid 4960:tid 1108] [client 194.120.230.215:40724] AH02811: script not found or unable to stat: C:/Apache24/cgi-bin/luci
[Mon Mar 03 16:25:09.125238 2025] [cgi:error] [pid 4960:tid 1108] [client 194.120.230.215:51204] AH02811: script not found or unable to stat: C:/Apache24/cgi-bin/luci
[Mon Mar 03 16:34:58.867175 2025] [cgi:error] [pid 4960:tid 1092] [client 194.120.230.215:52288] AH02811: script not found or unable to stat: C:/Apache24/cgi-bin/luci
[Mon Mar 03 16:45:56.662606 2025] [cgi:error] [pid 4960:tid 1112] [client 194.120.230.215:50766] AH02811: script not found or unable to stat: C:/Apache24/cgi-bin/luci
[Mon Mar 03 16:55:09.272503 2025] [cgi:error] [pid 4960:tid 1108] [client 194.120.230.215:37890] AH02811: script not found or unable to stat: C:/Apache24/cgi-bin/luci
[Mon Mar 03 17:02:48.377537 2025] [cgi:error] [pid 4960:tid 1108] [client 141.255.166.90:38734] AH02811: script not found or unable to stat: C:/Apache24/cgi-bin/luci
[Mon Mar 03 17:05:18.857780 2025] [cgi:error] [pid 4960:tid 1108] [client 194.120.230.215:59292] AH02811: script not found or unable to stat: C:/Apache24/cgi-bin/luci
[Mon Mar 03 17:14:44.744045 2025] [cgi:error] [pid 4960:tid 1092] [client 194.120.230.215:34356] AH02811: script not found or unable to stat: C:/Apache24/cgi-bin/luci
[Mon Mar 03 17:24:53.394699 2025] [cgi:error] [pid 4960:tid 1092] [client 194.120.230.215:34212] AH02811: script not found or unable to stat: C:/Apache24/cgi-bin/luci
[Mon Mar 03 17:33:27.854441 2025] [cgi:error] [pid 4960:tid 1092] [client 194.120.230.215:48652] AH02811: script not found or unable to stat: C:/Apache24/cgi-bin/luci
[Mon Mar 03 17:43:22.575293 2025] [cgi:error] [pid 4960:tid 1092] [client 194.120.230.215:48808] AH02811: script not found or unable to stat: C:/Apache24/cgi-bin/luci
[Mon Mar 03 17:50:54.940416 2025] [cgi:error] [pid 4960:tid 1092] [client 141.255.166.90:52632] AH02811: script not found or unable to stat: C:/Apache24/cgi-bin/luci
[Mon Mar 03 18:03:37.876018 2025] [cgi:error] [pid 4960:tid 1092] [client 194.120.230.215:50452] AH02811: script not found or unable to stat: C:/Apache24/cgi-bin/luci
[Mon Mar 03 18:13:51.131223 2025] [cgi:error] [pid 4960:tid 1108] [client 194.120.230.215:38302] AH02811: script not found or unable to stat: C:/Apache24/cgi-bin/luci
[Mon Mar 03 18:24:02.759927 2025] [cgi:error] [pid 4960:tid 1100] [client 194.120.230.215:50914] AH02811: script not found or unable to stat: C:/Apache24/cgi-bin/luci
[Mon Mar 03 18:31:35.095470 2025] [cgi:error] [pid 4960:tid 1100] [client 194.120.230.215:34686] AH02811: script not found or unable to stat: C:/Apache24/cgi-bin/luci
[Mon Mar 03 18:38:47.391971 2025] [cgi:error] [pid 4960:tid 1112] [client 141.255.166.90:40794] AH02811: script not found or unable to stat: C:/Apache24/cgi-bin/luci
[Mon Mar 03 18:41:22.669921 2025] [cgi:error] [pid 4960:tid 1112] [client 194.120.230.215:55486] AH02811: script not found or unable to stat: C:/Apache24/cgi-bin/luci
[Mon Mar 03 18:51:04.704367 2025] [cgi:error] [pid 4960:tid 1112] [client 194.120.230.215:40610] AH02811: script not found or unable to stat: C:/Apache24/cgi-bin/luci
[Mon Mar 03 19:00:28.996633 2025] [cgi:error] [pid 4960:tid 1112] [client 194.120.230.215:49000] AH02811: script not found or unable to stat: C:/Apache24/cgi-bin/luci
[Mon Mar 03 19:10:45.369275 2025] [cgi:error] [pid 4960:tid 1100] [client 194.120.230.215:41356] AH02811: script not found or unable to stat: C:/Apache24/cgi-bin/luci
[Mon Mar 03 19:20:37.597539 2025] [cgi:error] [pid 4960:tid 1100] [client 194.120.230.215:54570] AH02811: script not found or unable to stat: C:/Apache24/cgi-bin/luci
[Mon Mar 03 19:30:16.411439 2025] [cgi:error] [pid 4960:tid 1100] [client 194.120.230.215:48832] AH02811: script not found or unable to stat: C:/Apache24/cgi-bin/luci
[Mon Mar 03 19:32:34.029477 2025] [cgi:error] [pid 4960:tid 1100] [client 141.255.166.90:42298] AH02811: script not found or unable to stat: C:/Apache24/cgi-bin/luci
[Mon Mar 03 19:39:12.870065 2025] [cgi:error] [pid 4960:tid 1100] [client 194.120.230.215:46816] AH02811: script not found or unable to stat: C:/Apache24/cgi-bin/luci
[Mon Mar 03 19:49:31.519837 2025] [cgi:error] [pid 4960:tid 1112] [client 194.120.230.215:58484] AH02811: script not found or unable to stat: C:/Apache24/cgi-bin/luci
[Mon Mar 03 19:59:02.266704 2025] [cgi:error] [pid 4960:tid 1112] [client 194.120.230.215:47498] AH02811: script not found or unable to stat: C:/Apache24/cgi-bin/luci
[Mon Mar 03 20:08:45.695886 2025] [cgi:error] [pid 4960:tid 1112] [client 194.120.230.215:56668] AH02811: script not found or unable to stat: C:/Apache24/cgi-bin/luci
[Mon Mar 03 20:18:10.210569 2025] [cgi:error] [pid 4960:tid 1112] [client 194.120.230.215:44116] AH02811: script not found or unable to stat: C:/Apache24/cgi-bin/luci
[Mon Mar 03 20:27:50.533014 2025] [cgi:error] [pid 4960:tid 1112] [client 194.120.230.215:58970] AH02811: script not found or unable to stat: C:/Apache24/cgi-bin/luci
[Mon Mar 03 20:39:17.854530 2025] [cgi:error] [pid 4960:tid 1112] [client 194.120.230.215:52756] AH02811: script not found or unable to stat: C:/Apache24/cgi-bin/luci
[Mon Mar 03 20:50:09.535759 2025] [cgi:error] [pid 4960:tid 1112] [client 194.120.230.215:38210] AH02811: script not found or unable to stat: C:/Apache24/cgi-bin/luci
[Mon Mar 03 20:59:20.649314 2025] [cgi:error] [pid 4960:tid 1112] [client 194.120.230.215:49400] AH02811: script not found or unable to stat: C:/Apache24/cgi-bin/luci
[Mon Mar 03 21:06:07.100112 2025] [cgi:error] [pid 4960:tid 1112] [client 141.255.166.90:45596] AH02811: script not found or unable to stat: C:/Apache24/cgi-bin/luci
[Mon Mar 03 21:08:27.041410 2025] [cgi:error] [pid 4960:tid 1112] [client 194.120.230.215:41676] AH02811: script not found or unable to stat: C:/Apache24/cgi-bin/luci
[Mon Mar 03 21:18:33.990471 2025] [cgi:error] [pid 4960:tid 1112] [client 194.120.230.215:38220] AH02811: script not found or unable to stat: C:/Apache24/cgi-bin/luci
[Mon Mar 03 21:27:43.844320 2025] [cgi:error] [pid 4960:tid 1112] [client 194.120.230.215:41174] AH02811: script not found or unable to stat: C:/Apache24/cgi-bin/luci
[Mon Mar 03 21:33:48.267480 2025] [cgi:error] [pid 4960:tid 1112] [client 194.120.230.215:37080] AH02811: script not found or unable to stat: C:/Apache24/cgi-bin/luci
[Mon Mar 03 21:37:49.365128 2025] [cgi:error] [pid 4960:tid 1112] [client 141.255.166.90:39662] AH02811: script not found or unable to stat: C:/Apache24/cgi-bin/luci
